{"id":676,"date":"2023-07-15T14:09:17","date_gmt":"2023-07-15T14:09:17","guid":{"rendered":"https:\/\/dlf.uzh.ch\/sites\/uzhispanistik\/?page_id=676"},"modified":"2025-03-21T16:53:25","modified_gmt":"2025-03-21T16:53:25","slug":"faq-2","status":"publish","type":"page","link":"https:\/\/dlf.uzh.ch\/sites\/uzhispanistik\/de\/faq-2\/","title":{"rendered":"FAQ"},"content":{"rendered":"<div class=\"wpb-content-wrapper\"><p>[vc_row full_width=&#8221;stretch_row&#8221; el_class=&#8221;head-image&#8221; css=&#8221;.vc_custom_1686705429846{margin-bottom: 100px !important;padding-top: 100px !important;}&#8221;][vc_column width=&#8221;4\/6&#8243;][vc_column_text el_class=&#8221;title-page&#8221;]<\/p>\n<h1>FAQ<\/h1>\n<p>[\/vc_column_text][\/vc_column][\/vc_row][vc_row el_class=&#8221;content-page&#8221;][vc_column width=&#8221;2\/3&#8243; el_class=&#8221;content-questions&#8221; offset=&#8221;vc_col-lg-8 vc_col-md-12 vc_col-xs-12&#8243;][vc_tta_accordion color=&#8221;white&#8221; spacing=&#8221;15&#8243; c_icon=&#8221;chevron&#8221; c_position=&#8221;right&#8221; active_section=&#8221;&#8221; collapsible_all=&#8221;true&#8221; el_class=&#8221;custom-acordion&#8221;][vc_tta_section title=&#8221;Allgemeines&#8221; tab_id=&#8221;1684036432784-83b14243-88f9&#8243;][vc_btn title=&#8221;1&#8243; style=&#8221;classic&#8221; shape=&#8221;round&#8221; color=&#8221;black&#8221; size=&#8221;xs&#8221; el_class=&#8221;numeral-paragraph&#8221;][vc_column_text]<em><strong>Wie viele ECTS Credits sind erforderlich, um den Bachelor\/Master-Abschluss in Iberoromanistik zu erhalten?\u00a0\u00a0<\/strong><\/em><\/p>\n<p>F\u00fcr den Bachelor-Abschluss in Iberoromanistik gibt es zwei M\u00f6glichkeiten, je nachdem, ob es als Minor oder als Major studierst. Im ersten Fall sind mindestens 60 ECTS Credits erforderlich, im zweiten Fall 120 ECTS Credits.<\/p>\n<p>Dasselbe gilt f\u00fcr den Master-Abschluss: Wenn du Iberoromanistik als Minor studierst, sind 30 ECTS Credits erforderlich. Wenn du es jedoch als Major gew\u00e4hlt hast, sind 90 ECTS Credits n\u00f6tig.[\/vc_column_text][vc_btn title=&#8221;2&#8243; style=&#8221;classic&#8221; shape=&#8221;round&#8221; color=&#8221;black&#8221; size=&#8221;xs&#8221; el_class=&#8221;numeral-paragraph&#8221;][vc_column_text]<em><strong>Was ist ein ECTS Credit?\u00a0\u00a0<\/strong><\/em><\/p>\n<p>Die Abk\u00fcrzung ECTS steht f\u00fcr \u2018European Credit Transfer and Accumulation System\u2019. Es handelt sich dabei um ein internationales universit\u00e4res Punktesystem. Mit der erfolgreichen Absolvierung von Modulen, werden dir jeweils ECTS an deinen Abschluss angerechnet.<\/p>\n<p>1 ECTS Credit entspricht einem Arbeitsaufwand von ca. 30 Stunden (z.B. ein Modul mit 3 ECTS ist mit ca. 90 Arbeitsstunden verbunden). Die empfohlene Anzahl von ECTS Credits pro Semester betr\u00e4gt 30. Es wird daher davon ausgegangen, dass der Bachelor-Abschluss (180 ECTS Credits) in drei Jahren und der Master-Abschluss (120 Credits) in zwei Jahren erworben werden kann.[\/vc_column_text][vc_btn title=&#8221;3&#8243; style=&#8221;classic&#8221; shape=&#8221;round&#8221; color=&#8221;black&#8221; size=&#8221;xs&#8221; el_class=&#8221;numeral-paragraph&#8221;][vc_column_text]<em><strong>Ist es m\u00f6glich, in der Iberoromanistik nur Portugiesisch oder nur Spanisch zu studieren?<\/strong><\/em><\/p>\n<p>Wenn du Iberoromanistik studieren m\u00f6chtest, hast du zwei M\u00f6glichkeiten: entweder du kombinierst Spanisch und Portugiesisch oder du studierst nur und ausschlie\u00dflich Spanisch. Es ist aber nicht m\u00f6glich, nur Portugiesisch (ohne Spanisch) zu studieren.[\/vc_column_text][vc_btn title=&#8221;4&#8243; style=&#8221;classic&#8221; shape=&#8221;round&#8221; color=&#8221;black&#8221; size=&#8221;xs&#8221; el_class=&#8221;numeral-paragraph&#8221;][vc_column_text css=&#8221;&#8221;]<em><strong>Was muss ich beachten, wenn ich bereits weiss, dass ich Spanisch am Gymnasium unterrichten m\u00f6chte?<\/strong><\/em><\/p>\n<p>Wenn du das Lehrdiplom f\u00fcr Maturit\u00e4tsschulen mit Spanisch als 1. oder 2. Unterrichtsfach erwerben willst, musst du den Bachelor in Iberoromanistik abgeschlossen haben (als Minor oder Major). Zudem m\u00fcssen 60 ECTS Credits des Bachelorstudiums aus spanischen Modulen stammen (im Minor entspricht dies allen zu erwerbenden Kreditpunkten). Wird dies nicht ber\u00fccksichtigt, m\u00fcssen die fehlenden ECTS Credits als zus\u00e4tzliche &#8220;Auflagen&#8221; nachgeholt werden.<\/p>\n<p>Beim Master in Iberoromanistik h\u00e4ngt es davon ab, ob du Spanisch dann im Lehrdiplom als erstes oder als zweites Unterrichtsfach w\u00e4hlen m\u00f6chtest. Wenn du es als erstes Unterrichtsfach w\u00e4hlen m\u00f6chtest, musst du den Master in Iberoromanistik als Major (90 ECTS) absolvieren und mindestens 45 ECTS aus spanischen Modulen erwerben. Wenn du Spanisch als zweites Unterrichtsfach w\u00e4hlen m\u00f6chtest, kannst du den Master in Iberoromanistik als Minor oder Major machen, es m\u00fcssen jedoch mindestens 30 ECTS aus spanischen Modulen stammen (im Minor entspricht dies allen zu erwerbenden ECTS).<\/p>\n<p>Das Lehrdiplom f\u00fcr Maturit\u00e4tsschulen kann parallel zum Masterstudium begonnen werden. Abschliessen kann man es jedoch erst, wenn man den Masterabschluss hat.<\/p>\n<p>F\u00fcr weitere Informationen \u00fcber das Lehrdiplom Maturit\u00e4tsschulen klicke bitte <a href=\"https:\/\/www.rose.uzh.ch\/de\/studium\/danach\/lehrdiplom.html\">hier<\/a>.[\/vc_column_text][vc_btn title=&#8221;5&#8243; style=&#8221;classic&#8221; shape=&#8221;round&#8221; color=&#8221;black&#8221; size=&#8221;xs&#8221; el_class=&#8221;numeral-paragraph&#8221;][vc_column_text css=&#8221;&#8221;]<em><strong>Wer kann mir helfen, wenn ich noch Fragen zur Iberoromanistik habe?<\/strong><\/em><\/p>\n<p>Wenn du allgemeine Informationen \u00fcber das Studium ben\u00f6tigst, empfehlen wir dir einen Blick <a href=\"https:\/\/www.rose.uzh.ch\/de\/studium\/iberoromanistik.html\" target=\"_blank\" rel=\"noopener\">auf diesen Link<\/a>.<\/p>\n<p>Wenn du jemanden brauchst, der einzelne Fragen beantwortet oder bestimmte Zweifel kl\u00e4rt, kannst du dich an die Studienberaterin <a href=\"https:\/\/www.rose.uzh.ch\/de\/seminar\/personen\/kuratli.html\" target=\"_blank\" rel=\"noopener\">Theres Kuratli<\/a> wenden.[\/vc_column_text][\/vc_tta_section][vc_tta_section title=&#8221;Module&#8221; tab_id=&#8221;1684037199554-91f90e58-6a21&#8243;][vc_btn title=&#8221;6&#8243; style=&#8221;classic&#8221; shape=&#8221;round&#8221; color=&#8221;black&#8221; size=&#8221;xs&#8221; el_class=&#8221;numeral-paragraph&#8221;][vc_column_text]<em><strong>Welche Unterschiede gibt es zwischen den verschiedenen Modultypen?<\/strong><\/em><\/p>\n<p>Die Module werden in drei Kategorien unterteilt: Wahl-Module (W), Wahlpflicht-Module (WP) und Pflicht-Module (P). Wie der Name schon sagt, sind alle Pflicht-Module obligatorisch (siehe Frage 10), wobei Kurse zu kommunikativen Kompetenzen (Modulgruppe Competencias Comunicativas) eine kleine Ausnahme darstellen (siehe Frage 13).<\/p>\n<p>Wahlpflicht-Module (WP) sind grunds\u00e4tzlich nicht verpflichtend. F\u00fcr jede der Modulgruppen, in die die Studieng\u00e4nge unterteilt sind, wird jedoch die Anzahl der zu belegenden WP-Module festgelegt. Ausf\u00fchrlichere Informationen findest du hier:<\/p>\n<p><a href=\"https:\/\/www.rose.uzh.ch\/dam\/jcr:b2a3342f-e50d-4727-95df-dbfadb656441\/WL_Iberoromanisch_BA_120.pdf\"><strong>BA, Major<\/strong><\/a><br \/>\n<a href=\"https:\/\/www.rose.uzh.ch\/dam\/jcr:b619e1dc-aef6-4882-8259-d1a2240cc385\/WL_Iberoromanisch_BA_60.pdf\"><strong>BA, Minor<\/strong><\/a><br \/>\n<a href=\"https:\/\/www.rose.uzh.ch\/dam\/jcr:d6c3d436-e6dd-4f4f-b697-aa4b14c33931\/WL_Iberoromanisch_MA_90.pdf\"><strong>MA, Major<\/strong><\/a><br \/>\n<a href=\"https:\/\/www.rose.uzh.ch\/dam\/jcr:0efa4bbf-c4c5-4689-bbb2-0df557283284\/WL_Iberoromanisch_MA_30.pdf\"><strong>MA, Minor<\/strong><\/a><\/p>\n<p>Schlie\u00dflich gibt es noch die Wahl-Module (W) zu bestimmten Themen: Diese werden nicht regelm\u00e4\u00dfig angeboten, so dass man sie nur einmal absolvieren kann.<\/p>\n<p>In der Wegleitung ist f\u00fcr jede der Modulgruppen, in die das Studienprogramm unterteilt ist, die Mindestanzahl der ECTS-Punkte angegeben, die mit WP- oder W-Modulen erworben werden m\u00fcssen.[\/vc_column_text][vc_btn title=&#8221;7&#8243; style=&#8221;classic&#8221; shape=&#8221;round&#8221; color=&#8221;black&#8221; size=&#8221;xs&#8221; el_class=&#8221;numeral-paragraph&#8221;][vc_column_text]<em><strong>Kann ich die Module frei w\u00e4hlen?<\/strong><\/em><\/p>\n<p>Ja und nein. Dies wird im Folgenden erl\u00e4utert:<\/p>\n<p>Wie schon in der Frage 6 gezeigt, werden Module in drei Kategorien eingeteilt: Wahl-Module (W), Wahlpflicht-Module (WP) und Pflicht-Module (P). Bevor wir weitermachen, sollten wir darauf hinweisen, dass die Programme in Modulgruppen organisiert sind. Wir zeigen dir hier die Struktur des Bachelor-Studienprogramms Iberoromanistik, wo die Modulgruppen erkennbar sind:<\/p>\n<p><img loading=\"lazy\" decoding=\"async\" class=\"wp-image-637 alignnone\" src=\"https:\/\/dlf.uzh.ch\/sites\/uzhispanistik\/files\/2023\/07\/listado-programas.png\" alt=\"\" width=\"453\" height=\"260\" srcset=\"https:\/\/dlf.uzh.ch\/sites\/uzhispanistik\/files\/2023\/07\/listado-programas.png 542w, https:\/\/dlf.uzh.ch\/sites\/uzhispanistik\/files\/2023\/07\/listado-programas-300x172.png 300w\" sizes=\"auto, (max-width: 453px) 100vw, 453px\" \/><\/p>\n<p>In der Gruppe Introducci\u00f3n al Estudio de la Iberorroman\u00edstica gibt es beispielsweise fast nur P-Module. Hier hast du also wenig Auswahlm\u00f6glichkeiten. In anderen Gruppen kannst du dagegen aus mehreren WP\/W-Modulen w\u00e4hlen. Ausf\u00fchrlichere Informationen sind in den folgenden Leitf\u00e4den zu finden:<\/p>\n<p><a href=\"https:\/\/www.rose.uzh.ch\/dam\/jcr:b2a3342f-e50d-4727-95df-dbfadb656441\/WL_Iberoromanisch_BA_120.pdf\"><strong>BA, Major<\/strong><\/a><br \/>\n<a href=\"https:\/\/www.rose.uzh.ch\/dam\/jcr:b619e1dc-aef6-4882-8259-d1a2240cc385\/WL_Iberoromanisch_BA_60.pdf\"><strong>BA, Minor<\/strong><\/a><br \/>\n<a href=\"https:\/\/www.rose.uzh.ch\/dam\/jcr:d6c3d436-e6dd-4f4f-b697-aa4b14c33931\/WL_Iberoromanisch_MA_90.pdf\"><strong>MA, Major<\/strong><\/a><br \/>\n<a href=\"https:\/\/www.rose.uzh.ch\/dam\/jcr:0efa4bbf-c4c5-4689-bbb2-0df557283284\/WL_Iberoromanisch_MA_30.pdf\"><strong>MA, Minor<\/strong><\/a><\/p>\n<p>Eine kleine Ausnahme bilden die Kurse zur kommunikativen Kompetenz (Competencias Comunicativas). Weitere Informationen dazu findest du bei Frage 13.[\/vc_column_text][vc_btn title=&#8221;8&#8243; style=&#8221;classic&#8221; shape=&#8221;round&#8221; color=&#8221;black&#8221; size=&#8221;xs&#8221; el_class=&#8221;numeral-paragraph&#8221;][vc_column_text css=&#8221;&#8221;]<em><strong>Gibt es im Bachelor eine vorgegebene Reihenfolge bei der Anmeldung zu den Modulen? Und im Master?<\/strong><\/em><\/p>\n<p>Im Bachelor, ja. Zuerst solltest du die Module aus der Gruppe Introducci\u00f3n al Estudio de la Iberorroman\u00edstica absolvieren (siehe <a href=\"https:\/\/www.rose.uzh.ch\/de\/studium\/iberoromanistik\/bachelor-ibero.html\" target=\"_blank\" rel=\"noopener\">Wegleitungen<\/a>). Danach kannst du die Module aus den weiteren Gruppen absolvieren. Die Pflicht-Module musst du allerdings absolviert haben, bevor du die Bachelorarbeit buchen kannst.<\/p>\n<p>Dar\u00fcber hinaus solltest du immer den Abschnitt &#8220;Anforderungen&#8221; im Vorlesungsverzeichnis im Auge behalten. Dort findest du Informationen \u00fcber die notwendigen Kenntnisse, die du in anderen Modulen bereits erworben haben solltest. Wer sich f\u00fcr einen Kurs anmeldet, ohne sich \u00fcber die Anforderungen zu informieren, handelt auf eigenes Risiko. Dies gilt insbesondere f\u00fcr die Module der Gruppen Literaturas Iberorrom\u00e1nicas: Textos fundamentales sowie Ling\u00fc\u00edstica Iberorrom\u00e1nica: Conceptos fundamentales. In manchen F\u00e4llen musst du dem Dozenten nachweisen, dass du die Voraussetzungen erf\u00fcllst. Lies daher bitte die Informationen im Vorlesungsverzeichnis sorgf\u00e4ltig durch.<\/p>\n<p>Im Masterstudiengang gibt es jedoch keine Vorschrift f\u00fcr die zeitliche Einteilung der Module. Eine Ausnahme bildet lediglich die Masterarbeit (Major), da sie erst in den beiden letzten Semestern des Studiums absolviert werden soll. Beachte unbedingt die Angaben <a href=\"https:\/\/www.rose.uzh.ch\/de\/studium\/infos\/buchungMA.html\" target=\"_blank\" rel=\"noopener\">unter dem Link<\/a>.[\/vc_column_text][vc_btn title=&#8221;9&#8243; style=&#8221;classic&#8221; shape=&#8221;round&#8221; color=&#8221;black&#8221; size=&#8221;xs&#8221; el_class=&#8221;numeral-paragraph&#8221;][vc_column_text]<em><strong>Muss ich schon im Gymnasium Latein gelernt haben?<\/strong><\/em><\/p>\n<p>Nein, das ist keine Voraussetzung. Am Studienanfang musst du das Pflicht-Modul \u201cGrundlagen Latein\u201d absolvieren. Wenn du schon an der Mittelschule Latein abgeschlossen hast (Latein als Grundlagen- oder Schwerpunktfach) musst du dieses Pflicht-Modul nicht mehr absolvieren. Daf\u00fcr musst du die 6 ECTS Credits des Moduls durch andere Module aus der Iberoromanistik kompensieren.<\/p>\n<p>Bei allgemeinen Fragen, oder wenn du ein Lateinzeugnis aus dem Ausland hast, wende dich bitte an die &#8220;Student Services&#8221; beim <a href=\"https:\/\/www.phil.uzh.ch\/de\/studium\/studentservices.html\" target=\"_blank\" rel=\"noopener\">Dekanat der Philosophischen Fakult\u00e4t<\/a>.[\/vc_column_text][vc_btn title=&#8221;10&#8243; style=&#8221;classic&#8221; shape=&#8221;round&#8221; color=&#8221;black&#8221; size=&#8221;xs&#8221; el_class=&#8221;numeral-paragraph&#8221;][vc_column_text]<em><strong>Was passiert, wenn ich ein Pflicht-Modul nicht bestehe?<\/strong><\/em><\/p>\n<p>Studierende, die ein Pflicht-Modul einmal nicht bestehen, haben die M\u00f6glichkeit das Modul in einem der folgenden Semester erneut zu belegen. Wenn das gleiche Pflicht-Modul im zweiten Anlauf ohne Erfolg beendet wird, erfolgt eine Sperre f\u00fcr alle Studienprogramme, in denen das betreffende Modul Pflicht ist.[\/vc_column_text][vc_btn title=&#8221;11&#8243; style=&#8221;classic&#8221; shape=&#8221;round&#8221; color=&#8221;black&#8221; size=&#8221;xs&#8221; el_class=&#8221;numeral-paragraph&#8221;][vc_column_text]<em><strong>Haben alle Module die gleiche Dauer?<\/strong><\/em><\/p>\n<p>Normalerweise dauern die Module ein Semester, es gibt aber auch solche, die zwei Semester dauern.<\/p>\n<p>In bestimmten F\u00e4llen kann man das zweite Semester f\u00fcr das Verfassen einer schriftlichen Arbeit nutzen. Manchmal k\u00f6nnen solche Kurse auch in einem Semester absolviert werden, sofern die schriftlichen Arbeiten so fr\u00fch eingereicht werden, dass der Dozent die Module rechtzeitig bewerten kann. Bitte erkundige dich vorher bei deinem Dozenten.[\/vc_column_text][vc_btn title=&#8221;12&#8243; style=&#8221;classic&#8221; shape=&#8221;round&#8221; color=&#8221;black&#8221; size=&#8221;xs&#8221; el_class=&#8221;numeral-paragraph&#8221;][vc_column_text]<em><strong>Woraus besteht die Bachelorarbeit und wann kann ich sie schreiben? Und die Masterarbeit?<\/strong><\/em><\/p>\n<p>Die Bachelorarbeit ist die wichtigste Arbeit, die du w\u00e4hrend deines Bachelorstudiums verfassen wirst. Hierf\u00fcr w\u00e4hlst du ein Thema, das dich interessiert, und wendest dich an eine*n Professor*in der\/die deine Arbeit betreut und anschliessend bewertet. Es handelt sich um eine individuelle Aufgabe, die nicht von einem Vorlesungsmodul begleitet wird. Die Masterarbeit funktioniert nach demselben Prinzip, allerdings sind die Anforderungen h\u00f6her. Es werden umfassendere theoretische, methodische und analytische Kompetenzen vorausgesetzt.<\/p>\n<p>Die Buchung der Bachelorarbeit erfolgt \u2013wenn du Iberoromanistik als Minor studierst\u2013, sobald alle Pflicht-Module (P) erfolgreich absolviert wurden. Du kannst selbst entscheiden, ob du deine Bachelorarbeit zu einem sprachwissenschaftlichen oder zu einem literaturwissenschaftlichen Thema schreiben willst. Beachte dazu, dass je nach Thema gewisse Wahlpflicht-Module (WP) erfolgreich absolviert werden m\u00fcssen, bevor du die Bachelorarbeit buchen kannst.<\/p>\n<p>Wenn du Iberoromanistik als Major studierst, kannst du dich erst zur Bachelorarbeit anmelden, wenn du zus\u00e4tzlich zu allen P-Modulen auch gewisse WP-Module absolviert hast. Die ben\u00f6tigten WP-Module h\u00e4ngen vom Inhalt der Abschlussarbeit ab: Bei einer Bachelorarbeit mit sprachwissenschaftlichem Thema m\u00fcssen die WP-Module aus den Modulgruppen Ling\u00fc\u00edstica Iberorrom\u00e1nica: Conceptos Fundamentales und Ling\u00fc\u00edstica Iberorrom\u00e1nica: Profundizaci\u00f3n erfolgreich absolviert worden sein; bei einer Bachelorarbeit mit literaturwissenschaftlichem Thema, diejenigen aus den Modulgruppen Literaturas Iberorrom\u00e1nicas: Textos Fundamentales und Literaturas Iberorrom\u00e1nicas.<\/p>\n<p>Die Masterarbeit (Major) soll in den beiden letzten Semestern des Studiums absolviert werden. Beachte unbedingt die Angaben <a href=\"https:\/\/www.rose.uzh.ch\/de\/studium\/infos\/buchungMA.html\" target=\"_blank\" rel=\"noopener\">unter dem Link<\/a>.[\/vc_column_text][\/vc_tta_section][vc_tta_section title=&#8221;Sprachkenntnisse&#8221; tab_id=&#8221;1684037594384-c37ec3e1-fc4a&#8221;][vc_btn title=&#8221;13&#8243; style=&#8221;classic&#8221; shape=&#8221;round&#8221; color=&#8221;black&#8221; size=&#8221;xs&#8221; el_class=&#8221;numeral-paragraph&#8221;][vc_column_text]<em><strong>Welches Sprachniveau in Spanisch ben\u00f6tige ich, um Iberoromanistik zu beginnen?<\/strong><\/em><\/p>\n<p>Wenn du \u00fcber eine eidgen\u00f6ssische Maturit\u00e4t mit Schwerpunkt Spanisch verf\u00fcgst, solltest du normalerweise ein B2 Niveau erreicht haben. Dies sollte gut reichen, um deine ersten Vorlesungen in Iberoromanistik zu besuchen. Wenn aber deine Sprachkenntnisse noch nicht ganz so gut sind, kannst du den Sprachkurs &#8220;Lengua Espa\u00f1ola (B2)&#8221; absolvieren, um deine Sprachkenntnisse zu verbessern. Wenn du schon gut Spanisch kannst, kannst du direkt den Sprachkurs auf der Stufe C1 beginnen. Die Lektorinnen beraten dich gerne, welcher Kurs am besten zu deinen Bed\u00fcrfnissen passt.<\/p>\n<p>Und wenn du Muttersprachler*in bist, was ist dann mit den Sprachmodulen? Die Antwort findest du in der Frage 15.<\/p>\n<p>Und wenn du noch keine spanischen Sprachkenntnisse hast?<\/p>\n<p>Fast alle Lehrveranstaltungen werden in spanischer Sprache abgehalten. Wenn du also noch keine Spanischkenntnisse hast, musst du am Anfang zus\u00e4tzliche Zeit zum Sprachenlernen einrechnen. Wenn du schon Portugiesisch (oder auch Italienisch) kannst, wird es dir relativ leicht fallen, Spanisch zu verstehen, aber du musst in den ersten Semestern Sprech- und Schreibkompetenzen erwerben.<br \/>\nSind Portugiesischkenntnisse erforderlich, wenn ich den Schwerpunkt meines Studiums auf Portugiesisch legen m\u00f6chte?<\/p>\n<p>Nein, Portugiesisch kann von Beginn an gelernt werden, aber selbstverst\u00e4ndlich ist es von Vorteil, wenn du schon Kenntnisse hast. Wer den Schwerpunkt auf Portugiesisch legt, muss auch Spanisch lernen, aber nicht umgekehrt.[\/vc_column_text][vc_btn title=&#8221;14&#8243; style=&#8221;classic&#8221; shape=&#8221;round&#8221; color=&#8221;black&#8221; size=&#8221;xs&#8221; el_class=&#8221;numeral-paragraph&#8221;][vc_column_text]<em><strong>Welches Sprachniveau in Portugiesisch ben\u00f6tige ich, um Iberoromanistik zu beginnen?<\/strong><\/em><\/p>\n<p>Keines! Portugiesisch ist keine Voraussetzung, um Iberoromanistik zu beginnen.[\/vc_column_text][vc_btn title=&#8221;15&#8243; style=&#8221;classic&#8221; shape=&#8221;round&#8221; color=&#8221;black&#8221; size=&#8221;xs&#8221; el_class=&#8221;numeral-paragraph&#8221;][vc_column_text]<em><strong>Ich bin spanische*r Muttersprachler*in. Hat das einen Einfluss auf die Module, die ich belegen muss?<\/strong><\/em><\/p>\n<p>Ja, aber nur beim fakultativen WP-Modul \u00abLengua Espa\u00f1ola (B2)\u00bb sowie in der Modulgruppe Competencias Comunicativas. Wenn du ein Maturzeugnis aus dem spanischen Sprachraum hast, musst du das genannte WP-Modul sowie die Pflicht-Module &#8220;Lengua Espa\u00f1ola (C1)&#8221; (Bachelor) und &#8220;Lengua Espa\u00f1ola (C2)&#8221; (Master) nicht absolvieren.<\/p>\n<p>In diesem Fall werden die entsprechenden Kompetenzen als &#8220;erf\u00fcllt&#8221; (mit 0 ECTS Credits) angerechnet, so dass du die ECTS Credits mit anderen Modulen der Iberoromanistik kompensieren musst.[\/vc_column_text][vc_btn title=&#8221;16&#8243; style=&#8221;classic&#8221; shape=&#8221;round&#8221; color=&#8221;black&#8221; size=&#8221;xs&#8221; el_class=&#8221;numeral-paragraph&#8221;][vc_column_text]<em><strong>K\u00f6nnen DELE- und Sprachenzentrum-Diplome validiert werden?<\/strong><\/em><\/p>\n<p>Ja! Wenn du \u00fcber ein Diplom &#8220;DELE C1&#8221; oder sogar &#8220;DELE C2&#8221; verf\u00fcgst, werden dir 6 ECTS angerechnet und das Pflicht-Modul &#8220;Lengua Espa\u00f1ola (C1)&#8221; entf\u00e4llt. Wende dich f\u00fcr die Anrechnung deiner Sprachdiplome bitte an die Studienberatung.<\/p>\n<p>Die Kurse des Sprachenzentrums der UZH\/ETHZ hingegen, k\u00f6nnen nicht an das Studienprogramm angerechnet werden.[\/vc_column_text][vc_btn title=&#8221;17&#8243; style=&#8221;classic&#8221; shape=&#8221;round&#8221; color=&#8221;black&#8221; size=&#8221;xs&#8221; el_class=&#8221;numeral-paragraph&#8221;][vc_column_text]<em><strong>Sollte ich w\u00e4hrend des Studiums einen Fremdsprachenaufenthalt absolvieren?<\/strong><\/em><\/p>\n<p>Ein Fremdsprachenaufenthalt ist eine ausgezeichnete M\u00f6glichkeit, die im Studium erworbenen sprachlichen sowie kulturellen Kenntnisse zu verbessern und zu vertiefen. Es wird daher allen Studierenden empfohlen, einen Fremdsprachenaufenthalt, am besten vor Beginn des Masterstudiums, zu absolvieren. Die wichtigsten Informationen und weiterf\u00fchrende Links zum Thema Sprachaufenthalt findest du <a href=\"https:\/\/www.rose.uzh.ch\/de\/studium\/infos\/sprachaufenthalt.html\" target=\"_blank\" rel=\"noopener\">hier<\/a>.<\/p>\n<p>Um das Lehrdiplom f\u00fcr Maturit\u00e4tsschulen erwerben zu k\u00f6nnen, wird ein Fremdsprachenaufenthalt von mindestens 6 Monaten vorausgesetzt. Dieser Aufenthalt muss vor Beginn der Fachdidaktischen Ausbildung absolviert werden. Weitere Informationen zum Lehrdiplom im Unterrichtsfach Spanisch findest du <a href=\"https:\/\/www.ife.uzh.ch\/de\/llbm\/lehrdiplomfuermaturitaetsschulen\/unterrichtsfaecher\/spanisch.html\" target=\"_blank\" rel=\"noopener\">hier<\/a>. Unter diesem <a href=\"https:\/\/www.rose.uzh.ch\/de\/studium\/neu\/erstsemestrige\/FAQerstsemestrige.html\" target=\"_blank\" rel=\"noopener\">Link<\/a> findest du weitere Antworten zu h\u00e4ufig gestellten Fragen. Wenn dennoch Unklarheiten bestehen, kannst du dich an unsere <a href=\"https:\/\/www.rose.uzh.ch\/de\/studium\/studienberatung.html\" target=\"_blank\" rel=\"noopener\">Studienprogrammberatung<\/a> wenden.[\/vc_column_text][vc_btn title=&#8221;18&#8243; style=&#8221;classic&#8221; shape=&#8221;round&#8221; color=&#8221;black&#8221; size=&#8221;xs&#8221; el_class=&#8221;numeral-paragraph&#8221;][vc_column_text]<em><strong>Welche anderen Sprachen kann ich im Iberoromanistikstudium lernen?<\/strong><\/em><\/p>\n<p>Neben Portugiesisch (A1-C1) geh\u00f6rt auch Katalanisch (A1-B1) zum st\u00e4ndigen Angebot an Sprachkursen. Zus\u00e4tzlich werden regelm\u00e4ssig Kurse in Baskisch (A1), eine Sprache, die zwar nicht zu den iberoromanischen geh\u00f6rt, aber ebenfalls auf der Iberischen Halbinsel gesprochen wird, angeboten. Ebenfalls gibt es sporadisch kurze Intensivkurse zur Einf\u00fchrung ins Galizische.[\/vc_column_text][\/vc_tta_section][\/vc_tta_accordion][\/vc_column][vc_column width=&#8221;1\/3&#8243; offset=&#8221;vc_hidden-sm vc_hidden-xs&#8221;][\/vc_column][\/vc_row][vc_row el_id=&#8221;letters-sidebar&#8221;][vc_column][vc_widget_sidebar sidebar_id=&#8221;footer-2&#8243;][\/vc_column][\/vc_row]<\/p>\n<\/div>","protected":false},"excerpt":{"rendered":"<p>[vc_row full_width=&#8221;stretch_row&#8221; el_class=&#8221;head-image&#8221; css=&#8221;.vc_custom_1686705429846{margin-bottom: 100px !important;padding-top: 100px !important;}&#8221;][vc_column width=&#8221;4\/6&#8243;][vc_column_text el_class=&#8221;title-page&#8221;] FAQ [\/vc_column_text][\/vc_column][\/vc_row][vc_row el_class=&#8221;content-page&#8221;][vc_column width=&#8221;2\/3&#8243; el_class=&#8221;content-questions&#8221; offset=&#8221;vc_col-lg-8 vc_col-md-12 vc_col-xs-12&#8243;][vc_tta_accordion color=&#8221;white&#8221; spacing=&#8221;15&#8243; c_icon=&#8221;chevron&#8221; c_position=&#8221;right&#8221; active_section=&#8221;&#8221; collapsible_all=&#8221;true&#8221; el_class=&#8221;custom-acordion&#8221;][vc_tta_section&hellip;<\/p>\n","protected":false},"author":697,"featured_media":0,"parent":0,"menu_order":0,"comment_status":"closed","ping_status":"closed","template":"","meta":{"footnotes":""},"class_list":["post-676","page","type-page","status-publish","hentry"],"_links":{"self":[{"href":"https:\/\/dlf.uzh.ch\/sites\/uzhispanistik\/wp-json\/wp\/v2\/pages\/676","targetHints":{"allow":["GET"]}}],"collection":[{"href":"https:\/\/dlf.uzh.ch\/sites\/uzhispanistik\/wp-json\/wp\/v2\/pages"}],"about":[{"href":"https:\/\/dlf.uzh.ch\/sites\/uzhispanistik\/wp-json\/wp\/v2\/types\/page"}],"author":[{"embeddable":true,"href":"https:\/\/dlf.uzh.ch\/sites\/uzhispanistik\/wp-json\/wp\/v2\/users\/697"}],"replies":[{"embeddable":true,"href":"https:\/\/dlf.uzh.ch\/sites\/uzhispanistik\/wp-json\/wp\/v2\/comments?post=676"}],"version-history":[{"count":10,"href":"https:\/\/dlf.uzh.ch\/sites\/uzhispanistik\/wp-json\/wp\/v2\/pages\/676\/revisions"}],"predecessor-version":[{"id":1157,"href":"https:\/\/dlf.uzh.ch\/sites\/uzhispanistik\/wp-json\/wp\/v2\/pages\/676\/revisions\/1157"}],"wp:attachment":[{"href":"https:\/\/dlf.uzh.ch\/sites\/uzhispanistik\/wp-json\/wp\/v2\/media?parent=676"}],"curies":[{"name":"wp","href":"https:\/\/api.w.org\/{rel}","templated":true}]}}