{"id":657,"date":"2023-07-14T02:51:14","date_gmt":"2023-07-14T02:51:14","guid":{"rendered":"https:\/\/dlf.uzh.ch\/sites\/uzhispanistik\/?page_id=657"},"modified":"2025-03-07T14:13:14","modified_gmt":"2025-03-07T14:13:14","slug":"master-2","status":"publish","type":"page","link":"https:\/\/dlf.uzh.ch\/sites\/uzhispanistik\/de\/master-2\/","title":{"rendered":"Master"},"content":{"rendered":"<div class=\"wpb-content-wrapper\"><p>[vc_row full_width=&#8221;stretch_row_content_no_spaces&#8221;][vc_column el_class=&#8221;position-relative&#8221; el_id=&#8221;head-home&#8221;][vc_single_image image=&#8221;433&#8243; img_size=&#8221;full&#8221; css=&#8221;.vc_custom_1685301869479{margin-bottom: 85px !important;}&#8221; el_class=&#8221;head-image bg-aqua&#8221;][vc_column_text el_class=&#8221;custom-border&#8221; el_id=&#8221;title-home&#8221;]<\/p>\n<h1><strong>Master<\/strong><\/h1>\n<p>[\/vc_column_text][\/vc_column][\/vc_row][vc_row el_id=&#8221;section-body-text&#8221; css=&#8221;.vc_custom_1682272417221{margin-top: 100px !important;margin-bottom: 100px !important;}&#8221;][vc_column width=&#8221;5\/6&#8243; offset=&#8221;vc_col-lg-7 vc_col-md-9 vc_col-xs-12&#8243;][vc_column_text css=&#8221;&#8221; el_class=&#8221;custom-text-background&#8221;]Im Master in Iberoromanistik an der Universit\u00e4t Z\u00fcrich kannst du deine sprachwissenschaftlichen, literarischen und kulturellen Kenntnisse des Spanischen und Portugiesischen weiter vertiefen. Die Mehrzahl unserer Studierenden hat bereits einen Bachelor in Iberoromanistik (in Z\u00fcrich oder anderswo) abgeschlossen. Es ist jedoch auch m\u00f6glich mit anderen Profilen in den Master Iberoromanistik einzusteigen, indem man zus\u00e4tzlich einige Bachelor-Kurse belegt. Die Informationen dazu findest du <em><strong><a href=\"https:\/\/www.rose.uzh.ch\/de\/studium\/infos\/uebertritt.html\" target=\"_blank\" rel=\"noopener\">hier<\/a><\/strong><\/em>.<\/p>\n<p>Die Masterstudieng\u00e4nge sind so konzipiert, dass man sich vertiefter und spezialisierter mit der Materie auseinandersetzen kann. In der Auswahl der Module bist du beinahe v\u00f6llig frei und kannst dich so nach Wunsch auf Linguistik oder Literatur spezialisieren oder beides kombinieren. Die Modularten sind die gleichen wie im Bachelor (d.h. es gibt Seminare und \u00dcbungen \u2013 mit einem praktischen, interaktiven Format \u2013 und Vorlesungen, in denen haupts\u00e4chlich der\/die Dozent:in das Thema pr\u00e4sentiert). Deiner Erfahrung und deinen Kenntnissen entsprechend werden das Anspruchsniveau sowie die Komplexit\u00e4t der Themen in den Masterkursen h\u00f6her sein als im Bachelor.<\/p>\n<p>Wie im Bachelor kannst du Iberoromanistik auch <a href=\"https:\/\/www.rose.uzh.ch\/de\/studium\/iberoromanistik\/master-ibero.html\" target=\"_blank\" rel=\"noopener\">im Master<\/a> als Hauptfach (<em>Major<\/em>: 90 ECTS) oder als Nebenfach (<em>Minor<\/em>: 30 ECTS) studieren.\u00a0In beiden F\u00e4llen musst du es mit einem anderen Fach kombinieren.[\/vc_column_text][\/vc_column][\/vc_row][vc_row el_id=&#8221;letters-sidebar&#8221;][vc_column][vc_widget_sidebar sidebar_id=&#8221;footer-2&#8243;][\/vc_column][\/vc_row]<\/p>\n<\/div>","protected":false},"excerpt":{"rendered":"<p>[vc_row full_width=&#8221;stretch_row_content_no_spaces&#8221;][vc_column el_class=&#8221;position-relative&#8221; el_id=&#8221;head-home&#8221;][vc_single_image image=&#8221;433&#8243; img_size=&#8221;full&#8221; css=&#8221;.vc_custom_1685301869479{margin-bottom: 85px !important;}&#8221; el_class=&#8221;head-image bg-aqua&#8221;][vc_column_text el_class=&#8221;custom-border&#8221; el_id=&#8221;title-home&#8221;] Master [\/vc_column_text][\/vc_column][\/vc_row][vc_row el_id=&#8221;section-body-text&#8221; css=&#8221;.vc_custom_1682272417221{margin-top: 100px !important;margin-bottom: 100px !important;}&#8221;][vc_column width=&#8221;5\/6&#8243; offset=&#8221;vc_col-lg-7 vc_col-md-9 vc_col-xs-12&#8243;][vc_column_text&hellip;<\/p>\n","protected":false},"author":697,"featured_media":0,"parent":0,"menu_order":0,"comment_status":"closed","ping_status":"closed","template":"","meta":{"footnotes":""},"class_list":["post-657","page","type-page","status-publish","hentry"],"_links":{"self":[{"href":"https:\/\/dlf.uzh.ch\/sites\/uzhispanistik\/wp-json\/wp\/v2\/pages\/657","targetHints":{"allow":["GET"]}}],"collection":[{"href":"https:\/\/dlf.uzh.ch\/sites\/uzhispanistik\/wp-json\/wp\/v2\/pages"}],"about":[{"href":"https:\/\/dlf.uzh.ch\/sites\/uzhispanistik\/wp-json\/wp\/v2\/types\/page"}],"author":[{"embeddable":true,"href":"https:\/\/dlf.uzh.ch\/sites\/uzhispanistik\/wp-json\/wp\/v2\/users\/697"}],"replies":[{"embeddable":true,"href":"https:\/\/dlf.uzh.ch\/sites\/uzhispanistik\/wp-json\/wp\/v2\/comments?post=657"}],"version-history":[{"count":10,"href":"https:\/\/dlf.uzh.ch\/sites\/uzhispanistik\/wp-json\/wp\/v2\/pages\/657\/revisions"}],"predecessor-version":[{"id":1121,"href":"https:\/\/dlf.uzh.ch\/sites\/uzhispanistik\/wp-json\/wp\/v2\/pages\/657\/revisions\/1121"}],"wp:attachment":[{"href":"https:\/\/dlf.uzh.ch\/sites\/uzhispanistik\/wp-json\/wp\/v2\/media?parent=657"}],"curies":[{"name":"wp","href":"https:\/\/api.w.org\/{rel}","templated":true}]}}