{"id":55,"date":"2018-02-27T17:00:10","date_gmt":"2018-02-27T16:00:10","guid":{"rendered":"http:\/\/www.phil.uzh.ch\/elearning\/blog\/urbanekunst\/?page_id=55"},"modified":"2018-07-24T09:14:10","modified_gmt":"2018-07-24T07:14:10","slug":"ueber","status":"publish","type":"page","link":"https:\/\/dlf.uzh.ch\/sites\/urbanekunst\/ueber\/","title":{"rendered":"\u00dcber \/ About"},"content":{"rendered":"<div class=\"wpb-content-wrapper\"><p>[vc_row][vc_column][vc_column_text]<span style=\"color: #808080\"><em>Please see English version below<\/em><\/span><\/p>\n<p>Im Rahmen des Seminars \u201eUrbane Prozesse und die Kunst: Shrinking Cities \u2013 Gentrification \u2013 Das Recht auf Stadt\u201c im Fr\u00fchjahrssemester 2018 haben wir Zusammenh\u00e4nge zwischen urbanen und k\u00fcnstlerischen Fragestellungen genauer betrachtet.<\/p>\n<p>Gegenw\u00e4rtige\u00a0st\u00e4dtische\u00a0Transformationsprozesse und der Zugang zu \u00f6ffentlichem Raum, der\u00a0inzwischen\u00a0von Begriffen wie Standortmarketing und Public-Private-Partnerships\u00a0bestimmt\u00a0wird, fordern dazu auf, die Rolle der Kunst zu hinterfragen. Inwiefern K\u00fcnstler_innen, Orte\u00a0k\u00fcnstlerischen Handelns\u00a0oder Formate wie Biennalen eine zentrale Funktion in Aufwertungsprozessen zukommt (<u><a href=\"http:\/\/www.phil.uzh.ch\/elearning\/blog\/urbanekunst\/2018\/06\/14\/venedigs-biennale-bereicherung-oder-zerstoerung-einer-stadt-durch-die-kunst-entwicklung-und-geschichte-der-biennale-im-kontext-der-historie-und-des-massentourismus-venedigs\/\">Venedigs Biennale<\/a><\/u>), kann allerdings nur im Kontext r\u00e4umlicher, urbaner und stadtpolitischer Debatten kritisch betrachtet werden.\u00a0F\u00fcr diese\u00a0vielschichtigen Diskussionen\u00a0haben wir uns mit\u00a0Texten zu Raum, \u00d6ffentlichkeit, Urbanit\u00e4t und Kunst im \u00f6ffentlichen Raum (Lefebvre,\u00a0L\u00f6w, Huffschmid, Bishop, Ha usw.) eine historische und theoretische Basis\u00a0erarbeitet.<a name=\"_ednref3\"><\/a><a href=\"#_edn1\" name=\"_ednref1\">[1]<\/a><\/p>\n<p>Vor 50 Jahren pr\u00e4gten weltweite Ereignisse wie die Jugendbewegungen, die Arbeiter_innenk\u00e4mpfe und die Frauen*bewegung das Jahr 1968, welches r\u00fcckblickend ein spannender Moment f\u00fcr das Verst\u00e4ndnis des urbanen Raums, wie auch f\u00fcr das Entstehen einer Kunst der Gegenwart ist und so gewisserma\u00dfen den Startpunkt unseres Seminarthemas bildet.<a href=\"#_edn2\" name=\"_ednref2\">[2]<\/a><\/p>\n<p>Der Soziologe Henri Lefebvre publiziert im selben Jahr seine Stadttheorie, die nicht nur titelgebend f\u00fcr soziale K\u00e4mpfe um Wohnraum und den Zugang zu st\u00e4dtischen Ressourcen ist, wie wir sie heute in Z\u00fcrich und vielen anderen St\u00e4dten beobachten k\u00f6nnen, sondern auch ma\u00dfgeblich das Verst\u00e4ndnis von Raum und dessen Herstellung hinterfragt.<\/p>\n<p>Die Kunst ist selbst Teil dieser komplexen Raumproduktion. K\u00fcnstler_innen (z.B.\u00a0<u><a href=\"http:\/\/www.phil.uzh.ch\/elearning\/blog\/urbanekunst\/2018\/06\/28\/die-un-sichtbarkeit-im-raum-martha-roslers-ausstellungsprojekt-if-you-lived-here-und-die-institutionsgeschichte-der-dia-art-foundation\/\">Martha\u00a0Rosler<\/a><\/u>) haben sich\u00a0inzwischen l\u00e4ngst eingemischt und pr\u00e4gen\u00a0den Diskurs auf vielf\u00e4ltige Weise. Im Seminar diskutierten wir das komplexe Zusammenspiel anhand k\u00fcnstlerischer Strategien und Formen des Widerstands: in Mexiko-Stadt (<a href=\"http:\/\/www.phil.uzh.ch\/elearning\/blog\/urbanekunst\/2018\/05\/23\/geschichten-auf-dem-zocalo-francis-alys-interventionen-im-oeffentlichen-raum\/\">Geschichten auf dem Z\u00f3calo<\/a>), Hamburg, Buenos Aires (<u><a href=\"http:\/\/www.phil.uzh.ch\/elearning\/blog\/urbanekunst\/2018\/05\/31\/tackling-social-problems-through-art\/\">Interview mit Etc\u00e9tera\u2026<\/a><\/u>), Z\u00fcrich (<u><a href=\"http:\/\/www.phil.uzh.ch\/elearning\/blog\/urbanekunst\/2018\/07\/08\/kunst-macht-politik\/\">Kunst macht Politik<\/a><\/u>\u00a0\/\u00a0<u><a href=\"http:\/\/www.phil.uzh.ch\/elearning\/blog\/urbanekunst\/2018\/07\/11\/interview-with-the-artist-paloma-ayala\/\">Interview mit Paloma Ayala<\/a><\/u>\u00a0\/\u00a0<u><a href=\"http:\/\/www.phil.uzh.ch\/elearning\/blog\/urbanekunst\/2018\/05\/14\/blick-im-fokus-fokus-im-blick-ein-vergleich-zweier-raeumlichen-wahrnehmungsarten\/\">Blick im Fokus, Fokus im Blick<\/a><\/u>\u00a0\/<u><a href=\"http:\/\/www.phil.uzh.ch\/elearning\/blog\/urbanekunst\/2018\/05\/14\/oerlikon-eine-psychogeografische-stadterforschung\/\">\u00a0Oerlikon: Eine psychogeografische Stadterforschung<\/a><\/u>) und international (<u><a href=\"http:\/\/www.phil.uzh.ch\/elearning\/blog\/urbanekunst\/2018\/06\/12\/biennalen-biennalisierung-biennalen-des-widerstands-eine-annaeherung\/\">Biennalen, Biennalisierung, Biennalen des Widerstands<\/a><\/u>).<\/p>\n<p>Die Eintr\u00e4ge der Student_innen kn\u00fcpfen an den gemeinsamen Austausch \u00fcber diese Themen an und zeigen, dass es ganz unterschiedliche Zug\u00e4nge gibt, sich mit Fragen an der Schnittstelle von Raum und Kunst auseinanderzusetzen.<\/p>\n<p>Dieser Blog ist als Freiraum f\u00fcr das Entwickeln eigener Ideen, das Experimentieren mit Text, Film und Fotografie und f\u00fcr pers\u00f6nliche Fragen und Perspektiven, aber auch f\u00fcr den Dialog mit K\u00fcnstler_innen zu verstehen. Im Rahmen dieses Projekts konnten die Student_innen das wissenschaftliche Publizieren im Online-Format kennenlernen und austesten, von der Anfangsidee, \u00fcber die Konzeption ihres Beitrags wie auch vorbereitende Treffen und (technische) Workshops, bis hin zum gegenseitigen Redigieren ihrer Beitr\u00e4ge. Dabei haben sie Fragen des Publizierens generell, aber auch spezifisch im Online-Bereich sowie Aspekte der kollektiven, kreativen Zusammenarbeit im gegenw\u00e4rtigen Universit\u00e4tsalltag reflektiert.<\/p>\n<p style=\"padding-left: 390px\"><u><a href=\"http:\/\/www.phil.uzh.ch\/elearning\/blog\/urbanekunst\/impressum\/\">Vicky Kiefer,<\/a><\/u>\u00a0Juli 2018<\/p>\n<p><span style=\"color: #008080\">Wir m\u00f6chten diese und andere Fragen am Lehrstuhl f\u00fcr moderne und zeitgen\u00f6ssische Kunst in Zukunft weiterverfolgen und laden alle Interessierten im Herbst 2018 zum Besuch der Ringvorlesung\u00a0<strong>\u201cUnstable Grounds.\u201d K\u00fcnstlerische Handlungsoptionen im urbanen Raum ein.<\/strong>\u00a0Weitere Informationen im HS 18 <u><a href=\"https:\/\/www.khist.uzh.ch\/de\/chairs\/moderne.html\">hier<\/a><\/u>.<\/span><\/p>\n<p><a href=\"#_ednref1\" name=\"_edn1\">[1]<\/a> Alle Seminarrelevanten Literaturhinweise finden sich unter: <u><a href=\"http:\/\/www.phil.uzh.ch\/elearning\/blog\/urbanekunst\/beispiele\/\">Quellen<\/a><\/u>.<\/p>\n<p><a href=\"#_ednref2\" name=\"_edn2\">[2]<\/a> s. dazu auch Kastner, Jens \/ Mayer, David: Weltwende 1968? Ein Jahr aus globalgeschichtlicher Perspektive, Wien 2008. Ursprung, Philipp: Die Kunst der Gegenwart. 1960 bis heute, M\u00fcnchen 2013.<\/p>\n<p><span style=\"color: #808080\">&#8211; &#8211; &#8211; &#8211; &#8211; &#8211; &#8211; &#8211; &#8211; &#8211; &#8211; &#8211; &#8211; &#8211; &#8211; &#8211; &#8211; &#8211; &#8211; &#8211; &#8211; &#8211; &#8211; &#8211;\u00a0&#8211; &#8211; &#8211; &#8211; &#8211; &#8211; &#8211; &#8211; &#8211; &#8211; &#8211; &#8211; &#8211; &#8211; &#8211; &#8211; &#8211; &#8211; &#8211; &#8211; &#8211; &#8211;<\/span><\/p>\n<p>In this blog, we take a closer look at the relationship between urban and artistic issues as part of the BA-seminar &#8222;Urban Processes and the Arts: Shrinking Cities \u2013 Gentrification \u2013 The Right to the City&#8220; (spring semester 2018).<\/p>\n<p>With regards to current urban transformation processes and the question of access to public space \u2013 that is meanwhile being defined by terms such as location marketing and public-private partnerships \u2013 there comes a need to scrutinize the role of contemporary art in these processes. To what extent artists, places of artistic action or formats such as biennials play a central role in processes of urban capital accumulation and displacement (e.g. Venice&#8217;s Biennale), can only be critically examined in the context of spatial and urban political debates. In order to engage in these multi-faceted discussions, we prepared a historical and theoretical basis by studying texts on space, public space, urbanity and public art (Lefebvre, L\u00f6w, Huffschmid, Bishop, Ha, etc.) [1]<\/p>\n<p>Fifty years ago, global events such as the youth movements, the workers&#8216; struggles and the feminist movement shaped the year of 1968. In retrospect, we recognise that that year was also an important moment for the understanding of urban space and for the emergence of contemporary art. As such, we take it as the starting point of our seminar. [2]<\/p>\n<p>It is the same year that the sociologist Henri Lefebvre publishes his urban theory, which is not only eponymic of social struggles demanding better housing and access to urban resources \u2013 as in Zurich and many other cities \u2013 but that essentially looks at the understanding of <em>space <\/em>and its production.<\/p>\n<p>Indeed, art itself is part of a complex spatial production. Artists (e.g. Martha Rosler) have also intervened and shaped the discourse in many ways. In the seminar and blog, we discuss this complex interplay based on examples of artistic strategies and forms of resistance: in Mexico City (Geschichten auf dem Z\u00f3calo), Hamburg, Buenos Aires (Interview with Etc\u00e9tera &#8230;), Zurich (Kunst macht Politik \/ Interview with Paloma Ayala \/ Blick im Fokus, Fokus im Blick \/ Oerlikon: Eine psychogeografische Stadterforschung) and internationally (Biennalen, Biennalisierung, Biennalen des Widerstands).<\/p>\n<p>The blogposts of each student build on the common exchange concerning these topics and show that there are very different approaches to dealing with questions at the interface of space and art.<\/p>\n<p>This blog is to be understood as a free space for the development of ideas, as well as the experimentation with language(s), text, film and photography. It offers the possibility to pursue any kind of question, personal perspective or even the dialogue with artists. The students were able to get to know and try out academic publishing online, from the initial idea, to the conception of their post, as well as preparatory meetings and (technical) workshops, to the mutual editing of their contributions. In doing so, they reflected on questions of publishing in general, but also specifically in the online realm, and in particular aspects of collective, creative cooperation in the current, everyday life of the university.<\/p>\n<p>&nbsp;<\/p>\n<p style=\"text-align: right\"><a href=\"http:\/\/www.phil.uzh.ch\/elearning\/blog\/urbanekunst\/impressum\/\">Vicky Kiefer<\/a>, July 2018<\/p>\n<p><span style=\"color: #008080\">We would like to pursue these and other questions at the Chair of Modern and Contemporary Art in the future and invite all those interested to visit the lecture series &#8222;Unstable Grounds. Artists Operating in Urban Space&#8220; in the autumn of 2018. Please find further information <a style=\"color: #008080\" href=\"https:\/\/www.khist.uzh.ch\/de\/chairs\/moderne.html\">here<\/a> soon.<\/span><\/p>\n<p>[1] All seminar-related literature references can be found here: <a href=\"http:\/\/www.phil.uzh.ch\/elearning\/blog\/urbanekunst\/beispiele\/\">Resources<\/a>.<\/p>\n<p>[2] see also Kastner, Jens \/ Mayer, David: Weltwende 1968? Ein Jahr aus globalgeschichtlicher Perspektive, Wien 2008. Ursprung, Philipp: Die Kunst der Gegenwart. 1960 bis heute, M\u00fcnchen 2013.[\/vc_column_text][\/vc_column][\/vc_row]<\/p>\n<\/div>","protected":false},"excerpt":{"rendered":"<p>[vc_row][vc_column][vc_column_text]Please see English version below Im Rahmen des Seminars \u201eUrbane Prozesse und die Kunst: Shrinking Cities \u2013 Gentrification \u2013 Das Recht auf Stadt\u201c im Fr\u00fchjahrssemester 2018 haben wir Zusammenh\u00e4nge zwischen urbanen und k\u00fcnstlerischen Fragestellungen genauer betrachtet. Gegenw\u00e4rtige\u00a0st\u00e4dtische\u00a0Transformationsprozesse und der Zugang zu \u00f6ffentlichem Raum, der\u00a0inzwischen\u00a0von Begriffen wie Standortmarketing und Public-Private-Partnerships\u00a0bestimmt\u00a0wird, fordern dazu auf, die Rolle der&#8230;<\/p>\n","protected":false},"author":347,"featured_media":0,"parent":0,"menu_order":0,"comment_status":"closed","ping_status":"closed","template":"","meta":{"footnotes":""},"class_list":["post-55","page","type-page","status-publish","hentry"],"_links":{"self":[{"href":"https:\/\/dlf.uzh.ch\/sites\/urbanekunst\/wp-json\/wp\/v2\/pages\/55","targetHints":{"allow":["GET"]}}],"collection":[{"href":"https:\/\/dlf.uzh.ch\/sites\/urbanekunst\/wp-json\/wp\/v2\/pages"}],"about":[{"href":"https:\/\/dlf.uzh.ch\/sites\/urbanekunst\/wp-json\/wp\/v2\/types\/page"}],"author":[{"embeddable":true,"href":"https:\/\/dlf.uzh.ch\/sites\/urbanekunst\/wp-json\/wp\/v2\/users\/347"}],"replies":[{"embeddable":true,"href":"https:\/\/dlf.uzh.ch\/sites\/urbanekunst\/wp-json\/wp\/v2\/comments?post=55"}],"version-history":[{"count":25,"href":"https:\/\/dlf.uzh.ch\/sites\/urbanekunst\/wp-json\/wp\/v2\/pages\/55\/revisions"}],"predecessor-version":[{"id":551,"href":"https:\/\/dlf.uzh.ch\/sites\/urbanekunst\/wp-json\/wp\/v2\/pages\/55\/revisions\/551"}],"wp:attachment":[{"href":"https:\/\/dlf.uzh.ch\/sites\/urbanekunst\/wp-json\/wp\/v2\/media?parent=55"}],"curies":[{"name":"wp","href":"https:\/\/api.w.org\/{rel}","templated":true}]}}

Über / About

<div class="wpb-content-wrapper"><p>[vc_row][vc_column][vc_column_text]<span style="color: #808080"><em>Please see English version below</em></span></p>
<p>Im Rahmen des Seminars „Urbane Prozesse und die Kunst: Shrinking Cities – Gentrification – Das Recht auf Stadt“ im Frühjahrssemester 2018 haben wir Zusammenhänge zwischen urbanen und künstlerischen Fragestellungen genauer betrachtet.</p>
<p>Gegenwärtige städtische Transformationsprozesse und der Zugang zu öffentlichem Raum, der inzwischen von Begriffen wie Standortmarketing und Public-Private-Partnerships bestimmt wird, fordern dazu auf, die Rolle der Kunst zu hinterfragen. Inwiefern Künstler_innen, Orte künstlerischen Handelns oder Formate wie Biennalen eine zentrale Funktion in Aufwertungsprozessen zukommt (<u><a href="http://www.phil.uzh.ch/elearning/blog/urbanekunst/2018/06/14/venedigs-biennale-bereicherung-oder-zerstoerung-einer-stadt-durch-die-kunst-entwicklung-und-geschichte-der-biennale-im-kontext-der-historie-und-des-massentourismus-venedigs/">Venedigs Biennale</a></u>), kann allerdings nur im Kontext räumlicher, urbaner und stadtpolitischer Debatten kritisch betrachtet werden. Für diese vielschichtigen Diskussionen haben wir uns mit Texten zu Raum, Öffentlichkeit, Urbanität und Kunst im öffentlichen Raum (Lefebvre, Löw, Huffschmid, Bishop, Ha usw.) eine historische und theoretische Basis erarbeitet.<a name="_ednref3"></a><a href="#_edn1" name="_ednref1">[1]</a></p>
<p>Vor 50 Jahren prägten weltweite Ereignisse wie die Jugendbewegungen, die Arbeiter_innenkämpfe und die Frauen*bewegung das Jahr 1968, welches rückblickend ein spannender Moment für das Verständnis des urbanen Raums, wie auch für das Entstehen einer Kunst der Gegenwart ist und so gewissermaßen den Startpunkt unseres Seminarthemas bildet.<a href="#_edn2" name="_ednref2">[2]</a></p>
<p>Der Soziologe Henri Lefebvre publiziert im selben Jahr seine Stadttheorie, die nicht nur titelgebend für soziale Kämpfe um Wohnraum und den Zugang zu städtischen Ressourcen ist, wie wir sie heute in Zürich und vielen anderen Städten beobachten können, sondern auch maßgeblich das Verständnis von Raum und dessen Herstellung hinterfragt.</p>
<p>Die Kunst ist selbst Teil dieser komplexen Raumproduktion. Künstler_innen (z.B. <u><a href="http://www.phil.uzh.ch/elearning/blog/urbanekunst/2018/06/28/die-un-sichtbarkeit-im-raum-martha-roslers-ausstellungsprojekt-if-you-lived-here-und-die-institutionsgeschichte-der-dia-art-foundation/">Martha Rosler</a></u>) haben sich inzwischen längst eingemischt und prägen den Diskurs auf vielfältige Weise. Im Seminar diskutierten wir das komplexe Zusammenspiel anhand künstlerischer Strategien und Formen des Widerstands: in Mexiko-Stadt (<a href="http://www.phil.uzh.ch/elearning/blog/urbanekunst/2018/05/23/geschichten-auf-dem-zocalo-francis-alys-interventionen-im-oeffentlichen-raum/">Geschichten auf dem Zócalo</a>), Hamburg, Buenos Aires (<u><a href="http://www.phil.uzh.ch/elearning/blog/urbanekunst/2018/05/31/tackling-social-problems-through-art/">Interview mit Etcétera…</a></u>), Zürich (<u><a href="http://www.phil.uzh.ch/elearning/blog/urbanekunst/2018/07/08/kunst-macht-politik/">Kunst macht Politik</a></u> / <u><a href="http://www.phil.uzh.ch/elearning/blog/urbanekunst/2018/07/11/interview-with-the-artist-paloma-ayala/">Interview mit Paloma Ayala</a></u> / <u><a href="http://www.phil.uzh.ch/elearning/blog/urbanekunst/2018/05/14/blick-im-fokus-fokus-im-blick-ein-vergleich-zweier-raeumlichen-wahrnehmungsarten/">Blick im Fokus, Fokus im Blick</a></u> /<u><a href="http://www.phil.uzh.ch/elearning/blog/urbanekunst/2018/05/14/oerlikon-eine-psychogeografische-stadterforschung/"> Oerlikon: Eine psychogeografische Stadterforschung</a></u>) und international (<u><a href="http://www.phil.uzh.ch/elearning/blog/urbanekunst/2018/06/12/biennalen-biennalisierung-biennalen-des-widerstands-eine-annaeherung/">Biennalen, Biennalisierung, Biennalen des Widerstands</a></u>).</p>
<p>Die Einträge der Student_innen knüpfen an den gemeinsamen Austausch über diese Themen an und zeigen, dass es ganz unterschiedliche Zugänge gibt, sich mit Fragen an der Schnittstelle von Raum und Kunst auseinanderzusetzen.</p>
<p>Dieser Blog ist als Freiraum für das Entwickeln eigener Ideen, das Experimentieren mit Text, Film und Fotografie und für persönliche Fragen und Perspektiven, aber auch für den Dialog mit Künstler_innen zu verstehen. Im Rahmen dieses Projekts konnten die Student_innen das wissenschaftliche Publizieren im Online-Format kennenlernen und austesten, von der Anfangsidee, über die Konzeption ihres Beitrags wie auch vorbereitende Treffen und (technische) Workshops, bis hin zum gegenseitigen Redigieren ihrer Beiträge. Dabei haben sie Fragen des Publizierens generell, aber auch spezifisch im Online-Bereich sowie Aspekte der kollektiven, kreativen Zusammenarbeit im gegenwärtigen Universitätsalltag reflektiert.</p>
<p style="padding-left: 390px"><u><a href="http://www.phil.uzh.ch/elearning/blog/urbanekunst/impressum/">Vicky Kiefer,</a></u> Juli 2018</p>
<p><span style="color: #008080">Wir möchten diese und andere Fragen am Lehrstuhl für moderne und zeitgenössische Kunst in Zukunft weiterverfolgen und laden alle Interessierten im Herbst 2018 zum Besuch der Ringvorlesung <strong>“Unstable Grounds.” Künstlerische Handlungsoptionen im urbanen Raum ein.</strong> Weitere Informationen im HS 18 <u><a href="https://www.khist.uzh.ch/de/chairs/moderne.html">hier</a></u>.</span></p>
<p><a href="#_ednref1" name="_edn1">[1]</a> Alle Seminarrelevanten Literaturhinweise finden sich unter: <u><a href="http://www.phil.uzh.ch/elearning/blog/urbanekunst/beispiele/">Quellen</a></u>.</p>
<p><a href="#_ednref2" name="_edn2">[2]</a> s. dazu auch Kastner, Jens / Mayer, David: Weltwende 1968? Ein Jahr aus globalgeschichtlicher Perspektive, Wien 2008. Ursprung, Philipp: Die Kunst der Gegenwart. 1960 bis heute, München 2013.</p>
<p><span style="color: #808080">&#8211; &#8211; &#8211; &#8211; &#8211; &#8211; &#8211; &#8211; &#8211; &#8211; &#8211; &#8211; &#8211; &#8211; &#8211; &#8211; &#8211; &#8211; &#8211; &#8211; &#8211; &#8211; &#8211; &#8211; &#8211; &#8211; &#8211; &#8211; &#8211; &#8211; &#8211; &#8211; &#8211; &#8211; &#8211; &#8211; &#8211; &#8211; &#8211; &#8211; &#8211; &#8211; &#8211; &#8211; &#8211; &#8211;</span></p>
<p>In this blog, we take a closer look at the relationship between urban and artistic issues as part of the BA-seminar &#8222;Urban Processes and the Arts: Shrinking Cities – Gentrification – The Right to the City&#8220; (spring semester 2018).</p>
<p>With regards to current urban transformation processes and the question of access to public space – that is meanwhile being defined by terms such as location marketing and public-private partnerships – there comes a need to scrutinize the role of contemporary art in these processes. To what extent artists, places of artistic action or formats such as biennials play a central role in processes of urban capital accumulation and displacement (e.g. Venice&#8217;s Biennale), can only be critically examined in the context of spatial and urban political debates. In order to engage in these multi-faceted discussions, we prepared a historical and theoretical basis by studying texts on space, public space, urbanity and public art (Lefebvre, Löw, Huffschmid, Bishop, Ha, etc.) [1]</p>
<p>Fifty years ago, global events such as the youth movements, the workers&#8216; struggles and the feminist movement shaped the year of 1968. In retrospect, we recognise that that year was also an important moment for the understanding of urban space and for the emergence of contemporary art. As such, we take it as the starting point of our seminar. [2]</p>
<p>It is the same year that the sociologist Henri Lefebvre publishes his urban theory, which is not only eponymic of social struggles demanding better housing and access to urban resources – as in Zurich and many other cities – but that essentially looks at the understanding of <em>space </em>and its production.</p>
<p>Indeed, art itself is part of a complex spatial production. Artists (e.g. Martha Rosler) have also intervened and shaped the discourse in many ways. In the seminar and blog, we discuss this complex interplay based on examples of artistic strategies and forms of resistance: in Mexico City (Geschichten auf dem Zócalo), Hamburg, Buenos Aires (Interview with Etcétera &#8230;), Zurich (Kunst macht Politik / Interview with Paloma Ayala / Blick im Fokus, Fokus im Blick / Oerlikon: Eine psychogeografische Stadterforschung) and internationally (Biennalen, Biennalisierung, Biennalen des Widerstands).</p>
<p>The blogposts of each student build on the common exchange concerning these topics and show that there are very different approaches to dealing with questions at the interface of space and art.</p>
<p>This blog is to be understood as a free space for the development of ideas, as well as the experimentation with language(s), text, film and photography. It offers the possibility to pursue any kind of question, personal perspective or even the dialogue with artists. The students were able to get to know and try out academic publishing online, from the initial idea, to the conception of their post, as well as preparatory meetings and (technical) workshops, to the mutual editing of their contributions. In doing so, they reflected on questions of publishing in general, but also specifically in the online realm, and in particular aspects of collective, creative cooperation in the current, everyday life of the university.</p>
<p>&nbsp;</p>
<p style="text-align: right"><a href="http://www.phil.uzh.ch/elearning/blog/urbanekunst/impressum/">Vicky Kiefer</a>, July 2018</p>
<p><span style="color: #008080">We would like to pursue these and other questions at the Chair of Modern and Contemporary Art in the future and invite all those interested to visit the lecture series &#8222;Unstable Grounds. Artists Operating in Urban Space&#8220; in the autumn of 2018. Please find further information <a style="color: #008080" href="https://www.khist.uzh.ch/de/chairs/moderne.html">here</a> soon.</span></p>
<p>[1] All seminar-related literature references can be found here: <a href="http://www.phil.uzh.ch/elearning/blog/urbanekunst/beispiele/">Resources</a>.</p>
<p>[2] see also Kastner, Jens / Mayer, David: Weltwende 1968? Ein Jahr aus globalgeschichtlicher Perspektive, Wien 2008. Ursprung, Philipp: Die Kunst der Gegenwart. 1960 bis heute, München 2013.[/vc_column_text][/vc_column][/vc_row]</p>
</div>

<p>[vc_row][vc_column][vc_column_text]Please see English version below Im Rahmen des Seminars „Urbane Prozesse und die Kunst: Shrinking Cities – Gentrification – Das Recht auf Stadt“ im Frühjahrssemester 2018 haben wir Zusammenhänge zwischen urbanen und künstlerischen Fragestellungen genauer betrachtet. Gegenwärtige städtische Transformationsprozesse und der Zugang zu öffentlichem Raum, der inzwischen von Begriffen wie Standortmarketing und Public-Private-Partnerships bestimmt wird, fordern dazu auf, die Rolle der&#8230;</p>
