{"id":43,"date":"2018-02-27T15:03:00","date_gmt":"2018-02-27T14:03:00","guid":{"rendered":"http:\/\/www.phil.uzh.ch\/elearning\/blog\/urbanekunst\/?page_id=43"},"modified":"2018-09-08T16:48:07","modified_gmt":"2018-09-08T14:48:07","slug":"impressum","status":"publish","type":"page","link":"https:\/\/dlf.uzh.ch\/sites\/urbanekunst\/impressum\/","title":{"rendered":"Impressum \/ Contact"},"content":{"rendered":"<div class=\"wpb-content-wrapper\"><p>[vc_row][vc_column][vc_column_text]<\/p>\n<h5><span style=\"color: #333333\"><strong>Urbane Prozesse und die Kunst \/ Urban p<\/strong><b>rocesses and the arts<\/b><\/span><\/h5>\n<p><span style=\"color: #333333\">Dieser Blog ist im Rahmen des Bachelor-Seminars &#8222;Urbane Prozesse und die Kunst:\u00a0Shrinking Cities \u2013 Gentrification \u2013 Das Recht auf Stadt&#8220;\u00a0im Fr\u00fchjahrssemester 2018 entstanden. \/<em> This blog was developed as part of the bachelor seminar &#8222;Urban Processes and Arts: Shrinking Cities &#8211; Gentrification &#8211; The Right to the City&#8220; in spring semester 2018.<\/em><\/span><\/p>\n<p><span style=\"color: #333333\"><a style=\"color: #333333\" href=\"http:\/\/www.khist.uzh.ch\/de\/chairs\/moderne.html\">Lehrstuhl f\u00fcr moderne und zeitgen\u00f6ssische Kunst, Kunsthistorisches Institut, Universit\u00e4t Z\u00fcrich\u00a0\/<em>\u00a0Department of Modern and Contemporary Art, Institute of Art History, University of Zurich<\/em><\/a><\/span><\/p>\n<p><span style=\"color: #333333\"><strong>Leitung \/<em> Editor<\/em><\/strong><\/span><\/p>\n<p><span style=\"color: #333333\">Vicky Kiefer, vicky.kiefer@uzh.ch<\/span><\/p>\n<p><span style=\"color: #333333\"><strong>Redaktionelle und technische Betreuung \/ <em>Editorial and technical support<\/em><\/strong><\/span><\/p>\n<p><span style=\"color: #333333\">Elena Bally, elena.bally@uzh.ch<\/span><\/p>\n<p><span style=\"color: #333333\"><strong>Autor_innen \/ <em>Authors<\/em><\/strong><\/span><\/p>\n<p><span style=\"color: #333333\">Claudia Volkart,\u00a0Antonia Selva,\u00a0Sarah Rageth,\u00a0Tessa Prati,\u00a0Julia Bonato,\u00a0Sophie Rosch,\u00a0David Skof, Hortense Note,\u00a0Salome Messmer, Joana Blum, Lilian Dutoit, Fanny Frey, Sophie Stirnemann, Vanessa Pfeffer<\/span><\/p>\n<div class=\"wpb_text_column wpb_content_element \">\n<div class=\"wpb_wrapper\"><\/div>\n<\/div>\n<p>[\/vc_column_text][vc_separator color=&#8220;orange&#8220;][vc_column_text]<strong>Dank \/ Thanks to<\/strong><\/p>\n<p><a href=\"https:\/\/www.phil.uzh.ch\/de\/fakultaet\/dlf\/Kontakt.html\">Anita Holdener<\/a> (Stv. Leitung <a href=\"https:\/\/www.phil.uzh.ch\/de\/fakultaet\/dlf.html\">Digitale Lehre und Forschung<\/a>) und ihrem Team f\u00fcr den technischen und fachlichen Support, ihre Geduld und die tolle Zusammenarbeit.\u00a0Den K\u00fcnstler_innen <a href=\"http:\/\/www.palomaayala.com\">Paloma Ayala<\/a> und <a href=\"https:\/\/grupoetcetera.wordpress.com\/about\/\">Loreto Garin Guzm\u00e1n<\/a> f\u00fcr ihre Offenheit, ihre Zeit und ihr Interesse. <a href=\"http:\/\/www.martharosler.net\">Martha Rosler<\/a>, die unser Unterfangen durch die \u00dcbertragung von Bildrechten visuell unterst\u00fctzt.\u00a0<a href=\"http:\/\/www.khist.uzh.ch\/de\/chairs\/neuzeit\/assist\/matter.html\">Charlotte Matter<\/a> (Blog <a href=\"http:\/\/www.phil.uzh.ch\/elearning\/blog\/exhibitions\/impressum\/\"><em>Thinking About Exhibitions<\/em><\/a>) f\u00fcr den Austausch und die hilfreichen Tipps.\u00a0Allen anderen Beteiligten und Unterst\u00fctzer_innen. \/\u00a0<em><a href=\"https:\/\/www.phil.uzh.ch\/de\/fakultaet\/dlf\/Kontakt.html\">Anita Holdener<\/a> (Deputy Head of Digital Teaching and Research) and her team for their technical and professional support, patience and the good cooperation. The artists <a href=\"http:\/\/www.palomaayala.com\">Paloma Ayala<\/a> and\u00a0<a href=\"https:\/\/grupoetcetera.wordpress.com\/about\/\">Loreto Gar\u00edn Guzm\u00e1n<\/a> for their openness, time and interest. <a href=\"http:\/\/www.martharosler.net\">Martha Rosler<\/a> for supporting our endeavor visually by providing us with the rights\u00a0to use her images.\u00a0<a href=\"http:\/\/www.khist.uzh.ch\/de\/chairs\/neuzeit\/assist\/matter.html\">Charlotte Matter<\/a> (Blog <a href=\"http:\/\/www.phil.uzh.ch\/elearning\/blog\/exhibitions\/impressum\/\">Thinking About Exhibitions<\/a>) for the exchange and helpful tips.\u00a0All other participants and supporters.<\/em>[\/vc_column_text][vc_separator color=&#8220;orange&#8220;][vc_column_text]<strong>Bilder<\/strong><\/p>\n<p>Wir haben uns bem\u00fcht, s\u00e4mtliche Quellen und Rechte der auf unserem Blog verwendeten Bilder zu kl\u00e4ren und wo n\u00f6tig, zu benennen. Sollten Sie dennoch der Ansicht sein, dass wir in irgendeiner Form Ihre Urheber-, Marken- oder Schutzrechte verletzen, teilen Sie uns das bitte umgehend mit. Wir werden uns um sofortige Kl\u00e4rung bem\u00fchen. \/\u00a0We have tried to clarify the sources and rights of the used pictures. If you nevertheless believe, that we infringe copyright, trademark right or property right, please let us know immediately. We will endeavour for clarification.<\/p>\n<p><strong>Links <\/strong><\/p>\n<p>Diese Website enth\u00e4lt Links auf externe Websites. Trotz sorgf\u00e4ltiger\u00a0inhaltlicher Kontrolle \u00fcbernehmen wir keine Haftung f\u00fcr die Inhalte externer Links. F\u00fcr\u00a0den Inhalt der verlinkten Seiten sind ausschliesslich deren Betreiber_innen verantwortlich. \/\u00a0This website contains links to external websites. Despite careful contentwise control we do not take over liability for contents of external links. The content of linked pages is the exclusive responsibility of their operators.[\/vc_column_text][\/vc_column][\/vc_row]<\/p>\n<\/div>","protected":false},"excerpt":{"rendered":"<p>[vc_row][vc_column][vc_column_text] Urbane Prozesse und die Kunst \/ Urban processes and the arts Dieser Blog ist im Rahmen des Bachelor-Seminars &#8222;Urbane Prozesse und die Kunst:\u00a0Shrinking Cities \u2013 Gentrification \u2013 Das Recht auf Stadt&#8220;\u00a0im Fr\u00fchjahrssemester 2018 entstanden. \/ This blog was developed as part of the bachelor seminar &#8222;Urban Processes and Arts: Shrinking Cities &#8211; Gentrification &#8211;&#8230;<\/p>\n","protected":false},"author":347,"featured_media":0,"parent":0,"menu_order":3,"comment_status":"closed","ping_status":"closed","template":"","meta":{"footnotes":""},"class_list":["post-43","page","type-page","status-publish","hentry"],"_links":{"self":[{"href":"https:\/\/dlf.uzh.ch\/sites\/urbanekunst\/wp-json\/wp\/v2\/pages\/43","targetHints":{"allow":["GET"]}}],"collection":[{"href":"https:\/\/dlf.uzh.ch\/sites\/urbanekunst\/wp-json\/wp\/v2\/pages"}],"about":[{"href":"https:\/\/dlf.uzh.ch\/sites\/urbanekunst\/wp-json\/wp\/v2\/types\/page"}],"author":[{"embeddable":true,"href":"https:\/\/dlf.uzh.ch\/sites\/urbanekunst\/wp-json\/wp\/v2\/users\/347"}],"replies":[{"embeddable":true,"href":"https:\/\/dlf.uzh.ch\/sites\/urbanekunst\/wp-json\/wp\/v2\/comments?post=43"}],"version-history":[{"count":28,"href":"https:\/\/dlf.uzh.ch\/sites\/urbanekunst\/wp-json\/wp\/v2\/pages\/43\/revisions"}],"predecessor-version":[{"id":408,"href":"https:\/\/dlf.uzh.ch\/sites\/urbanekunst\/wp-json\/wp\/v2\/pages\/43\/revisions\/408"}],"wp:attachment":[{"href":"https:\/\/dlf.uzh.ch\/sites\/urbanekunst\/wp-json\/wp\/v2\/media?parent=43"}],"curies":[{"name":"wp","href":"https:\/\/api.w.org\/{rel}","templated":true}]}}

<div class="wpb-content-wrapper"><p>[vc_row][vc_column][vc_column_text]</p>
<h5><span style="color: #333333"><strong>Urbane Prozesse und die Kunst / Urban p</strong><b>rocesses and the arts</b></span></h5>
<p><span style="color: #333333">Dieser Blog ist im Rahmen des Bachelor-Seminars &#8222;Urbane Prozesse und die Kunst: Shrinking Cities – Gentrification – Das Recht auf Stadt&#8220; im Frühjahrssemester 2018 entstanden. /<em> This blog was developed as part of the bachelor seminar &#8222;Urban Processes and Arts: Shrinking Cities &#8211; Gentrification &#8211; The Right to the City&#8220; in spring semester 2018.</em></span></p>
<p><span style="color: #333333"><a style="color: #333333" href="http://www.khist.uzh.ch/de/chairs/moderne.html">Lehrstuhl für moderne und zeitgenössische Kunst, Kunsthistorisches Institut, Universität Zürich /<em> Department of Modern and Contemporary Art, Institute of Art History, University of Zurich</em></a></span></p>
<p><span style="color: #333333"><strong>Leitung /<em> Editor</em></strong></span></p>
<p><span style="color: #333333">Vicky Kiefer, vicky.kiefer@uzh.ch</span></p>
<p><span style="color: #333333"><strong>Redaktionelle und technische Betreuung / <em>Editorial and technical support</em></strong></span></p>
<p><span style="color: #333333">Elena Bally, elena.bally@uzh.ch</span></p>
<p><span style="color: #333333"><strong>Autor_innen / <em>Authors</em></strong></span></p>
<p><span style="color: #333333">Claudia Volkart, Antonia Selva, Sarah Rageth, Tessa Prati, Julia Bonato, Sophie Rosch, David Skof, Hortense Note, Salome Messmer, Joana Blum, Lilian Dutoit, Fanny Frey, Sophie Stirnemann, Vanessa Pfeffer</span></p>
<div class="wpb_text_column wpb_content_element ">
<div class="wpb_wrapper"></div>
</div>
<p>[/vc_column_text][vc_separator color=&#8220;orange&#8220;][vc_column_text]<strong>Dank / Thanks to</strong></p>
<p><a href="https://www.phil.uzh.ch/de/fakultaet/dlf/Kontakt.html">Anita Holdener</a> (Stv. Leitung <a href="https://www.phil.uzh.ch/de/fakultaet/dlf.html">Digitale Lehre und Forschung</a>) und ihrem Team für den technischen und fachlichen Support, ihre Geduld und die tolle Zusammenarbeit. Den Künstler_innen <a href="http://www.palomaayala.com">Paloma Ayala</a> und <a href="https://grupoetcetera.wordpress.com/about/">Loreto Garin Guzmán</a> für ihre Offenheit, ihre Zeit und ihr Interesse. <a href="http://www.martharosler.net">Martha Rosler</a>, die unser Unterfangen durch die Übertragung von Bildrechten visuell unterstützt. <a href="http://www.khist.uzh.ch/de/chairs/neuzeit/assist/matter.html">Charlotte Matter</a> (Blog <a href="http://www.phil.uzh.ch/elearning/blog/exhibitions/impressum/"><em>Thinking About Exhibitions</em></a>) für den Austausch und die hilfreichen Tipps. Allen anderen Beteiligten und Unterstützer_innen. / <em><a href="https://www.phil.uzh.ch/de/fakultaet/dlf/Kontakt.html">Anita Holdener</a> (Deputy Head of Digital Teaching and Research) and her team for their technical and professional support, patience and the good cooperation. The artists <a href="http://www.palomaayala.com">Paloma Ayala</a> and <a href="https://grupoetcetera.wordpress.com/about/">Loreto Garín Guzmán</a> for their openness, time and interest. <a href="http://www.martharosler.net">Martha Rosler</a> for supporting our endeavor visually by providing us with the rights to use her images. <a href="http://www.khist.uzh.ch/de/chairs/neuzeit/assist/matter.html">Charlotte Matter</a> (Blog <a href="http://www.phil.uzh.ch/elearning/blog/exhibitions/impressum/">Thinking About Exhibitions</a>) for the exchange and helpful tips. All other participants and supporters.</em>[/vc_column_text][vc_separator color=&#8220;orange&#8220;][vc_column_text]<strong>Bilder</strong></p>
<p>Wir haben uns bemüht, sämtliche Quellen und Rechte der auf unserem Blog verwendeten Bilder zu klären und wo nötig, zu benennen. Sollten Sie dennoch der Ansicht sein, dass wir in irgendeiner Form Ihre Urheber-, Marken- oder Schutzrechte verletzen, teilen Sie uns das bitte umgehend mit. Wir werden uns um sofortige Klärung bemühen. / We have tried to clarify the sources and rights of the used pictures. If you nevertheless believe, that we infringe copyright, trademark right or property right, please let us know immediately. We will endeavour for clarification.</p>
<p><strong>Links </strong></p>
<p>Diese Website enthält Links auf externe Websites. Trotz sorgfältiger inhaltlicher Kontrolle übernehmen wir keine Haftung für die Inhalte externer Links. Für den Inhalt der verlinkten Seiten sind ausschliesslich deren Betreiber_innen verantwortlich. / This website contains links to external websites. Despite careful contentwise control we do not take over liability for contents of external links. The content of linked pages is the exclusive responsibility of their operators.[/vc_column_text][/vc_column][/vc_row]</p>
</div>

<p>[vc_row][vc_column][vc_column_text] Urbane Prozesse und die Kunst / Urban processes and the arts Dieser Blog ist im Rahmen des Bachelor-Seminars &#8222;Urbane Prozesse und die Kunst: Shrinking Cities – Gentrification – Das Recht auf Stadt&#8220; im Frühjahrssemester 2018 entstanden. / This blog was developed as part of the bachelor seminar &#8222;Urban Processes and Arts: Shrinking Cities &#8211; Gentrification &#8211;&#8230;</p>
