{"id":24,"date":"2021-08-27T11:34:47","date_gmt":"2021-08-27T11:34:47","guid":{"rendered":"https:\/\/dlf.uzh.ch\/sites\/stalindigital1\/?page_id=24"},"modified":"2022-01-09T15:51:50","modified_gmt":"2022-01-09T15:51:50","slug":"ueber-uns","status":"publish","type":"page","link":"https:\/\/dlf.uzh.ch\/sites\/stalindigital\/ueber-uns\/","title":{"rendered":"IMPRESSUM"},"content":{"rendered":"<div class=\"wpb-content-wrapper\">[vc_row][vc_column][vc_column_text]\u00abStalin digital\u00bb ist ein studentisches Public-History-Projekt des Historischen Seminars der Universit\u00e4t Z\u00fcrich. Es basiert auf Arbeiten und Blog-Beitr\u00e4gen, die Studierende im Herbstsemester 2020 im Rahmen eines BA-Seminars unter der Leitung von Peter Collmer erstellten. Die redaktionelle Aufbereitung der Texte und die Aufschaltung dieser Webseite wurden durch die Unterst\u00fctzung der <span style=\"color: #000000\">Fachstelle <a style=\"color: #000000\" href=\"https:\/\/dlf.uzh.ch\/\" target=\"_blank\" rel=\"noopener\">Digitale Lehre und Forschung (DLF)<\/a> an<\/span> der Philosophischen Fakult\u00e4t der Universit\u00e4t Z\u00fcrich erm\u00f6glicht.[\/vc_column_text][vc_column_text]\n<aside id=\"block-94\" class=\"widget widget_block widget_text\">\n<p class=\"has-text-align-left\"><strong>Projektleitung und Redaktion:<\/strong> Florian Wiedemann<br \/>\nflorian.wiedemann@uzh.ch<br \/>\nHistorisches Seminar der Universit\u00e4t Z\u00fcrich<br \/>\nKarl-Schmid-Strasse 4<br \/>\n8006 Z\u00fcrich<\/p>\n<\/aside>\n[\/vc_column_text][vc_separator color=&#8220;black&#8220; border_width=&#8220;2&#8243;][vc_column_text]\n<aside id=\"block-93\" class=\"widget widget_block widget_text\">\n<h1>Bildverweise<\/h1>\n<\/aside>\n<aside id=\"block-94\" class=\"widget widget_block widget_text\">\n<p class=\"has-text-align-left\"><strong>Titelbild:<\/strong> commons.wikimedia.org; russiainphoto.ru; Background photo created by kjpargeter &#8211; www.freepik.com.<br \/>\n<strong>Stalinismus &amp; Forschung:<\/strong> commons.wikimedia.org.<br \/>\n<strong>Digital Humanities:<\/strong> F.W.; Background photo created by kjpargeter &#8211; www.freepik.com.<br \/>\n<strong>Aspekte des Stalinismus:<\/strong> russiainphoto.ru.<br \/>\n<strong>Glossar:<\/strong> El Lissitzky, commons.wikimedia.org.<br \/>\n<strong>Stalinismusforschung:<\/strong> russiainphoto.ru.<br \/>\n<strong>Digital Humanities Beitr\u00e4ge:<\/strong> russiainphoto.ru; Background photo created by kjpargeter &#8211; www.freepik.com.<br \/>\n<strong>Online Ressourcen:<\/strong> russiainphoto.ru; Background photo created by kjpargeter &#8211; www.freepik.com.<br \/>\n<strong>Impressum:\u00a0<\/strong>russiainphoto.ru.<\/p>\n<\/aside>\n[\/vc_column_text][vc_separator color=&#8220;black&#8220; border_width=&#8220;2&#8243;][vc_column_text]\n<div class=\"czr-wp-the-content\">\n<h1>Datenschutz<\/h1>\n<p>Mit jedem Aufruf der Website durch eine betroffene Person oder ein automatisiertes System werden eine Reihe von allgemeinen Daten und Informationen erfasst. Diese allgemeinen Daten und Informationen werden in den Logfiles des Servers gespeichert. Erfasst werden k\u00f6nnen die (1) verwendeten Browsertypen und Versionen, (2) das vom zugreifenden System verwendete Betriebssystem, (3) die Website, von welcher ein zugreifendes System auf unsere Website gelangt (sogenannte Referrer), (4) die Unterwebsites, welche \u00fcber ein zugreifendes System auf unserer Website angesteuert werden, (5) das Datum und die Uhrzeit eines Zugriffs auf die Website, (6) eine Internet-Protokoll-Adresse (IP-Adresse), (7) der Internet- Service-Provider des zugreifenden Systems und (8) sonstige \u00e4hnliche Daten und Informationen, die der Gefahrenabwehr im Falle von Angriffen auf unsere IT- Infrastruktur dienen.<\/p>\n<p>Diese Daten und Informationen werden ben\u00f6tigt, um (1) die Inhalte unserer Website korrekt darzustellen, (2) die Inhalte unserer Website zu optimieren, (3) die dauerhafte Funktionsf\u00e4higkeit unserer IT-Infrastruktur und der Technik unserer Website zu gew\u00e4hrleisten sowie (4) im Falle eines Cyberangriffes den Strafverfolgungsbeh\u00f6rden die notwendigen Informationen bereitzustellen. Die so erhobenen Daten und Informationen werden nur zu den eben erw\u00e4hnten Zwecken bearbeitet und getrennt von allen durch eine betroffene Person angegebenen personenbezogenen Daten gespeichert.<\/p>\n<p>Personenbezogene Daten, die bei der Einrichtung eines Benutzerkontos oder bei Kontaktaufnahme via Kontaktformular erhoben werden k\u00f6nnen, werden von uns in keiner Weise ausgewertet oder an Dritte weitergegeben.<\/p>\n<\/div>\n[\/vc_column_text][\/vc_column][\/vc_row][vc_row][vc_column][\/vc_column][\/vc_row][vc_row][vc_column][\/vc_column][\/vc_row][vc_row][vc_column][\/vc_column][\/vc_row]\n<\/div>","protected":false},"excerpt":{"rendered":"<p>[vc_row][vc_column][vc_column_text]\u00abStalin digital\u00bb ist ein studentisches Public-History-Projekt des Historischen Seminars der Universit\u00e4t Z\u00fcrich. Es basiert auf Arbeiten und Blog-Beitr\u00e4gen, die Studierende im Herbstsemester 2020 im Rahmen eines BA-Seminars unter der Leitung von Peter Collmer erstellten. Die redaktionelle Aufbereitung der Texte und die Aufschaltung dieser Webseite wurden durch die Unterst\u00fctzung der Fachstelle Digitale Lehre und Forschung (DLF) [&hellip;]<\/p>\n","protected":false},"author":484,"featured_media":517,"parent":0,"menu_order":0,"comment_status":"closed","ping_status":"closed","template":"","meta":{"footnotes":""},"class_list":["post-24","page","type-page","status-publish","has-post-thumbnail","czr-hentry"],"_links":{"self":[{"href":"https:\/\/dlf.uzh.ch\/sites\/stalindigital\/wp-json\/wp\/v2\/pages\/24","targetHints":{"allow":["GET"]}}],"collection":[{"href":"https:\/\/dlf.uzh.ch\/sites\/stalindigital\/wp-json\/wp\/v2\/pages"}],"about":[{"href":"https:\/\/dlf.uzh.ch\/sites\/stalindigital\/wp-json\/wp\/v2\/types\/page"}],"author":[{"embeddable":true,"href":"https:\/\/dlf.uzh.ch\/sites\/stalindigital\/wp-json\/wp\/v2\/users\/484"}],"replies":[{"embeddable":true,"href":"https:\/\/dlf.uzh.ch\/sites\/stalindigital\/wp-json\/wp\/v2\/comments?post=24"}],"version-history":[{"count":28,"href":"https:\/\/dlf.uzh.ch\/sites\/stalindigital\/wp-json\/wp\/v2\/pages\/24\/revisions"}],"predecessor-version":[{"id":854,"href":"https:\/\/dlf.uzh.ch\/sites\/stalindigital\/wp-json\/wp\/v2\/pages\/24\/revisions\/854"}],"wp:featuredmedia":[{"embeddable":true,"href":"https:\/\/dlf.uzh.ch\/sites\/stalindigital\/wp-json\/wp\/v2\/media\/517"}],"wp:attachment":[{"href":"https:\/\/dlf.uzh.ch\/sites\/stalindigital\/wp-json\/wp\/v2\/media?parent=24"}],"curies":[{"name":"wp","href":"https:\/\/api.w.org\/{rel}","templated":true}]}}