{"id":9133,"date":"2022-06-30T18:18:36","date_gmt":"2022-06-30T16:18:36","guid":{"rendered":"https:\/\/dlf.uzh.ch\/sites\/slavicumpress\/files\/2022\/06\/3_La-chasse-de-Sainte-Therese-de-Lisieux.jpeg"},"modified":"2022-06-30T18:48:41","modified_gmt":"2022-06-30T16:48:41","slug":"3_la-chasse-de-sainte-therese-de-lisieux","status":"inherit","type":"attachment","link":"https:\/\/dlf.uzh.ch\/sites\/slavicumpress\/2022\/06\/30\/normandija-po-seldam-marina-zwetajevoj-ludmila-marchensin\/3_la-chasse-de-sainte-therese-de-lisieux\/","title":{"rendered":"3_La ch\u00e2sse de Sainte Th\u00e9r\u00e8se de Lisieux"},"author":709,"featured_media":0,"comment_status":"open","ping_status":"closed","template":"","meta":{"_acf_changed":false,"_FSMCFIC_featured_image_caption":"","_FSMCFIC_featured_image_nocaption":"","_FSMCFIC_featured_image_hide":""},"class_list":["entry","author-olga","post-9133","attachment","type-attachment","status-inherit"],"acf":[],"description":{"rendered":"<p class=\"attachment\"><a href='https:\/\/dlf.uzh.ch\/sites\/slavicumpress\/files\/2022\/06\/3_La-chasse-de-Sainte-Therese-de-Lisieux.jpeg'><img loading=\"lazy\" decoding=\"async\" width=\"225\" height=\"300\" src=\"https:\/\/dlf.uzh.ch\/sites\/slavicumpress\/files\/2022\/06\/3_La-chasse-de-Sainte-Therese-de-Lisieux-225x300.jpeg\" class=\"attachment-medium size-medium\" alt=\"\" srcset=\"https:\/\/dlf.uzh.ch\/sites\/slavicumpress\/files\/2022\/06\/3_La-chasse-de-Sainte-Therese-de-Lisieux-225x300.jpeg 225w, https:\/\/dlf.uzh.ch\/sites\/slavicumpress\/files\/2022\/06\/3_La-chasse-de-Sainte-Therese-de-Lisieux-768x1024.jpeg 768w, https:\/\/dlf.uzh.ch\/sites\/slavicumpress\/files\/2022\/06\/3_La-chasse-de-Sainte-Therese-de-Lisieux-1152x1536.jpeg 1152w, https:\/\/dlf.uzh.ch\/sites\/slavicumpress\/files\/2022\/06\/3_La-chasse-de-Sainte-Therese-de-Lisieux-413x550.jpeg 413w, https:\/\/dlf.uzh.ch\/sites\/slavicumpress\/files\/2022\/06\/3_La-chasse-de-Sainte-Therese-de-Lisieux-375x500.jpeg 375w, https:\/\/dlf.uzh.ch\/sites\/slavicumpress\/files\/2022\/06\/3_La-chasse-de-Sainte-Therese-de-Lisieux.jpeg 1200w\" sizes=\"auto, (max-width: 225px) 100vw, 225px\" \/><\/a><\/p>\n"},"caption":{"rendered":"<p> \u041d\u0430\u0434\u0433\u0440\u043e\u0431\u043d\u044b\u0439 \u043f\u0430\u043c\u044f\u0442\u043d\u0438\u043a \u0441\u0432\u044f\u0442\u043e\u0439 \u0422\u0435\u0440\u0435\u0437\u0435, \u0447\u0430\u0441\u043e\u0432\u043d\u044f \u043a\u0430\u0440\u043c\u0435\u043b\u0438\u0442\u0441\u043a\u043e\u0433\u043e \u043c\u043e\u043d\u0430\u0441\u0442\u044b\u0440\u044f \u00a9 Galina Blaret<span class=\"more-link\"><a href=\"https:\/\/dlf.uzh.ch\/sites\/slavicumpress\/2022\/06\/30\/normandija-po-seldam-marina-zwetajevoj-ludmila-marchensin\/3_la-chasse-de-sainte-therese-de-lisieux\/\">Read More &rarr;<\/a><\/span><\/p>\n"},"alt_text":"","media_type":"image","mime_type":"image\/jpeg","media_details":{"width":1200,"height":1600,"file":"2022\/06\/3_La-chasse-de-Sainte-Therese-de-Lisieux.jpeg","filesize":128845,"sizes":{"medium":{"file":"3_La-chasse-de-Sainte-Therese-de-Lisieux-225x300.jpeg","width":225,"height":300,"filesize":17332,"mime_type":"image\/jpeg","source_url":"https:\/\/dlf.uzh.ch\/sites\/slavicumpress\/files\/2022\/06\/3_La-chasse-de-Sainte-Therese-de-Lisieux-225x300.jpeg"},"large":{"file":"3_La-chasse-de-Sainte-Therese-de-Lisieux-768x1024.jpeg","width":768,"height":1024,"filesize":127924,"mime_type":"image\/jpeg","source_url":"https:\/\/dlf.uzh.ch\/sites\/slavicumpress\/files\/2022\/06\/3_La-chasse-de-Sainte-Therese-de-Lisieux-768x1024.jpeg"},"thumbnail":{"file":"3_La-chasse-de-Sainte-Therese-de-Lisieux-150x150.jpeg","width":150,"height":150,"filesize":6720,"mime_type":"image\/jpeg","source_url":"https:\/\/dlf.uzh.ch\/sites\/slavicumpress\/files\/2022\/06\/3_La-chasse-de-Sainte-Therese-de-Lisieux-150x150.jpeg"},"medium_large":{"file":"3_La-chasse-de-Sainte-Therese-de-Lisieux-768x1024.jpeg","width":768,"height":1024,"filesize":127924,"mime_type":"image\/jpeg","source_url":"https:\/\/dlf.uzh.ch\/sites\/slavicumpress\/files\/2022\/06\/3_La-chasse-de-Sainte-Therese-de-Lisieux-768x1024.jpeg"},"1536x1536":{"file":"3_La-chasse-de-Sainte-Therese-de-Lisieux-1152x1536.jpeg","width":1152,"height":1536,"filesize":235156,"mime_type":"image\/jpeg","source_url":"https:\/\/dlf.uzh.ch\/sites\/slavicumpress\/files\/2022\/06\/3_La-chasse-de-Sainte-Therese-de-Lisieux-1152x1536.jpeg"},"hoot-medium-thumb":{"file":"3_La-chasse-de-Sainte-Therese-de-Lisieux-460x270.jpeg","width":460,"height":270,"filesize":26941,"mime_type":"image\/jpeg","source_url":"https:\/\/dlf.uzh.ch\/sites\/slavicumpress\/files\/2022\/06\/3_La-chasse-de-Sainte-Therese-de-Lisieux-460x270.jpeg"},"hoot-preview":{"file":"3_La-chasse-de-Sainte-Therese-de-Lisieux-413x550.jpeg","width":413,"height":550,"filesize":47666,"mime_type":"image\/jpeg","source_url":"https:\/\/dlf.uzh.ch\/sites\/slavicumpress\/files\/2022\/06\/3_La-chasse-de-Sainte-Therese-de-Lisieux-413x550.jpeg"},"hoot-large-thumb":{"file":"3_La-chasse-de-Sainte-Therese-de-Lisieux-690x500.jpeg","width":690,"height":500,"filesize":63111,"mime_type":"image\/jpeg","source_url":"https:\/\/dlf.uzh.ch\/sites\/slavicumpress\/files\/2022\/06\/3_La-chasse-de-Sainte-Therese-de-Lisieux-690x500.jpeg"},"hoot-preview-large":{"file":"3_La-chasse-de-Sainte-Therese-de-Lisieux-375x500.jpeg","width":375,"height":500,"filesize":40565,"mime_type":"image\/jpeg","source_url":"https:\/\/dlf.uzh.ch\/sites\/slavicumpress\/files\/2022\/06\/3_La-chasse-de-Sainte-Therese-de-Lisieux-375x500.jpeg"},"hoot-wide":{"file":"3_La-chasse-de-Sainte-Therese-de-Lisieux-920x425.jpeg","width":920,"height":425,"filesize":66015,"mime_type":"image\/jpeg","source_url":"https:\/\/dlf.uzh.ch\/sites\/slavicumpress\/files\/2022\/06\/3_La-chasse-de-Sainte-Therese-de-Lisieux-920x425.jpeg"},"hoot-extra-wide":{"file":"3_La-chasse-de-Sainte-Therese-de-Lisieux-1035x425.jpeg","width":1035,"height":425,"filesize":71777,"mime_type":"image\/jpeg","source_url":"https:\/\/dlf.uzh.ch\/sites\/slavicumpress\/files\/2022\/06\/3_La-chasse-de-Sainte-Therese-de-Lisieux-1035x425.jpeg"},"full":{"file":"3_La-chasse-de-Sainte-Therese-de-Lisieux.jpeg","width":1200,"height":1600,"mime_type":"image\/jpeg","source_url":"https:\/\/dlf.uzh.ch\/sites\/slavicumpress\/files\/2022\/06\/3_La-chasse-de-Sainte-Therese-de-Lisieux.jpeg"}},"image_meta":{"aperture":"0","credit":"","camera":"","caption":"","created_timestamp":"0","copyright":"","focal_length":"0","iso":"0","shutter_speed":"0","title":"","orientation":"0","keywords":[]}},"post":9123,"source_url":"https:\/\/dlf.uzh.ch\/sites\/slavicumpress\/files\/2022\/06\/3_La-chasse-de-Sainte-Therese-de-Lisieux.jpeg","_links":{"self":[{"href":"https:\/\/dlf.uzh.ch\/sites\/slavicumpress\/wp-json\/wp\/v2\/media\/9133","targetHints":{"allow":["GET"]}}],"collection":[{"href":"https:\/\/dlf.uzh.ch\/sites\/slavicumpress\/wp-json\/wp\/v2\/media"}],"about":[{"href":"https:\/\/dlf.uzh.ch\/sites\/slavicumpress\/wp-json\/wp\/v2\/types\/attachment"}],"author":[{"embeddable":true,"href":"https:\/\/dlf.uzh.ch\/sites\/slavicumpress\/wp-json\/wp\/v2\/users\/709"}],"replies":[{"embeddable":true,"href":"https:\/\/dlf.uzh.ch\/sites\/slavicumpress\/wp-json\/wp\/v2\/comments?post=9133"}]}}

3_La châsse de Sainte Thérèse de Lisieux

<p> Надгробный памятник святой Терезе, часовня кармелитского монастыря © Galina Blaret<span class="more-link"><a href="https://dlf.uzh.ch/sites/slavicumpress/2022/06/30/normandija-po-seldam-marina-zwetajevoj-ludmila-marchensin/3_la-chasse-de-sainte-therese-de-lisieux/">Read More &rarr;</a></span></p>
