{"id":3389,"date":"2020-03-17T20:01:09","date_gmt":"2020-03-17T19:01:09","guid":{"rendered":"https:\/\/dlf.uzh.ch\/sites\/slavicumpress\/files\/2020\/03\/Foto-Labu\u0165-\u0158\u00ed\u010dany_29.2-51.jpg"},"modified":"2020-03-17T20:01:51","modified_gmt":"2020-03-17T19:01:51","slug":"foto-labut-ricany_29-2-51","status":"inherit","type":"attachment","link":"https:\/\/dlf.uzh.ch\/sites\/slavicumpress\/2020\/03\/17\/jet-lag-interview-concert-kulturni-centrum-labut-ricany\/foto-labut-ricany_29-2-51\/","title":{"rendered":"Foto-Labu\u0165-\u0158\u00ed\u010dany_29.2 (51)"},"author":484,"featured_media":0,"comment_status":"open","ping_status":"closed","template":"","meta":{"_acf_changed":false,"_FSMCFIC_featured_image_caption":"","_FSMCFIC_featured_image_nocaption":"","_FSMCFIC_featured_image_hide":""},"class_list":["entry","author-flowie","post-3389","attachment","type-attachment","status-inherit"],"acf":[],"description":{"rendered":"<p class=\"attachment\"><a href='https:\/\/dlf.uzh.ch\/sites\/slavicumpress\/files\/2020\/03\/Foto-Labu\u0165-\u0158\u00ed\u010dany_29.2-51-scaled.jpg'><img loading=\"lazy\" decoding=\"async\" width=\"200\" height=\"300\" src=\"https:\/\/dlf.uzh.ch\/sites\/slavicumpress\/files\/2020\/03\/Foto-Labu\u0165-\u0158\u00ed\u010dany_29.2-51-200x300.jpg\" class=\"attachment-medium size-medium\" alt=\"\" srcset=\"https:\/\/dlf.uzh.ch\/sites\/slavicumpress\/files\/2020\/03\/Foto-Labu\u0165-\u0158\u00ed\u010dany_29.2-51-200x300.jpg 200w, https:\/\/dlf.uzh.ch\/sites\/slavicumpress\/files\/2020\/03\/Foto-Labu\u0165-\u0158\u00ed\u010dany_29.2-51-683x1024.jpg 683w, https:\/\/dlf.uzh.ch\/sites\/slavicumpress\/files\/2020\/03\/Foto-Labu\u0165-\u0158\u00ed\u010dany_29.2-51-768x1152.jpg 768w, https:\/\/dlf.uzh.ch\/sites\/slavicumpress\/files\/2020\/03\/Foto-Labu\u0165-\u0158\u00ed\u010dany_29.2-51-1024x1536.jpg 1024w, https:\/\/dlf.uzh.ch\/sites\/slavicumpress\/files\/2020\/03\/Foto-Labu\u0165-\u0158\u00ed\u010dany_29.2-51-1365x2048.jpg 1365w, https:\/\/dlf.uzh.ch\/sites\/slavicumpress\/files\/2020\/03\/Foto-Labu\u0165-\u0158\u00ed\u010dany_29.2-51-367x550.jpg 367w, https:\/\/dlf.uzh.ch\/sites\/slavicumpress\/files\/2020\/03\/Foto-Labu\u0165-\u0158\u00ed\u010dany_29.2-51-333x500.jpg 333w, https:\/\/dlf.uzh.ch\/sites\/slavicumpress\/files\/2020\/03\/Foto-Labu\u0165-\u0158\u00ed\u010dany_29.2-51-scaled.jpg 1707w\" sizes=\"auto, (max-width: 200px) 100vw, 200px\" \/><\/a><\/p>\n"},"caption":{"rendered":"<p>\u00a9 Ond\u0159ej Poncar<span class=\"more-link\"><a href=\"https:\/\/dlf.uzh.ch\/sites\/slavicumpress\/2020\/03\/17\/jet-lag-interview-concert-kulturni-centrum-labut-ricany\/foto-labut-ricany_29-2-51\/\">Read More &rarr;<\/a><\/span><\/p>\n"},"alt_text":"","media_type":"image","mime_type":"image\/jpeg","media_details":{"width":1707,"height":2560,"file":"2020\/03\/Foto-Labu\u0165-\u0158\u00ed\u010dany_29.2-51-scaled.jpg","sizes":{"medium":{"file":"Foto-Labu\u0165-\u0158\u00ed\u010dany_29.2-51-200x300.jpg","width":200,"height":300,"mime_type":"image\/jpeg","source_url":"https:\/\/dlf.uzh.ch\/sites\/slavicumpress\/files\/2020\/03\/Foto-Labu\u0165-\u0158\u00ed\u010dany_29.2-51-200x300.jpg"},"large":{"file":"Foto-Labu\u0165-\u0158\u00ed\u010dany_29.2-51-683x1024.jpg","width":683,"height":1024,"mime_type":"image\/jpeg","source_url":"https:\/\/dlf.uzh.ch\/sites\/slavicumpress\/files\/2020\/03\/Foto-Labu\u0165-\u0158\u00ed\u010dany_29.2-51-683x1024.jpg"},"thumbnail":{"file":"Foto-Labu\u0165-\u0158\u00ed\u010dany_29.2-51-150x150.jpg","width":150,"height":150,"mime_type":"image\/jpeg","source_url":"https:\/\/dlf.uzh.ch\/sites\/slavicumpress\/files\/2020\/03\/Foto-Labu\u0165-\u0158\u00ed\u010dany_29.2-51-150x150.jpg"},"medium_large":{"file":"Foto-Labu\u0165-\u0158\u00ed\u010dany_29.2-51-768x1152.jpg","width":768,"height":1152,"mime_type":"image\/jpeg","source_url":"https:\/\/dlf.uzh.ch\/sites\/slavicumpress\/files\/2020\/03\/Foto-Labu\u0165-\u0158\u00ed\u010dany_29.2-51-768x1152.jpg"},"1536x1536":{"file":"Foto-Labu\u0165-\u0158\u00ed\u010dany_29.2-51-1024x1536.jpg","width":1024,"height":1536,"mime_type":"image\/jpeg","source_url":"https:\/\/dlf.uzh.ch\/sites\/slavicumpress\/files\/2020\/03\/Foto-Labu\u0165-\u0158\u00ed\u010dany_29.2-51-1024x1536.jpg"},"2048x2048":{"file":"Foto-Labu\u0165-\u0158\u00ed\u010dany_29.2-51-1365x2048.jpg","width":1365,"height":2048,"mime_type":"image\/jpeg","source_url":"https:\/\/dlf.uzh.ch\/sites\/slavicumpress\/files\/2020\/03\/Foto-Labu\u0165-\u0158\u00ed\u010dany_29.2-51-1365x2048.jpg"},"hoot-medium-thumb":{"file":"Foto-Labu\u0165-\u0158\u00ed\u010dany_29.2-51-460x270.jpg","width":460,"height":270,"mime_type":"image\/jpeg","source_url":"https:\/\/dlf.uzh.ch\/sites\/slavicumpress\/files\/2020\/03\/Foto-Labu\u0165-\u0158\u00ed\u010dany_29.2-51-460x270.jpg"},"hoot-preview":{"file":"Foto-Labu\u0165-\u0158\u00ed\u010dany_29.2-51-367x550.jpg","width":367,"height":550,"mime_type":"image\/jpeg","source_url":"https:\/\/dlf.uzh.ch\/sites\/slavicumpress\/files\/2020\/03\/Foto-Labu\u0165-\u0158\u00ed\u010dany_29.2-51-367x550.jpg"},"hoot-large-thumb":{"file":"Foto-Labu\u0165-\u0158\u00ed\u010dany_29.2-51-690x500.jpg","width":690,"height":500,"mime_type":"image\/jpeg","source_url":"https:\/\/dlf.uzh.ch\/sites\/slavicumpress\/files\/2020\/03\/Foto-Labu\u0165-\u0158\u00ed\u010dany_29.2-51-690x500.jpg"},"hoot-preview-large":{"file":"Foto-Labu\u0165-\u0158\u00ed\u010dany_29.2-51-333x500.jpg","width":333,"height":500,"mime_type":"image\/jpeg","source_url":"https:\/\/dlf.uzh.ch\/sites\/slavicumpress\/files\/2020\/03\/Foto-Labu\u0165-\u0158\u00ed\u010dany_29.2-51-333x500.jpg"},"hoot-wide":{"file":"Foto-Labu\u0165-\u0158\u00ed\u010dany_29.2-51-920x425.jpg","width":920,"height":425,"mime_type":"image\/jpeg","source_url":"https:\/\/dlf.uzh.ch\/sites\/slavicumpress\/files\/2020\/03\/Foto-Labu\u0165-\u0158\u00ed\u010dany_29.2-51-920x425.jpg"},"hoot-extra-wide":{"file":"Foto-Labu\u0165-\u0158\u00ed\u010dany_29.2-51-1035x425.jpg","width":1035,"height":425,"mime_type":"image\/jpeg","source_url":"https:\/\/dlf.uzh.ch\/sites\/slavicumpress\/files\/2020\/03\/Foto-Labu\u0165-\u0158\u00ed\u010dany_29.2-51-1035x425.jpg"},"full":{"file":"Foto-Labu\u0165-\u0158\u00ed\u010dany_29.2-51-scaled.jpg","width":1707,"height":2560,"mime_type":"image\/jpeg","source_url":"https:\/\/dlf.uzh.ch\/sites\/slavicumpress\/files\/2020\/03\/Foto-Labu\u0165-\u0158\u00ed\u010dany_29.2-51-scaled.jpg"}},"image_meta":{"aperture":"1.8","credit":"","camera":"NIKON D3500","caption":"","created_timestamp":"1583008192","copyright":"","focal_length":"50","iso":"1600","shutter_speed":"0.002","title":"","orientation":"0","keywords":[]},"original_image":"Foto-Labu\u0165-\u0158\u00ed\u010dany_29.2-51.jpg"},"post":3385,"source_url":"https:\/\/dlf.uzh.ch\/sites\/slavicumpress\/files\/2020\/03\/Foto-Labu\u0165-\u0158\u00ed\u010dany_29.2-51-scaled.jpg","_links":{"self":[{"href":"https:\/\/dlf.uzh.ch\/sites\/slavicumpress\/wp-json\/wp\/v2\/media\/3389","targetHints":{"allow":["GET"]}}],"collection":[{"href":"https:\/\/dlf.uzh.ch\/sites\/slavicumpress\/wp-json\/wp\/v2\/media"}],"about":[{"href":"https:\/\/dlf.uzh.ch\/sites\/slavicumpress\/wp-json\/wp\/v2\/types\/attachment"}],"author":[{"embeddable":true,"href":"https:\/\/dlf.uzh.ch\/sites\/slavicumpress\/wp-json\/wp\/v2\/users\/484"}],"replies":[{"embeddable":true,"href":"https:\/\/dlf.uzh.ch\/sites\/slavicumpress\/wp-json\/wp\/v2\/comments?post=3389"}]}}

https://dlf.uzh.ch/sites/slavicumpress/files/2020/03/Foto-Labuť-Říčany_29.2-51.jpg

Foto-Labuť-Říčany_29.2 (51)

<p class="attachment"><a href='https://dlf.uzh.ch/sites/slavicumpress/files/2020/03/Foto-Labuť-Říčany_29.2-51-scaled.jpg'><img loading="lazy" decoding="async" width="200" height="300" src="https://dlf.uzh.ch/sites/slavicumpress/files/2020/03/Foto-Labuť-Říčany_29.2-51-200x300.jpg" class="attachment-medium size-medium" alt="" srcset="https://dlf.uzh.ch/sites/slavicumpress/files/2020/03/Foto-Labuť-Říčany_29.2-51-200x300.jpg 200w, https://dlf.uzh.ch/sites/slavicumpress/files/2020/03/Foto-Labuť-Říčany_29.2-51-683x1024.jpg 683w, https://dlf.uzh.ch/sites/slavicumpress/files/2020/03/Foto-Labuť-Říčany_29.2-51-768x1152.jpg 768w, https://dlf.uzh.ch/sites/slavicumpress/files/2020/03/Foto-Labuť-Říčany_29.2-51-1024x1536.jpg 1024w, https://dlf.uzh.ch/sites/slavicumpress/files/2020/03/Foto-Labuť-Říčany_29.2-51-1365x2048.jpg 1365w, https://dlf.uzh.ch/sites/slavicumpress/files/2020/03/Foto-Labuť-Říčany_29.2-51-367x550.jpg 367w, https://dlf.uzh.ch/sites/slavicumpress/files/2020/03/Foto-Labuť-Říčany_29.2-51-333x500.jpg 333w, https://dlf.uzh.ch/sites/slavicumpress/files/2020/03/Foto-Labuť-Říčany_29.2-51-scaled.jpg 1707w" sizes="auto, (max-width: 200px) 100vw, 200px" /></a></p>

<p>© Ondřej Poncar<span class="more-link"><a href="https://dlf.uzh.ch/sites/slavicumpress/2020/03/17/jet-lag-interview-concert-kulturni-centrum-labut-ricany/foto-labut-ricany_29-2-51/">Read More &rarr;</a></span></p>

2020/03/Foto-Labuť-Říčany_29.2-51-scaled.jpg

Foto-Labuť-Říčany_29.2-51-200x300.jpg

https://dlf.uzh.ch/sites/slavicumpress/files/2020/03/Foto-Labuť-Říčany_29.2-51-200x300.jpg

Foto-Labuť-Říčany_29.2-51-683x1024.jpg

https://dlf.uzh.ch/sites/slavicumpress/files/2020/03/Foto-Labuť-Říčany_29.2-51-683x1024.jpg

Foto-Labuť-Říčany_29.2-51-150x150.jpg

https://dlf.uzh.ch/sites/slavicumpress/files/2020/03/Foto-Labuť-Říčany_29.2-51-150x150.jpg

Foto-Labuť-Říčany_29.2-51-768x1152.jpg

https://dlf.uzh.ch/sites/slavicumpress/files/2020/03/Foto-Labuť-Říčany_29.2-51-768x1152.jpg

Foto-Labuť-Říčany_29.2-51-1024x1536.jpg

https://dlf.uzh.ch/sites/slavicumpress/files/2020/03/Foto-Labuť-Říčany_29.2-51-1024x1536.jpg

Foto-Labuť-Říčany_29.2-51-1365x2048.jpg

https://dlf.uzh.ch/sites/slavicumpress/files/2020/03/Foto-Labuť-Říčany_29.2-51-1365x2048.jpg

Foto-Labuť-Říčany_29.2-51-460x270.jpg

https://dlf.uzh.ch/sites/slavicumpress/files/2020/03/Foto-Labuť-Říčany_29.2-51-460x270.jpg

Foto-Labuť-Říčany_29.2-51-367x550.jpg

https://dlf.uzh.ch/sites/slavicumpress/files/2020/03/Foto-Labuť-Říčany_29.2-51-367x550.jpg

Foto-Labuť-Říčany_29.2-51-690x500.jpg

https://dlf.uzh.ch/sites/slavicumpress/files/2020/03/Foto-Labuť-Říčany_29.2-51-690x500.jpg

Foto-Labuť-Říčany_29.2-51-333x500.jpg

https://dlf.uzh.ch/sites/slavicumpress/files/2020/03/Foto-Labuť-Říčany_29.2-51-333x500.jpg

Foto-Labuť-Říčany_29.2-51-920x425.jpg

https://dlf.uzh.ch/sites/slavicumpress/files/2020/03/Foto-Labuť-Říčany_29.2-51-920x425.jpg

Foto-Labuť-Říčany_29.2-51-1035x425.jpg

https://dlf.uzh.ch/sites/slavicumpress/files/2020/03/Foto-Labuť-Říčany_29.2-51-1035x425.jpg

Foto-Labuť-Říčany_29.2-51-scaled.jpg

https://dlf.uzh.ch/sites/slavicumpress/files/2020/03/Foto-Labuť-Říčany_29.2-51-scaled.jpg

Foto-Labuť-Říčany_29.2-51.jpg
