{"id":3233,"date":"2020-03-06T13:57:57","date_gmt":"2020-03-06T12:57:57","guid":{"rendered":"https:\/\/dlf.uzh.ch\/sites\/slavicumpress\/files\/2020\/03\/\u00e0\u00b4\u00b4.5-\u00c5\u2020\u00c2\u00a8\u2020\u2260-\u00c4.\u00c4.-\u00f2\u00e0\u00e4\u00e5.jpg"},"modified":"2020-03-17T19:51:41","modified_gmt":"2020-03-17T18:51:41","slug":"a-5-a%e2%80%a0a%c2%a8%e2%80%a0%e2%89%a0-ae-ae-oaaea","status":"inherit","type":"attachment","link":"https:\/\/dlf.uzh.ch\/sites\/slavicumpress\/2020\/03\/06\/julia-borisova-die-entstehung-deutscher-siedlungen-auf-dem-territorium-des-bezirks-schemonaicha\/a-5-a%e2%80%a0a%c2%a8%e2%80%a0%e2%89%a0-ae-ae-oaaea\/","title":{"rendered":"\u00e0\u00b4\u00b4.5 \u00c5\u2020\u00c2\u00a8\u2020\u2260 \u00c4.\u00c4. (\u00f2\u00e0\u00e4\u00e5)"},"author":484,"featured_media":0,"comment_status":"open","ping_status":"closed","template":"","meta":{"_acf_changed":false,"_FSMCFIC_featured_image_caption":"","_FSMCFIC_featured_image_nocaption":"","_FSMCFIC_featured_image_hide":""},"class_list":["entry","author-flowie","post-3233","attachment","type-attachment","status-inherit"],"acf":[],"description":{"rendered":"<p class=\"attachment\"><a href='https:\/\/dlf.uzh.ch\/sites\/slavicumpress\/files\/2020\/03\/\u00e0\u00b4\u00b4.5-\u00c5\u2020\u00c2\u00a8\u2020\u2260-\u00c4.\u00c4.-\u00f2\u00e0\u00e4\u00e5.jpg'><img loading=\"lazy\" decoding=\"async\" width=\"272\" height=\"300\" src=\"https:\/\/dlf.uzh.ch\/sites\/slavicumpress\/files\/2020\/03\/\u00e0\u00b4\u00b4.5-\u00c5\u2020\u00c2\u00a8\u2020\u2260-\u00c4.\u00c4.-\u00f2\u00e0\u00e4\u00e5-272x300.jpg\" class=\"attachment-medium size-medium\" alt=\"\" srcset=\"https:\/\/dlf.uzh.ch\/sites\/slavicumpress\/files\/2020\/03\/\u00e0\u00b4\u00b4.5-\u00c5\u2020\u00c2\u00a8\u2020\u2260-\u00c4.\u00c4.-\u00f2\u00e0\u00e4\u00e5-272x300.jpg 272w, https:\/\/dlf.uzh.ch\/sites\/slavicumpress\/files\/2020\/03\/\u00e0\u00b4\u00b4.5-\u00c5\u2020\u00c2\u00a8\u2020\u2260-\u00c4.\u00c4.-\u00f2\u00e0\u00e4\u00e5-930x1024.jpg 930w, https:\/\/dlf.uzh.ch\/sites\/slavicumpress\/files\/2020\/03\/\u00e0\u00b4\u00b4.5-\u00c5\u2020\u00c2\u00a8\u2020\u2260-\u00c4.\u00c4.-\u00f2\u00e0\u00e4\u00e5-768x846.jpg 768w, https:\/\/dlf.uzh.ch\/sites\/slavicumpress\/files\/2020\/03\/\u00e0\u00b4\u00b4.5-\u00c5\u2020\u00c2\u00a8\u2020\u2260-\u00c4.\u00c4.-\u00f2\u00e0\u00e4\u00e5-465x512.jpg 465w, https:\/\/dlf.uzh.ch\/sites\/slavicumpress\/files\/2020\/03\/\u00e0\u00b4\u00b4.5-\u00c5\u2020\u00c2\u00a8\u2020\u2260-\u00c4.\u00c4.-\u00f2\u00e0\u00e4\u00e5-454x500.jpg 454w, https:\/\/dlf.uzh.ch\/sites\/slavicumpress\/files\/2020\/03\/\u00e0\u00b4\u00b4.5-\u00c5\u2020\u00c2\u00a8\u2020\u2260-\u00c4.\u00c4.-\u00f2\u00e0\u00e4\u00e5.jpg 1231w\" sizes=\"auto, (max-width: 272px) 100vw, 272px\" \/><\/a><\/p>\n<p>\u00a9\u0428\u0435\u043c\u043e\u043d\u0430\u0438\u0445\u0438\u043d\u0441\u043a\u0438\u0438\u0306 \u0438\u0441\u0442\u043e\u0440\u0438\u043a\u043e-\u043a\u0440\u0430\u0435\u0432\u0435\u0434\u0447\u0435\u0441\u043a\u0438\u0438\u0306 \u043c\u0443\u0437\u0435\u0438\u0306 \u0428\u0418\u041a\u041c<\/p>\n"},"caption":{"rendered":"<p>Abbildung 6: A. A. Bachmann \u00a9 SchemGM<span class=\"more-link\"><a href=\"https:\/\/dlf.uzh.ch\/sites\/slavicumpress\/2020\/03\/06\/julia-borisova-die-entstehung-deutscher-siedlungen-auf-dem-territorium-des-bezirks-schemonaicha\/a-5-a%e2%80%a0a%c2%a8%e2%80%a0%e2%89%a0-ae-ae-oaaea\/\">Read More &rarr;<\/a><\/span><\/p>\n"},"alt_text":"","media_type":"image","mime_type":"image\/jpeg","media_details":{"width":1231,"height":1356,"file":"2020\/03\/\u00e0\u00b4\u00b4.5-\u00c5\u2020\u00c2\u00a8\u2020\u2260-\u00c4.\u00c4.-\u00f2\u00e0\u00e4\u00e5.jpg","sizes":{"medium":{"file":"\u00e0\u00b4\u00b4.5-\u00c5\u2020\u00c2\u00a8\u2020\u2260-\u00c4.\u00c4.-\u00f2\u00e0\u00e4\u00e5-272x300.jpg","width":272,"height":300,"mime_type":"image\/jpeg","source_url":"https:\/\/dlf.uzh.ch\/sites\/slavicumpress\/files\/2020\/03\/\u00e0\u00b4\u00b4.5-\u00c5\u2020\u00c2\u00a8\u2020\u2260-\u00c4.\u00c4.-\u00f2\u00e0\u00e4\u00e5-272x300.jpg"},"large":{"file":"\u00e0\u00b4\u00b4.5-\u00c5\u2020\u00c2\u00a8\u2020\u2260-\u00c4.\u00c4.-\u00f2\u00e0\u00e4\u00e5-930x1024.jpg","width":930,"height":1024,"mime_type":"image\/jpeg","source_url":"https:\/\/dlf.uzh.ch\/sites\/slavicumpress\/files\/2020\/03\/\u00e0\u00b4\u00b4.5-\u00c5\u2020\u00c2\u00a8\u2020\u2260-\u00c4.\u00c4.-\u00f2\u00e0\u00e4\u00e5-930x1024.jpg"},"thumbnail":{"file":"\u00e0\u00b4\u00b4.5-\u00c5\u2020\u00c2\u00a8\u2020\u2260-\u00c4.\u00c4.-\u00f2\u00e0\u00e4\u00e5-150x150.jpg","width":150,"height":150,"mime_type":"image\/jpeg","source_url":"https:\/\/dlf.uzh.ch\/sites\/slavicumpress\/files\/2020\/03\/\u00e0\u00b4\u00b4.5-\u00c5\u2020\u00c2\u00a8\u2020\u2260-\u00c4.\u00c4.-\u00f2\u00e0\u00e4\u00e5-150x150.jpg"},"medium_large":{"file":"\u00e0\u00b4\u00b4.5-\u00c5\u2020\u00c2\u00a8\u2020\u2260-\u00c4.\u00c4.-\u00f2\u00e0\u00e4\u00e5-768x846.jpg","width":768,"height":846,"mime_type":"image\/jpeg","source_url":"https:\/\/dlf.uzh.ch\/sites\/slavicumpress\/files\/2020\/03\/\u00e0\u00b4\u00b4.5-\u00c5\u2020\u00c2\u00a8\u2020\u2260-\u00c4.\u00c4.-\u00f2\u00e0\u00e4\u00e5-768x846.jpg"},"hoot-medium-thumb":{"file":"\u00e0\u00b4\u00b4.5-\u00c5\u2020\u00c2\u00a8\u2020\u2260-\u00c4.\u00c4.-\u00f2\u00e0\u00e4\u00e5-460x270.jpg","width":460,"height":270,"mime_type":"image\/jpeg","source_url":"https:\/\/dlf.uzh.ch\/sites\/slavicumpress\/files\/2020\/03\/\u00e0\u00b4\u00b4.5-\u00c5\u2020\u00c2\u00a8\u2020\u2260-\u00c4.\u00c4.-\u00f2\u00e0\u00e4\u00e5-460x270.jpg"},"hoot-preview":{"file":"\u00e0\u00b4\u00b4.5-\u00c5\u2020\u00c2\u00a8\u2020\u2260-\u00c4.\u00c4.-\u00f2\u00e0\u00e4\u00e5-465x512.jpg","width":465,"height":512,"mime_type":"image\/jpeg","source_url":"https:\/\/dlf.uzh.ch\/sites\/slavicumpress\/files\/2020\/03\/\u00e0\u00b4\u00b4.5-\u00c5\u2020\u00c2\u00a8\u2020\u2260-\u00c4.\u00c4.-\u00f2\u00e0\u00e4\u00e5-465x512.jpg"},"hoot-large-thumb":{"file":"\u00e0\u00b4\u00b4.5-\u00c5\u2020\u00c2\u00a8\u2020\u2260-\u00c4.\u00c4.-\u00f2\u00e0\u00e4\u00e5-690x500.jpg","width":690,"height":500,"mime_type":"image\/jpeg","source_url":"https:\/\/dlf.uzh.ch\/sites\/slavicumpress\/files\/2020\/03\/\u00e0\u00b4\u00b4.5-\u00c5\u2020\u00c2\u00a8\u2020\u2260-\u00c4.\u00c4.-\u00f2\u00e0\u00e4\u00e5-690x500.jpg"},"hoot-preview-large":{"file":"\u00e0\u00b4\u00b4.5-\u00c5\u2020\u00c2\u00a8\u2020\u2260-\u00c4.\u00c4.-\u00f2\u00e0\u00e4\u00e5-454x500.jpg","width":454,"height":500,"mime_type":"image\/jpeg","source_url":"https:\/\/dlf.uzh.ch\/sites\/slavicumpress\/files\/2020\/03\/\u00e0\u00b4\u00b4.5-\u00c5\u2020\u00c2\u00a8\u2020\u2260-\u00c4.\u00c4.-\u00f2\u00e0\u00e4\u00e5-454x500.jpg"},"hoot-wide":{"file":"\u00e0\u00b4\u00b4.5-\u00c5\u2020\u00c2\u00a8\u2020\u2260-\u00c4.\u00c4.-\u00f2\u00e0\u00e4\u00e5-920x425.jpg","width":920,"height":425,"mime_type":"image\/jpeg","source_url":"https:\/\/dlf.uzh.ch\/sites\/slavicumpress\/files\/2020\/03\/\u00e0\u00b4\u00b4.5-\u00c5\u2020\u00c2\u00a8\u2020\u2260-\u00c4.\u00c4.-\u00f2\u00e0\u00e4\u00e5-920x425.jpg"},"hoot-extra-wide":{"file":"\u00e0\u00b4\u00b4.5-\u00c5\u2020\u00c2\u00a8\u2020\u2260-\u00c4.\u00c4.-\u00f2\u00e0\u00e4\u00e5-1035x425.jpg","width":1035,"height":425,"mime_type":"image\/jpeg","source_url":"https:\/\/dlf.uzh.ch\/sites\/slavicumpress\/files\/2020\/03\/\u00e0\u00b4\u00b4.5-\u00c5\u2020\u00c2\u00a8\u2020\u2260-\u00c4.\u00c4.-\u00f2\u00e0\u00e4\u00e5-1035x425.jpg"},"full":{"file":"\u00e0\u00b4\u00b4.5-\u00c5\u2020\u00c2\u00a8\u2020\u2260-\u00c4.\u00c4.-\u00f2\u00e0\u00e4\u00e5.jpg","width":1231,"height":1356,"mime_type":"image\/jpeg","source_url":"https:\/\/dlf.uzh.ch\/sites\/slavicumpress\/files\/2020\/03\/\u00e0\u00b4\u00b4.5-\u00c5\u2020\u00c2\u00a8\u2020\u2260-\u00c4.\u00c4.-\u00f2\u00e0\u00e4\u00e5.jpg"}},"image_meta":{"aperture":"0","credit":"","camera":"","caption":"","created_timestamp":"0","copyright":"","focal_length":"0","iso":"0","shutter_speed":"0","title":"","orientation":"0","keywords":[]}},"post":3207,"source_url":"https:\/\/dlf.uzh.ch\/sites\/slavicumpress\/files\/2020\/03\/\u00e0\u00b4\u00b4.5-\u00c5\u2020\u00c2\u00a8\u2020\u2260-\u00c4.\u00c4.-\u00f2\u00e0\u00e4\u00e5.jpg","_links":{"self":[{"href":"https:\/\/dlf.uzh.ch\/sites\/slavicumpress\/wp-json\/wp\/v2\/media\/3233","targetHints":{"allow":["GET"]}}],"collection":[{"href":"https:\/\/dlf.uzh.ch\/sites\/slavicumpress\/wp-json\/wp\/v2\/media"}],"about":[{"href":"https:\/\/dlf.uzh.ch\/sites\/slavicumpress\/wp-json\/wp\/v2\/types\/attachment"}],"author":[{"embeddable":true,"href":"https:\/\/dlf.uzh.ch\/sites\/slavicumpress\/wp-json\/wp\/v2\/users\/484"}],"replies":[{"embeddable":true,"href":"https:\/\/dlf.uzh.ch\/sites\/slavicumpress\/wp-json\/wp\/v2\/comments?post=3233"}]}}

https://dlf.uzh.ch/sites/slavicumpress/files/2020/03/à´´.5-Å†Â¨†≠-Ä.Ä.-òàäå.jpg

à´´.5 Å†Â¨†≠ Ä.Ä. (òàäå)

<p class="attachment"><a href='https://dlf.uzh.ch/sites/slavicumpress/files/2020/03/à´´.5-Å†Â¨†≠-Ä.Ä.-òàäå.jpg'><img loading="lazy" decoding="async" width="272" height="300" src="https://dlf.uzh.ch/sites/slavicumpress/files/2020/03/à´´.5-Å†Â¨†≠-Ä.Ä.-òàäå-272x300.jpg" class="attachment-medium size-medium" alt="" srcset="https://dlf.uzh.ch/sites/slavicumpress/files/2020/03/à´´.5-Å†Â¨†≠-Ä.Ä.-òàäå-272x300.jpg 272w, https://dlf.uzh.ch/sites/slavicumpress/files/2020/03/à´´.5-Å†Â¨†≠-Ä.Ä.-òàäå-930x1024.jpg 930w, https://dlf.uzh.ch/sites/slavicumpress/files/2020/03/à´´.5-Å†Â¨†≠-Ä.Ä.-òàäå-768x846.jpg 768w, https://dlf.uzh.ch/sites/slavicumpress/files/2020/03/à´´.5-Å†Â¨†≠-Ä.Ä.-òàäå-465x512.jpg 465w, https://dlf.uzh.ch/sites/slavicumpress/files/2020/03/à´´.5-Å†Â¨†≠-Ä.Ä.-òàäå-454x500.jpg 454w, https://dlf.uzh.ch/sites/slavicumpress/files/2020/03/à´´.5-Å†Â¨†≠-Ä.Ä.-òàäå.jpg 1231w" sizes="auto, (max-width: 272px) 100vw, 272px" /></a></p>
<p>©Шемонаихинский историко-краеведческий музей ШИКМ</p>

2020/03/à´´.5-Å†Â¨†≠-Ä.Ä.-òàäå.jpg

à´´.5-Å†Â¨†≠-Ä.Ä.-òàäå-272x300.jpg

https://dlf.uzh.ch/sites/slavicumpress/files/2020/03/à´´.5-Å†Â¨†≠-Ä.Ä.-òàäå-272x300.jpg

à´´.5-Å†Â¨†≠-Ä.Ä.-òàäå-930x1024.jpg

https://dlf.uzh.ch/sites/slavicumpress/files/2020/03/à´´.5-Å†Â¨†≠-Ä.Ä.-òàäå-930x1024.jpg

à´´.5-Å†Â¨†≠-Ä.Ä.-òàäå-150x150.jpg

https://dlf.uzh.ch/sites/slavicumpress/files/2020/03/à´´.5-Å†Â¨†≠-Ä.Ä.-òàäå-150x150.jpg

à´´.5-Å†Â¨†≠-Ä.Ä.-òàäå-768x846.jpg

https://dlf.uzh.ch/sites/slavicumpress/files/2020/03/à´´.5-Å†Â¨†≠-Ä.Ä.-òàäå-768x846.jpg

à´´.5-Å†Â¨†≠-Ä.Ä.-òàäå-460x270.jpg

https://dlf.uzh.ch/sites/slavicumpress/files/2020/03/à´´.5-Å†Â¨†≠-Ä.Ä.-òàäå-460x270.jpg

à´´.5-Å†Â¨†≠-Ä.Ä.-òàäå-465x512.jpg

https://dlf.uzh.ch/sites/slavicumpress/files/2020/03/à´´.5-Å†Â¨†≠-Ä.Ä.-òàäå-465x512.jpg

à´´.5-Å†Â¨†≠-Ä.Ä.-òàäå-690x500.jpg

https://dlf.uzh.ch/sites/slavicumpress/files/2020/03/à´´.5-Å†Â¨†≠-Ä.Ä.-òàäå-690x500.jpg

à´´.5-Å†Â¨†≠-Ä.Ä.-òàäå-454x500.jpg

https://dlf.uzh.ch/sites/slavicumpress/files/2020/03/à´´.5-Å†Â¨†≠-Ä.Ä.-òàäå-454x500.jpg

à´´.5-Å†Â¨†≠-Ä.Ä.-òàäå-920x425.jpg

https://dlf.uzh.ch/sites/slavicumpress/files/2020/03/à´´.5-Å†Â¨†≠-Ä.Ä.-òàäå-920x425.jpg

à´´.5-Å†Â¨†≠-Ä.Ä.-òàäå-1035x425.jpg

https://dlf.uzh.ch/sites/slavicumpress/files/2020/03/à´´.5-Å†Â¨†≠-Ä.Ä.-òàäå-1035x425.jpg

à´´.5-Å†Â¨†≠-Ä.Ä.-òàäå.jpg
