{"id":3225,"date":"2020-03-06T13:57:37","date_gmt":"2020-03-06T12:57:37","guid":{"rendered":"https:\/\/dlf.uzh.ch\/sites\/slavicumpress\/files\/2020\/03\/\u00e0\u00b4\u00b4.-9-\u00eb\u2022\u00a8\u00cf\u00d4-\u00e3\u2020\u2260\u00a7\u2022\u00b4\u00cf-\u00f2\u00e0\u00e4\u00e5-.jpg"},"modified":"2020-03-06T14:17:33","modified_gmt":"2020-03-06T13:17:33","slug":"a-9-e%e2%80%a2%c2%a8io-a%e2%80%a0%e2%89%a0%c2%a7%e2%80%a2i-oaaea","status":"inherit","type":"attachment","link":"https:\/\/dlf.uzh.ch\/sites\/slavicumpress\/2020\/03\/06\/julia-borisova-die-entstehung-deutscher-siedlungen-auf-dem-territorium-des-bezirks-schemonaicha\/a-9-e%e2%80%a2%c2%a8io-a%e2%80%a0%e2%89%a0%c2%a7%e2%80%a2i-oaaea\/","title":{"rendered":"\u00e0\u00b4\u00b4. 9 \u00eb\u2022\u00a8\u00cf\u00d4 \u00e3\u2020\u2260\u00a7\u2022\u00b4\u00cf (\u00f2\u00e0\u00e4\u00e5)"},"author":484,"featured_media":0,"comment_status":"open","ping_status":"closed","template":"","meta":{"_acf_changed":false,"_FSMCFIC_featured_image_caption":"","_FSMCFIC_featured_image_nocaption":"","_FSMCFIC_featured_image_hide":""},"class_list":["entry","author-flowie","post-3225","attachment","type-attachment","status-inherit"],"acf":[],"description":{"rendered":"<p class=\"attachment\"><a href='https:\/\/dlf.uzh.ch\/sites\/slavicumpress\/files\/2020\/03\/\u00e0\u00b4\u00b4.-9-\u00eb\u2022\u00a8\u00cf\u00d4-\u00e3\u2020\u2260\u00a7\u2022\u00b4\u00cf-\u00f2\u00e0\u00e4\u00e5-.jpg'><img loading=\"lazy\" decoding=\"async\" width=\"300\" height=\"200\" src=\"https:\/\/dlf.uzh.ch\/sites\/slavicumpress\/files\/2020\/03\/\u00e0\u00b4\u00b4.-9-\u00eb\u2022\u00a8\u00cf\u00d4-\u00e3\u2020\u2260\u00a7\u2022\u00b4\u00cf-\u00f2\u00e0\u00e4\u00e5--300x200.jpg\" class=\"attachment-medium size-medium\" alt=\"\" srcset=\"https:\/\/dlf.uzh.ch\/sites\/slavicumpress\/files\/2020\/03\/\u00e0\u00b4\u00b4.-9-\u00eb\u2022\u00a8\u00cf\u00d4-\u00e3\u2020\u2260\u00a7\u2022\u00b4\u00cf-\u00f2\u00e0\u00e4\u00e5--300x200.jpg 300w, https:\/\/dlf.uzh.ch\/sites\/slavicumpress\/files\/2020\/03\/\u00e0\u00b4\u00b4.-9-\u00eb\u2022\u00a8\u00cf\u00d4-\u00e3\u2020\u2260\u00a7\u2022\u00b4\u00cf-\u00f2\u00e0\u00e4\u00e5--1024x684.jpg 1024w, https:\/\/dlf.uzh.ch\/sites\/slavicumpress\/files\/2020\/03\/\u00e0\u00b4\u00b4.-9-\u00eb\u2022\u00a8\u00cf\u00d4-\u00e3\u2020\u2260\u00a7\u2022\u00b4\u00cf-\u00f2\u00e0\u00e4\u00e5--768x513.jpg 768w, https:\/\/dlf.uzh.ch\/sites\/slavicumpress\/files\/2020\/03\/\u00e0\u00b4\u00b4.-9-\u00eb\u2022\u00a8\u00cf\u00d4-\u00e3\u2020\u2260\u00a7\u2022\u00b4\u00cf-\u00f2\u00e0\u00e4\u00e5--1536x1026.jpg 1536w, https:\/\/dlf.uzh.ch\/sites\/slavicumpress\/files\/2020\/03\/\u00e0\u00b4\u00b4.-9-\u00eb\u2022\u00a8\u00cf\u00d4-\u00e3\u2020\u2260\u00a7\u2022\u00b4\u00cf-\u00f2\u00e0\u00e4\u00e5--2048x1368.jpg 2048w, https:\/\/dlf.uzh.ch\/sites\/slavicumpress\/files\/2020\/03\/\u00e0\u00b4\u00b4.-9-\u00eb\u2022\u00a8\u00cf\u00d4-\u00e3\u2020\u2260\u00a7\u2022\u00b4\u00cf-\u00f2\u00e0\u00e4\u00e5--465x311.jpg 465w, https:\/\/dlf.uzh.ch\/sites\/slavicumpress\/files\/2020\/03\/\u00e0\u00b4\u00b4.-9-\u00eb\u2022\u00a8\u00cf\u00d4-\u00e3\u2020\u2260\u00a7\u2022\u00b4\u00cf-\u00f2\u00e0\u00e4\u00e5--695x464.jpg 695w\" sizes=\"auto, (max-width: 300px) 100vw, 300px\" \/><\/a><\/p>\n<p>\u00a9\u0428\u0435\u043c\u043e\u043d\u0430\u0438\u0445\u0438\u043d\u0441\u043a\u0438\u0438\u0306 \u0438\u0441\u0442\u043e\u0440\u0438\u043a\u043e-\u043a\u0440\u0430\u0435\u0432\u0435\u0434\u0447\u0435\u0441\u043a\u0438\u0438\u0306 \u043c\u0443\u0437\u0435\u0438\u0306 \u0428\u0418\u041a\u041c<\/p>\n"},"caption":{"rendered":"<p>Abbildung 9: Die Familie Landel. (aus dem Schemonaichinsky Geschichte-Museum)<span class=\"more-link\"><a href=\"https:\/\/dlf.uzh.ch\/sites\/slavicumpress\/2020\/03\/06\/julia-borisova-die-entstehung-deutscher-siedlungen-auf-dem-territorium-des-bezirks-schemonaicha\/a-9-e%e2%80%a2%c2%a8io-a%e2%80%a0%e2%89%a0%c2%a7%e2%80%a2i-oaaea\/\">Read More &rarr;<\/a><\/span><\/p>\n"},"alt_text":"","media_type":"image","mime_type":"image\/jpeg","media_details":{"width":2061,"height":1377,"file":"2020\/03\/\u00e0\u00b4\u00b4.-9-\u00eb\u2022\u00a8\u00cf\u00d4-\u00e3\u2020\u2260\u00a7\u2022\u00b4\u00cf-\u00f2\u00e0\u00e4\u00e5-.jpg","sizes":{"medium":{"file":"\u00e0\u00b4\u00b4.-9-\u00eb\u2022\u00a8\u00cf\u00d4-\u00e3\u2020\u2260\u00a7\u2022\u00b4\u00cf-\u00f2\u00e0\u00e4\u00e5--300x200.jpg","width":300,"height":200,"mime_type":"image\/jpeg","source_url":"https:\/\/dlf.uzh.ch\/sites\/slavicumpress\/files\/2020\/03\/\u00e0\u00b4\u00b4.-9-\u00eb\u2022\u00a8\u00cf\u00d4-\u00e3\u2020\u2260\u00a7\u2022\u00b4\u00cf-\u00f2\u00e0\u00e4\u00e5--300x200.jpg"},"large":{"file":"\u00e0\u00b4\u00b4.-9-\u00eb\u2022\u00a8\u00cf\u00d4-\u00e3\u2020\u2260\u00a7\u2022\u00b4\u00cf-\u00f2\u00e0\u00e4\u00e5--1024x684.jpg","width":1024,"height":684,"mime_type":"image\/jpeg","source_url":"https:\/\/dlf.uzh.ch\/sites\/slavicumpress\/files\/2020\/03\/\u00e0\u00b4\u00b4.-9-\u00eb\u2022\u00a8\u00cf\u00d4-\u00e3\u2020\u2260\u00a7\u2022\u00b4\u00cf-\u00f2\u00e0\u00e4\u00e5--1024x684.jpg"},"thumbnail":{"file":"\u00e0\u00b4\u00b4.-9-\u00eb\u2022\u00a8\u00cf\u00d4-\u00e3\u2020\u2260\u00a7\u2022\u00b4\u00cf-\u00f2\u00e0\u00e4\u00e5--150x150.jpg","width":150,"height":150,"mime_type":"image\/jpeg","source_url":"https:\/\/dlf.uzh.ch\/sites\/slavicumpress\/files\/2020\/03\/\u00e0\u00b4\u00b4.-9-\u00eb\u2022\u00a8\u00cf\u00d4-\u00e3\u2020\u2260\u00a7\u2022\u00b4\u00cf-\u00f2\u00e0\u00e4\u00e5--150x150.jpg"},"medium_large":{"file":"\u00e0\u00b4\u00b4.-9-\u00eb\u2022\u00a8\u00cf\u00d4-\u00e3\u2020\u2260\u00a7\u2022\u00b4\u00cf-\u00f2\u00e0\u00e4\u00e5--768x513.jpg","width":768,"height":513,"mime_type":"image\/jpeg","source_url":"https:\/\/dlf.uzh.ch\/sites\/slavicumpress\/files\/2020\/03\/\u00e0\u00b4\u00b4.-9-\u00eb\u2022\u00a8\u00cf\u00d4-\u00e3\u2020\u2260\u00a7\u2022\u00b4\u00cf-\u00f2\u00e0\u00e4\u00e5--768x513.jpg"},"1536x1536":{"file":"\u00e0\u00b4\u00b4.-9-\u00eb\u2022\u00a8\u00cf\u00d4-\u00e3\u2020\u2260\u00a7\u2022\u00b4\u00cf-\u00f2\u00e0\u00e4\u00e5--1536x1026.jpg","width":1536,"height":1026,"mime_type":"image\/jpeg","source_url":"https:\/\/dlf.uzh.ch\/sites\/slavicumpress\/files\/2020\/03\/\u00e0\u00b4\u00b4.-9-\u00eb\u2022\u00a8\u00cf\u00d4-\u00e3\u2020\u2260\u00a7\u2022\u00b4\u00cf-\u00f2\u00e0\u00e4\u00e5--1536x1026.jpg"},"2048x2048":{"file":"\u00e0\u00b4\u00b4.-9-\u00eb\u2022\u00a8\u00cf\u00d4-\u00e3\u2020\u2260\u00a7\u2022\u00b4\u00cf-\u00f2\u00e0\u00e4\u00e5--2048x1368.jpg","width":2048,"height":1368,"mime_type":"image\/jpeg","source_url":"https:\/\/dlf.uzh.ch\/sites\/slavicumpress\/files\/2020\/03\/\u00e0\u00b4\u00b4.-9-\u00eb\u2022\u00a8\u00cf\u00d4-\u00e3\u2020\u2260\u00a7\u2022\u00b4\u00cf-\u00f2\u00e0\u00e4\u00e5--2048x1368.jpg"},"hoot-medium-thumb":{"file":"\u00e0\u00b4\u00b4.-9-\u00eb\u2022\u00a8\u00cf\u00d4-\u00e3\u2020\u2260\u00a7\u2022\u00b4\u00cf-\u00f2\u00e0\u00e4\u00e5--460x270.jpg","width":460,"height":270,"mime_type":"image\/jpeg","source_url":"https:\/\/dlf.uzh.ch\/sites\/slavicumpress\/files\/2020\/03\/\u00e0\u00b4\u00b4.-9-\u00eb\u2022\u00a8\u00cf\u00d4-\u00e3\u2020\u2260\u00a7\u2022\u00b4\u00cf-\u00f2\u00e0\u00e4\u00e5--460x270.jpg"},"hoot-preview":{"file":"\u00e0\u00b4\u00b4.-9-\u00eb\u2022\u00a8\u00cf\u00d4-\u00e3\u2020\u2260\u00a7\u2022\u00b4\u00cf-\u00f2\u00e0\u00e4\u00e5--465x311.jpg","width":465,"height":311,"mime_type":"image\/jpeg","source_url":"https:\/\/dlf.uzh.ch\/sites\/slavicumpress\/files\/2020\/03\/\u00e0\u00b4\u00b4.-9-\u00eb\u2022\u00a8\u00cf\u00d4-\u00e3\u2020\u2260\u00a7\u2022\u00b4\u00cf-\u00f2\u00e0\u00e4\u00e5--465x311.jpg"},"hoot-large-thumb":{"file":"\u00e0\u00b4\u00b4.-9-\u00eb\u2022\u00a8\u00cf\u00d4-\u00e3\u2020\u2260\u00a7\u2022\u00b4\u00cf-\u00f2\u00e0\u00e4\u00e5--690x500.jpg","width":690,"height":500,"mime_type":"image\/jpeg","source_url":"https:\/\/dlf.uzh.ch\/sites\/slavicumpress\/files\/2020\/03\/\u00e0\u00b4\u00b4.-9-\u00eb\u2022\u00a8\u00cf\u00d4-\u00e3\u2020\u2260\u00a7\u2022\u00b4\u00cf-\u00f2\u00e0\u00e4\u00e5--690x500.jpg"},"hoot-preview-large":{"file":"\u00e0\u00b4\u00b4.-9-\u00eb\u2022\u00a8\u00cf\u00d4-\u00e3\u2020\u2260\u00a7\u2022\u00b4\u00cf-\u00f2\u00e0\u00e4\u00e5--695x464.jpg","width":695,"height":464,"mime_type":"image\/jpeg","source_url":"https:\/\/dlf.uzh.ch\/sites\/slavicumpress\/files\/2020\/03\/\u00e0\u00b4\u00b4.-9-\u00eb\u2022\u00a8\u00cf\u00d4-\u00e3\u2020\u2260\u00a7\u2022\u00b4\u00cf-\u00f2\u00e0\u00e4\u00e5--695x464.jpg"},"hoot-wide":{"file":"\u00e0\u00b4\u00b4.-9-\u00eb\u2022\u00a8\u00cf\u00d4-\u00e3\u2020\u2260\u00a7\u2022\u00b4\u00cf-\u00f2\u00e0\u00e4\u00e5--920x425.jpg","width":920,"height":425,"mime_type":"image\/jpeg","source_url":"https:\/\/dlf.uzh.ch\/sites\/slavicumpress\/files\/2020\/03\/\u00e0\u00b4\u00b4.-9-\u00eb\u2022\u00a8\u00cf\u00d4-\u00e3\u2020\u2260\u00a7\u2022\u00b4\u00cf-\u00f2\u00e0\u00e4\u00e5--920x425.jpg"},"hoot-extra-wide":{"file":"\u00e0\u00b4\u00b4.-9-\u00eb\u2022\u00a8\u00cf\u00d4-\u00e3\u2020\u2260\u00a7\u2022\u00b4\u00cf-\u00f2\u00e0\u00e4\u00e5--1035x425.jpg","width":1035,"height":425,"mime_type":"image\/jpeg","source_url":"https:\/\/dlf.uzh.ch\/sites\/slavicumpress\/files\/2020\/03\/\u00e0\u00b4\u00b4.-9-\u00eb\u2022\u00a8\u00cf\u00d4-\u00e3\u2020\u2260\u00a7\u2022\u00b4\u00cf-\u00f2\u00e0\u00e4\u00e5--1035x425.jpg"},"full":{"file":"\u00e0\u00b4\u00b4.-9-\u00eb\u2022\u00a8\u00cf\u00d4-\u00e3\u2020\u2260\u00a7\u2022\u00b4\u00cf-\u00f2\u00e0\u00e4\u00e5-.jpg","width":2061,"height":1377,"mime_type":"image\/jpeg","source_url":"https:\/\/dlf.uzh.ch\/sites\/slavicumpress\/files\/2020\/03\/\u00e0\u00b4\u00b4.-9-\u00eb\u2022\u00a8\u00cf\u00d4-\u00e3\u2020\u2260\u00a7\u2022\u00b4\u00cf-\u00f2\u00e0\u00e4\u00e5-.jpg"}},"image_meta":{"aperture":"0","credit":"","camera":"","caption":"","created_timestamp":"0","copyright":"","focal_length":"0","iso":"0","shutter_speed":"0","title":"","orientation":"0","keywords":[]}},"post":3207,"source_url":"https:\/\/dlf.uzh.ch\/sites\/slavicumpress\/files\/2020\/03\/\u00e0\u00b4\u00b4.-9-\u00eb\u2022\u00a8\u00cf\u00d4-\u00e3\u2020\u2260\u00a7\u2022\u00b4\u00cf-\u00f2\u00e0\u00e4\u00e5-.jpg","_links":{"self":[{"href":"https:\/\/dlf.uzh.ch\/sites\/slavicumpress\/wp-json\/wp\/v2\/media\/3225","targetHints":{"allow":["GET"]}}],"collection":[{"href":"https:\/\/dlf.uzh.ch\/sites\/slavicumpress\/wp-json\/wp\/v2\/media"}],"about":[{"href":"https:\/\/dlf.uzh.ch\/sites\/slavicumpress\/wp-json\/wp\/v2\/types\/attachment"}],"author":[{"embeddable":true,"href":"https:\/\/dlf.uzh.ch\/sites\/slavicumpress\/wp-json\/wp\/v2\/users\/484"}],"replies":[{"embeddable":true,"href":"https:\/\/dlf.uzh.ch\/sites\/slavicumpress\/wp-json\/wp\/v2\/comments?post=3225"}]}}

https://dlf.uzh.ch/sites/slavicumpress/files/2020/03/à´´.-9-ë•¨ÏÔ-ã†≠§•´Ï-òàäå-.jpg

à´´. 9 ë•¨ÏÔ ã†≠§•´Ï (òàäå)

<p class="attachment"><a href='https://dlf.uzh.ch/sites/slavicumpress/files/2020/03/à´´.-9-ë•¨ÏÔ-ã†≠§•´Ï-òàäå-.jpg'><img loading="lazy" decoding="async" width="300" height="200" src="https://dlf.uzh.ch/sites/slavicumpress/files/2020/03/à´´.-9-ë•¨ÏÔ-ã†≠§•´Ï-òàäå--300x200.jpg" class="attachment-medium size-medium" alt="" srcset="https://dlf.uzh.ch/sites/slavicumpress/files/2020/03/à´´.-9-ë•¨ÏÔ-ã†≠§•´Ï-òàäå--300x200.jpg 300w, https://dlf.uzh.ch/sites/slavicumpress/files/2020/03/à´´.-9-ë•¨ÏÔ-ã†≠§•´Ï-òàäå--1024x684.jpg 1024w, https://dlf.uzh.ch/sites/slavicumpress/files/2020/03/à´´.-9-ë•¨ÏÔ-ã†≠§•´Ï-òàäå--768x513.jpg 768w, https://dlf.uzh.ch/sites/slavicumpress/files/2020/03/à´´.-9-ë•¨ÏÔ-ã†≠§•´Ï-òàäå--1536x1026.jpg 1536w, https://dlf.uzh.ch/sites/slavicumpress/files/2020/03/à´´.-9-ë•¨ÏÔ-ã†≠§•´Ï-òàäå--2048x1368.jpg 2048w, https://dlf.uzh.ch/sites/slavicumpress/files/2020/03/à´´.-9-ë•¨ÏÔ-ã†≠§•´Ï-òàäå--465x311.jpg 465w, https://dlf.uzh.ch/sites/slavicumpress/files/2020/03/à´´.-9-ë•¨ÏÔ-ã†≠§•´Ï-òàäå--695x464.jpg 695w" sizes="auto, (max-width: 300px) 100vw, 300px" /></a></p>
<p>©Шемонаихинский историко-краеведческий музей ШИКМ</p>

2020/03/à´´.-9-ë•¨ÏÔ-ã†≠§•´Ï-òàäå-.jpg

à´´.-9-ë•¨ÏÔ-ã†≠§•´Ï-òàäå--300x200.jpg

https://dlf.uzh.ch/sites/slavicumpress/files/2020/03/à´´.-9-ë•¨ÏÔ-ã†≠§•´Ï-òàäå--300x200.jpg

à´´.-9-ë•¨ÏÔ-ã†≠§•´Ï-òàäå--1024x684.jpg

https://dlf.uzh.ch/sites/slavicumpress/files/2020/03/à´´.-9-ë•¨ÏÔ-ã†≠§•´Ï-òàäå--1024x684.jpg

à´´.-9-ë•¨ÏÔ-ã†≠§•´Ï-òàäå--150x150.jpg

https://dlf.uzh.ch/sites/slavicumpress/files/2020/03/à´´.-9-ë•¨ÏÔ-ã†≠§•´Ï-òàäå--150x150.jpg

à´´.-9-ë•¨ÏÔ-ã†≠§•´Ï-òàäå--768x513.jpg

https://dlf.uzh.ch/sites/slavicumpress/files/2020/03/à´´.-9-ë•¨ÏÔ-ã†≠§•´Ï-òàäå--768x513.jpg

à´´.-9-ë•¨ÏÔ-ã†≠§•´Ï-òàäå--1536x1026.jpg

https://dlf.uzh.ch/sites/slavicumpress/files/2020/03/à´´.-9-ë•¨ÏÔ-ã†≠§•´Ï-òàäå--1536x1026.jpg

à´´.-9-ë•¨ÏÔ-ã†≠§•´Ï-òàäå--2048x1368.jpg

https://dlf.uzh.ch/sites/slavicumpress/files/2020/03/à´´.-9-ë•¨ÏÔ-ã†≠§•´Ï-òàäå--2048x1368.jpg

à´´.-9-ë•¨ÏÔ-ã†≠§•´Ï-òàäå--460x270.jpg

https://dlf.uzh.ch/sites/slavicumpress/files/2020/03/à´´.-9-ë•¨ÏÔ-ã†≠§•´Ï-òàäå--460x270.jpg

à´´.-9-ë•¨ÏÔ-ã†≠§•´Ï-òàäå--465x311.jpg

https://dlf.uzh.ch/sites/slavicumpress/files/2020/03/à´´.-9-ë•¨ÏÔ-ã†≠§•´Ï-òàäå--465x311.jpg

à´´.-9-ë•¨ÏÔ-ã†≠§•´Ï-òàäå--690x500.jpg

https://dlf.uzh.ch/sites/slavicumpress/files/2020/03/à´´.-9-ë•¨ÏÔ-ã†≠§•´Ï-òàäå--690x500.jpg

à´´.-9-ë•¨ÏÔ-ã†≠§•´Ï-òàäå--695x464.jpg

https://dlf.uzh.ch/sites/slavicumpress/files/2020/03/à´´.-9-ë•¨ÏÔ-ã†≠§•´Ï-òàäå--695x464.jpg

à´´.-9-ë•¨ÏÔ-ã†≠§•´Ï-òàäå--920x425.jpg

https://dlf.uzh.ch/sites/slavicumpress/files/2020/03/à´´.-9-ë•¨ÏÔ-ã†≠§•´Ï-òàäå--920x425.jpg

à´´.-9-ë•¨ÏÔ-ã†≠§•´Ï-òàäå--1035x425.jpg

https://dlf.uzh.ch/sites/slavicumpress/files/2020/03/à´´.-9-ë•¨ÏÔ-ã†≠§•´Ï-òàäå--1035x425.jpg

à´´.-9-ë•¨ÏÔ-ã†≠§•´Ï-òàäå-.jpg
