{"id":3224,"date":"2020-03-06T13:57:36","date_gmt":"2020-03-06T12:57:36","guid":{"rendered":"https:\/\/dlf.uzh.ch\/sites\/slavicumpress\/files\/2020\/03\/\u00e0\u00b4\u00b4.-8-\u00c4\u2260\u2260\u2020-\u00e3\u2020\u2260\u00a7\u2022\u00b4\u00cf-\u00b7-\u00b7\u00ce\u2260\u00c6\u00a8\u00f2\u00e0\u00e4\u00e5.jpg"},"modified":"2020-03-17T18:46:48","modified_gmt":"2020-03-17T17:46:48","slug":"a-8-ae%e2%89%a0%e2%89%a0%e2%80%a0-a%e2%80%a0%e2%89%a0%c2%a7%e2%80%a2i-%c2%b7-%c2%b7i%e2%89%a0ae%c2%a8oaaea","status":"inherit","type":"attachment","link":"https:\/\/dlf.uzh.ch\/sites\/slavicumpress\/2020\/03\/06\/julia-borisova-die-entstehung-deutscher-siedlungen-auf-dem-territorium-des-bezirks-schemonaicha\/a-8-ae%e2%89%a0%e2%89%a0%e2%80%a0-a%e2%80%a0%e2%89%a0%c2%a7%e2%80%a2i-%c2%b7-%c2%b7i%e2%89%a0ae%c2%a8oaaea\/","title":{"rendered":"\u00e0\u00b4\u00b4. 8 \u00c4\u2260\u2260\u2020 \u00e3\u2020\u2260\u00a7\u2022\u00b4\u00cf \u00b7 \u00b7\u00ce\u2260\u00c6\u00a8(\u00f2\u00e0\u00e4\u00e5)"},"author":484,"featured_media":0,"comment_status":"open","ping_status":"closed","template":"","meta":{"_acf_changed":false,"_FSMCFIC_featured_image_caption":"","_FSMCFIC_featured_image_nocaption":"","_FSMCFIC_featured_image_hide":""},"class_list":["entry","author-flowie","post-3224","attachment","type-attachment","status-inherit"],"acf":[],"description":{"rendered":"<p class=\"attachment\"><a href='https:\/\/dlf.uzh.ch\/sites\/slavicumpress\/files\/2020\/03\/\u00e0\u00b4\u00b4.-8-\u00c4\u2260\u2260\u2020-\u00e3\u2020\u2260\u00a7\u2022\u00b4\u00cf-\u00b7-\u00b7\u00ce\u2260\u00c6\u00a8\u00f2\u00e0\u00e4\u00e5.jpg'><img loading=\"lazy\" decoding=\"async\" width=\"195\" height=\"300\" src=\"https:\/\/dlf.uzh.ch\/sites\/slavicumpress\/files\/2020\/03\/\u00e0\u00b4\u00b4.-8-\u00c4\u2260\u2260\u2020-\u00e3\u2020\u2260\u00a7\u2022\u00b4\u00cf-\u00b7-\u00b7\u00ce\u2260\u00c6\u00a8\u00f2\u00e0\u00e4\u00e5-195x300.jpg\" class=\"attachment-medium size-medium\" alt=\"\" srcset=\"https:\/\/dlf.uzh.ch\/sites\/slavicumpress\/files\/2020\/03\/\u00e0\u00b4\u00b4.-8-\u00c4\u2260\u2260\u2020-\u00e3\u2020\u2260\u00a7\u2022\u00b4\u00cf-\u00b7-\u00b7\u00ce\u2260\u00c6\u00a8\u00f2\u00e0\u00e4\u00e5-195x300.jpg 195w, https:\/\/dlf.uzh.ch\/sites\/slavicumpress\/files\/2020\/03\/\u00e0\u00b4\u00b4.-8-\u00c4\u2260\u2260\u2020-\u00e3\u2020\u2260\u00a7\u2022\u00b4\u00cf-\u00b7-\u00b7\u00ce\u2260\u00c6\u00a8\u00f2\u00e0\u00e4\u00e5-667x1024.jpg 667w, https:\/\/dlf.uzh.ch\/sites\/slavicumpress\/files\/2020\/03\/\u00e0\u00b4\u00b4.-8-\u00c4\u2260\u2260\u2020-\u00e3\u2020\u2260\u00a7\u2022\u00b4\u00cf-\u00b7-\u00b7\u00ce\u2260\u00c6\u00a8\u00f2\u00e0\u00e4\u00e5-768x1179.jpg 768w, https:\/\/dlf.uzh.ch\/sites\/slavicumpress\/files\/2020\/03\/\u00e0\u00b4\u00b4.-8-\u00c4\u2260\u2260\u2020-\u00e3\u2020\u2260\u00a7\u2022\u00b4\u00cf-\u00b7-\u00b7\u00ce\u2260\u00c6\u00a8\u00f2\u00e0\u00e4\u00e5-358x550.jpg 358w, https:\/\/dlf.uzh.ch\/sites\/slavicumpress\/files\/2020\/03\/\u00e0\u00b4\u00b4.-8-\u00c4\u2260\u2260\u2020-\u00e3\u2020\u2260\u00a7\u2022\u00b4\u00cf-\u00b7-\u00b7\u00ce\u2260\u00c6\u00a8\u00f2\u00e0\u00e4\u00e5-326x500.jpg 326w, https:\/\/dlf.uzh.ch\/sites\/slavicumpress\/files\/2020\/03\/\u00e0\u00b4\u00b4.-8-\u00c4\u2260\u2260\u2020-\u00e3\u2020\u2260\u00a7\u2022\u00b4\u00cf-\u00b7-\u00b7\u00ce\u2260\u00c6\u00a8\u00f2\u00e0\u00e4\u00e5.jpg 1001w\" sizes=\"auto, (max-width: 195px) 100vw, 195px\" \/><\/a><\/p>\n<p>\u00a9\u0428\u0435\u043c\u043e\u043d\u0430\u0438\u0445\u0438\u043d\u0441\u043a\u0438\u0438\u0306 \u0438\u0441\u0442\u043e\u0440\u0438\u043a\u043e-\u043a\u0440\u0430\u0435\u0432\u0435\u0434\u0447\u0435\u0441\u043a\u0438\u0438\u0306 \u043c\u0443\u0437\u0435\u0438\u0306 \u0428\u0418\u041a\u041c<\/p>\n"},"caption":{"rendered":"<p>\u0418\u043b\u043b\u044e\u0441\u0442\u0440\u0430\u0446\u0438\u044f 8. \u0410\u043d\u043d\u0430 \u041b\u0430\u043d\u0434\u0435\u043b\u044c \u0441 \u0441\u044b\u043d\u043e\u043c. \u00a9 \u0428\u0418\u041a\u041c<span class=\"more-link\"><a href=\"https:\/\/dlf.uzh.ch\/sites\/slavicumpress\/2020\/03\/06\/julia-borisova-die-entstehung-deutscher-siedlungen-auf-dem-territorium-des-bezirks-schemonaicha\/a-8-ae%e2%89%a0%e2%89%a0%e2%80%a0-a%e2%80%a0%e2%89%a0%c2%a7%e2%80%a2i-%c2%b7-%c2%b7i%e2%89%a0ae%c2%a8oaaea\/\">Read More &rarr;<\/a><\/span><\/p>\n"},"alt_text":"","media_type":"image","mime_type":"image\/jpeg","media_details":{"width":1001,"height":1537,"file":"2020\/03\/\u00e0\u00b4\u00b4.-8-\u00c4\u2260\u2260\u2020-\u00e3\u2020\u2260\u00a7\u2022\u00b4\u00cf-\u00b7-\u00b7\u00ce\u2260\u00c6\u00a8\u00f2\u00e0\u00e4\u00e5.jpg","sizes":{"medium":{"file":"\u00e0\u00b4\u00b4.-8-\u00c4\u2260\u2260\u2020-\u00e3\u2020\u2260\u00a7\u2022\u00b4\u00cf-\u00b7-\u00b7\u00ce\u2260\u00c6\u00a8\u00f2\u00e0\u00e4\u00e5-195x300.jpg","width":195,"height":300,"mime_type":"image\/jpeg","source_url":"https:\/\/dlf.uzh.ch\/sites\/slavicumpress\/files\/2020\/03\/\u00e0\u00b4\u00b4.-8-\u00c4\u2260\u2260\u2020-\u00e3\u2020\u2260\u00a7\u2022\u00b4\u00cf-\u00b7-\u00b7\u00ce\u2260\u00c6\u00a8\u00f2\u00e0\u00e4\u00e5-195x300.jpg"},"large":{"file":"\u00e0\u00b4\u00b4.-8-\u00c4\u2260\u2260\u2020-\u00e3\u2020\u2260\u00a7\u2022\u00b4\u00cf-\u00b7-\u00b7\u00ce\u2260\u00c6\u00a8\u00f2\u00e0\u00e4\u00e5-667x1024.jpg","width":667,"height":1024,"mime_type":"image\/jpeg","source_url":"https:\/\/dlf.uzh.ch\/sites\/slavicumpress\/files\/2020\/03\/\u00e0\u00b4\u00b4.-8-\u00c4\u2260\u2260\u2020-\u00e3\u2020\u2260\u00a7\u2022\u00b4\u00cf-\u00b7-\u00b7\u00ce\u2260\u00c6\u00a8\u00f2\u00e0\u00e4\u00e5-667x1024.jpg"},"thumbnail":{"file":"\u00e0\u00b4\u00b4.-8-\u00c4\u2260\u2260\u2020-\u00e3\u2020\u2260\u00a7\u2022\u00b4\u00cf-\u00b7-\u00b7\u00ce\u2260\u00c6\u00a8\u00f2\u00e0\u00e4\u00e5-150x150.jpg","width":150,"height":150,"mime_type":"image\/jpeg","source_url":"https:\/\/dlf.uzh.ch\/sites\/slavicumpress\/files\/2020\/03\/\u00e0\u00b4\u00b4.-8-\u00c4\u2260\u2260\u2020-\u00e3\u2020\u2260\u00a7\u2022\u00b4\u00cf-\u00b7-\u00b7\u00ce\u2260\u00c6\u00a8\u00f2\u00e0\u00e4\u00e5-150x150.jpg"},"medium_large":{"file":"\u00e0\u00b4\u00b4.-8-\u00c4\u2260\u2260\u2020-\u00e3\u2020\u2260\u00a7\u2022\u00b4\u00cf-\u00b7-\u00b7\u00ce\u2260\u00c6\u00a8\u00f2\u00e0\u00e4\u00e5-768x1179.jpg","width":768,"height":1179,"mime_type":"image\/jpeg","source_url":"https:\/\/dlf.uzh.ch\/sites\/slavicumpress\/files\/2020\/03\/\u00e0\u00b4\u00b4.-8-\u00c4\u2260\u2260\u2020-\u00e3\u2020\u2260\u00a7\u2022\u00b4\u00cf-\u00b7-\u00b7\u00ce\u2260\u00c6\u00a8\u00f2\u00e0\u00e4\u00e5-768x1179.jpg"},"hoot-medium-thumb":{"file":"\u00e0\u00b4\u00b4.-8-\u00c4\u2260\u2260\u2020-\u00e3\u2020\u2260\u00a7\u2022\u00b4\u00cf-\u00b7-\u00b7\u00ce\u2260\u00c6\u00a8\u00f2\u00e0\u00e4\u00e5-460x270.jpg","width":460,"height":270,"mime_type":"image\/jpeg","source_url":"https:\/\/dlf.uzh.ch\/sites\/slavicumpress\/files\/2020\/03\/\u00e0\u00b4\u00b4.-8-\u00c4\u2260\u2260\u2020-\u00e3\u2020\u2260\u00a7\u2022\u00b4\u00cf-\u00b7-\u00b7\u00ce\u2260\u00c6\u00a8\u00f2\u00e0\u00e4\u00e5-460x270.jpg"},"hoot-preview":{"file":"\u00e0\u00b4\u00b4.-8-\u00c4\u2260\u2260\u2020-\u00e3\u2020\u2260\u00a7\u2022\u00b4\u00cf-\u00b7-\u00b7\u00ce\u2260\u00c6\u00a8\u00f2\u00e0\u00e4\u00e5-358x550.jpg","width":358,"height":550,"mime_type":"image\/jpeg","source_url":"https:\/\/dlf.uzh.ch\/sites\/slavicumpress\/files\/2020\/03\/\u00e0\u00b4\u00b4.-8-\u00c4\u2260\u2260\u2020-\u00e3\u2020\u2260\u00a7\u2022\u00b4\u00cf-\u00b7-\u00b7\u00ce\u2260\u00c6\u00a8\u00f2\u00e0\u00e4\u00e5-358x550.jpg"},"hoot-large-thumb":{"file":"\u00e0\u00b4\u00b4.-8-\u00c4\u2260\u2260\u2020-\u00e3\u2020\u2260\u00a7\u2022\u00b4\u00cf-\u00b7-\u00b7\u00ce\u2260\u00c6\u00a8\u00f2\u00e0\u00e4\u00e5-690x500.jpg","width":690,"height":500,"mime_type":"image\/jpeg","source_url":"https:\/\/dlf.uzh.ch\/sites\/slavicumpress\/files\/2020\/03\/\u00e0\u00b4\u00b4.-8-\u00c4\u2260\u2260\u2020-\u00e3\u2020\u2260\u00a7\u2022\u00b4\u00cf-\u00b7-\u00b7\u00ce\u2260\u00c6\u00a8\u00f2\u00e0\u00e4\u00e5-690x500.jpg"},"hoot-preview-large":{"file":"\u00e0\u00b4\u00b4.-8-\u00c4\u2260\u2260\u2020-\u00e3\u2020\u2260\u00a7\u2022\u00b4\u00cf-\u00b7-\u00b7\u00ce\u2260\u00c6\u00a8\u00f2\u00e0\u00e4\u00e5-326x500.jpg","width":326,"height":500,"mime_type":"image\/jpeg","source_url":"https:\/\/dlf.uzh.ch\/sites\/slavicumpress\/files\/2020\/03\/\u00e0\u00b4\u00b4.-8-\u00c4\u2260\u2260\u2020-\u00e3\u2020\u2260\u00a7\u2022\u00b4\u00cf-\u00b7-\u00b7\u00ce\u2260\u00c6\u00a8\u00f2\u00e0\u00e4\u00e5-326x500.jpg"},"hoot-wide":{"file":"\u00e0\u00b4\u00b4.-8-\u00c4\u2260\u2260\u2020-\u00e3\u2020\u2260\u00a7\u2022\u00b4\u00cf-\u00b7-\u00b7\u00ce\u2260\u00c6\u00a8\u00f2\u00e0\u00e4\u00e5-920x425.jpg","width":920,"height":425,"mime_type":"image\/jpeg","source_url":"https:\/\/dlf.uzh.ch\/sites\/slavicumpress\/files\/2020\/03\/\u00e0\u00b4\u00b4.-8-\u00c4\u2260\u2260\u2020-\u00e3\u2020\u2260\u00a7\u2022\u00b4\u00cf-\u00b7-\u00b7\u00ce\u2260\u00c6\u00a8\u00f2\u00e0\u00e4\u00e5-920x425.jpg"},"hoot-extra-wide":{"file":"\u00e0\u00b4\u00b4.-8-\u00c4\u2260\u2260\u2020-\u00e3\u2020\u2260\u00a7\u2022\u00b4\u00cf-\u00b7-\u00b7\u00ce\u2260\u00c6\u00a8\u00f2\u00e0\u00e4\u00e5-1001x425.jpg","width":1001,"height":425,"mime_type":"image\/jpeg","source_url":"https:\/\/dlf.uzh.ch\/sites\/slavicumpress\/files\/2020\/03\/\u00e0\u00b4\u00b4.-8-\u00c4\u2260\u2260\u2020-\u00e3\u2020\u2260\u00a7\u2022\u00b4\u00cf-\u00b7-\u00b7\u00ce\u2260\u00c6\u00a8\u00f2\u00e0\u00e4\u00e5-1001x425.jpg"},"full":{"file":"\u00e0\u00b4\u00b4.-8-\u00c4\u2260\u2260\u2020-\u00e3\u2020\u2260\u00a7\u2022\u00b4\u00cf-\u00b7-\u00b7\u00ce\u2260\u00c6\u00a8\u00f2\u00e0\u00e4\u00e5.jpg","width":1001,"height":1537,"mime_type":"image\/jpeg","source_url":"https:\/\/dlf.uzh.ch\/sites\/slavicumpress\/files\/2020\/03\/\u00e0\u00b4\u00b4.-8-\u00c4\u2260\u2260\u2020-\u00e3\u2020\u2260\u00a7\u2022\u00b4\u00cf-\u00b7-\u00b7\u00ce\u2260\u00c6\u00a8\u00f2\u00e0\u00e4\u00e5.jpg"}},"image_meta":{"aperture":"0","credit":"","camera":"","caption":"","created_timestamp":"0","copyright":"","focal_length":"0","iso":"0","shutter_speed":"0","title":"","orientation":"0","keywords":[]}},"post":3207,"source_url":"https:\/\/dlf.uzh.ch\/sites\/slavicumpress\/files\/2020\/03\/\u00e0\u00b4\u00b4.-8-\u00c4\u2260\u2260\u2020-\u00e3\u2020\u2260\u00a7\u2022\u00b4\u00cf-\u00b7-\u00b7\u00ce\u2260\u00c6\u00a8\u00f2\u00e0\u00e4\u00e5.jpg","_links":{"self":[{"href":"https:\/\/dlf.uzh.ch\/sites\/slavicumpress\/wp-json\/wp\/v2\/media\/3224","targetHints":{"allow":["GET"]}}],"collection":[{"href":"https:\/\/dlf.uzh.ch\/sites\/slavicumpress\/wp-json\/wp\/v2\/media"}],"about":[{"href":"https:\/\/dlf.uzh.ch\/sites\/slavicumpress\/wp-json\/wp\/v2\/types\/attachment"}],"author":[{"embeddable":true,"href":"https:\/\/dlf.uzh.ch\/sites\/slavicumpress\/wp-json\/wp\/v2\/users\/484"}],"replies":[{"embeddable":true,"href":"https:\/\/dlf.uzh.ch\/sites\/slavicumpress\/wp-json\/wp\/v2\/comments?post=3224"}]}}

https://dlf.uzh.ch/sites/slavicumpress/files/2020/03/à´´.-8-Ä≠≠†-ã†≠§•´Ï-·-·Î≠Æ¨òàäå.jpg

à´´. 8 Ä≠≠† ã†≠§•´Ï · ·Î≠Æ¨(òàäå)

<p class="attachment"><a href='https://dlf.uzh.ch/sites/slavicumpress/files/2020/03/à´´.-8-Ä≠≠†-ã†≠§•´Ï-·-·Î≠Æ¨òàäå.jpg'><img loading="lazy" decoding="async" width="195" height="300" src="https://dlf.uzh.ch/sites/slavicumpress/files/2020/03/à´´.-8-Ä≠≠†-ã†≠§•´Ï-·-·Î≠Æ¨òàäå-195x300.jpg" class="attachment-medium size-medium" alt="" srcset="https://dlf.uzh.ch/sites/slavicumpress/files/2020/03/à´´.-8-Ä≠≠†-ã†≠§•´Ï-·-·Î≠Æ¨òàäå-195x300.jpg 195w, https://dlf.uzh.ch/sites/slavicumpress/files/2020/03/à´´.-8-Ä≠≠†-ã†≠§•´Ï-·-·Î≠Æ¨òàäå-667x1024.jpg 667w, https://dlf.uzh.ch/sites/slavicumpress/files/2020/03/à´´.-8-Ä≠≠†-ã†≠§•´Ï-·-·Î≠Æ¨òàäå-768x1179.jpg 768w, https://dlf.uzh.ch/sites/slavicumpress/files/2020/03/à´´.-8-Ä≠≠†-ã†≠§•´Ï-·-·Î≠Æ¨òàäå-358x550.jpg 358w, https://dlf.uzh.ch/sites/slavicumpress/files/2020/03/à´´.-8-Ä≠≠†-ã†≠§•´Ï-·-·Î≠Æ¨òàäå-326x500.jpg 326w, https://dlf.uzh.ch/sites/slavicumpress/files/2020/03/à´´.-8-Ä≠≠†-ã†≠§•´Ï-·-·Î≠Æ¨òàäå.jpg 1001w" sizes="auto, (max-width: 195px) 100vw, 195px" /></a></p>
<p>©Шемонаихинский историко-краеведческий музей ШИКМ</p>

<p>Иллюстрация 8. Анна Ландель с сыном. © ШИКМ<span class="more-link"><a href="https://dlf.uzh.ch/sites/slavicumpress/2020/03/06/julia-borisova-die-entstehung-deutscher-siedlungen-auf-dem-territorium-des-bezirks-schemonaicha/a-8-ae%e2%89%a0%e2%89%a0%e2%80%a0-a%e2%80%a0%e2%89%a0%c2%a7%e2%80%a2i-%c2%b7-%c2%b7i%e2%89%a0ae%c2%a8oaaea/">Read More &rarr;</a></span></p>

2020/03/à´´.-8-Ä≠≠†-ã†≠§•´Ï-·-·Î≠Æ¨òàäå.jpg

à´´.-8-Ä≠≠†-ã†≠§•´Ï-·-·Î≠Æ¨òàäå-195x300.jpg

https://dlf.uzh.ch/sites/slavicumpress/files/2020/03/à´´.-8-Ä≠≠†-ã†≠§•´Ï-·-·Î≠Æ¨òàäå-195x300.jpg

à´´.-8-Ä≠≠†-ã†≠§•´Ï-·-·Î≠Æ¨òàäå-667x1024.jpg

https://dlf.uzh.ch/sites/slavicumpress/files/2020/03/à´´.-8-Ä≠≠†-ã†≠§•´Ï-·-·Î≠Æ¨òàäå-667x1024.jpg

à´´.-8-Ä≠≠†-ã†≠§•´Ï-·-·Î≠Æ¨òàäå-150x150.jpg

https://dlf.uzh.ch/sites/slavicumpress/files/2020/03/à´´.-8-Ä≠≠†-ã†≠§•´Ï-·-·Î≠Æ¨òàäå-150x150.jpg

à´´.-8-Ä≠≠†-ã†≠§•´Ï-·-·Î≠Æ¨òàäå-768x1179.jpg

https://dlf.uzh.ch/sites/slavicumpress/files/2020/03/à´´.-8-Ä≠≠†-ã†≠§•´Ï-·-·Î≠Æ¨òàäå-768x1179.jpg

à´´.-8-Ä≠≠†-ã†≠§•´Ï-·-·Î≠Æ¨òàäå-460x270.jpg

https://dlf.uzh.ch/sites/slavicumpress/files/2020/03/à´´.-8-Ä≠≠†-ã†≠§•´Ï-·-·Î≠Æ¨òàäå-460x270.jpg

à´´.-8-Ä≠≠†-ã†≠§•´Ï-·-·Î≠Æ¨òàäå-358x550.jpg

https://dlf.uzh.ch/sites/slavicumpress/files/2020/03/à´´.-8-Ä≠≠†-ã†≠§•´Ï-·-·Î≠Æ¨òàäå-358x550.jpg

à´´.-8-Ä≠≠†-ã†≠§•´Ï-·-·Î≠Æ¨òàäå-690x500.jpg

https://dlf.uzh.ch/sites/slavicumpress/files/2020/03/à´´.-8-Ä≠≠†-ã†≠§•´Ï-·-·Î≠Æ¨òàäå-690x500.jpg

à´´.-8-Ä≠≠†-ã†≠§•´Ï-·-·Î≠Æ¨òàäå-326x500.jpg

https://dlf.uzh.ch/sites/slavicumpress/files/2020/03/à´´.-8-Ä≠≠†-ã†≠§•´Ï-·-·Î≠Æ¨òàäå-326x500.jpg

à´´.-8-Ä≠≠†-ã†≠§•´Ï-·-·Î≠Æ¨òàäå-920x425.jpg

https://dlf.uzh.ch/sites/slavicumpress/files/2020/03/à´´.-8-Ä≠≠†-ã†≠§•´Ï-·-·Î≠Æ¨òàäå-920x425.jpg

à´´.-8-Ä≠≠†-ã†≠§•´Ï-·-·Î≠Æ¨òàäå-1001x425.jpg

https://dlf.uzh.ch/sites/slavicumpress/files/2020/03/à´´.-8-Ä≠≠†-ã†≠§•´Ï-·-·Î≠Æ¨òàäå-1001x425.jpg

à´´.-8-Ä≠≠†-ã†≠§•´Ï-·-·Î≠Æ¨òàäå.jpg
