{"id":1186,"date":"2018-11-28T12:34:15","date_gmt":"2018-11-28T11:34:15","guid":{"rendered":"http:\/\/www.phil.uzh.ch\/elearning\/blog\/slavicumpress\/files\/2018\/11\/ReIyUgDQ.jpeg"},"modified":"2025-11-19T23:22:18","modified_gmt":"2025-11-19T22:22:18","slug":"reiyugdq","status":"inherit","type":"attachment","link":"https:\/\/dlf.uzh.ch\/sites\/slavicumpress\/reiyugdq\/","title":{"rendered":"Wiecz\u00f3r literacki z publicystk\u0105 Justyn\u0105 Sobolewsk\u0105  05.11.2018"},"author":380,"featured_media":0,"comment_status":"open","ping_status":"closed","template":"","meta":{"_acf_changed":false,"_FSMCFIC_featured_image_caption":"","_FSMCFIC_featured_image_nocaption":"","_FSMCFIC_featured_image_hide":""},"class_list":["entry","author-slavicumpress","post-1186","attachment","type-attachment","status-inherit"],"acf":[],"description":{"rendered":"<p class=\"attachment\"><a href='https:\/\/dlf.uzh.ch\/sites\/slavicumpress\/files\/2018\/11\/ReIyUgDQ.jpeg'><img loading=\"lazy\" decoding=\"async\" width=\"300\" height=\"200\" src=\"https:\/\/dlf.uzh.ch\/sites\/slavicumpress\/files\/2018\/11\/ReIyUgDQ-300x200.jpeg\" class=\"attachment-medium size-medium\" alt=\"\" srcset=\"https:\/\/dlf.uzh.ch\/sites\/slavicumpress\/files\/2018\/11\/ReIyUgDQ-300x200.jpeg 300w, https:\/\/dlf.uzh.ch\/sites\/slavicumpress\/files\/2018\/11\/ReIyUgDQ-768x512.jpeg 768w, https:\/\/dlf.uzh.ch\/sites\/slavicumpress\/files\/2018\/11\/ReIyUgDQ-1024x683.jpeg 1024w, https:\/\/dlf.uzh.ch\/sites\/slavicumpress\/files\/2018\/11\/ReIyUgDQ-465x310.jpeg 465w, https:\/\/dlf.uzh.ch\/sites\/slavicumpress\/files\/2018\/11\/ReIyUgDQ-695x463.jpeg 695w, https:\/\/dlf.uzh.ch\/sites\/slavicumpress\/files\/2018\/11\/ReIyUgDQ.jpeg 1600w\" sizes=\"auto, (max-width: 300px) 100vw, 300px\" \/><\/a><\/p>\n"},"caption":{"rendered":"<p><span class=\"more-link\"><a href=\"https:\/\/dlf.uzh.ch\/sites\/slavicumpress\/reiyugdq\/\">Read More &rarr;<\/a><\/span><\/p>\n"},"alt_text":"","media_type":"image","mime_type":"image\/jpeg","media_details":{"width":1600,"height":1067,"file":"2018\/11\/ReIyUgDQ.jpeg","sizes":{"thumbnail":{"file":"ReIyUgDQ-150x150.jpeg","width":150,"height":150,"mime_type":"image\/jpeg","source_url":"https:\/\/dlf.uzh.ch\/sites\/slavicumpress\/files\/2018\/11\/ReIyUgDQ-150x150.jpeg"},"medium":{"file":"ReIyUgDQ-300x200.jpeg","width":300,"height":200,"mime_type":"image\/jpeg","source_url":"https:\/\/dlf.uzh.ch\/sites\/slavicumpress\/files\/2018\/11\/ReIyUgDQ-300x200.jpeg"},"medium_large":{"file":"ReIyUgDQ-768x512.jpeg","width":768,"height":512,"mime_type":"image\/jpeg","source_url":"https:\/\/dlf.uzh.ch\/sites\/slavicumpress\/files\/2018\/11\/ReIyUgDQ-768x512.jpeg"},"large":{"file":"ReIyUgDQ-1024x683.jpeg","width":1024,"height":683,"mime_type":"image\/jpeg","source_url":"https:\/\/dlf.uzh.ch\/sites\/slavicumpress\/files\/2018\/11\/ReIyUgDQ-1024x683.jpeg"},"hoot-medium-thumb":{"file":"ReIyUgDQ-460x270.jpeg","width":460,"height":270,"mime_type":"image\/jpeg","source_url":"https:\/\/dlf.uzh.ch\/sites\/slavicumpress\/files\/2018\/11\/ReIyUgDQ-460x270.jpeg"},"hoot-preview":{"file":"ReIyUgDQ-465x310.jpeg","width":465,"height":310,"mime_type":"image\/jpeg","source_url":"https:\/\/dlf.uzh.ch\/sites\/slavicumpress\/files\/2018\/11\/ReIyUgDQ-465x310.jpeg"},"hoot-large-thumb":{"file":"ReIyUgDQ-690x500.jpeg","width":690,"height":500,"mime_type":"image\/jpeg","source_url":"https:\/\/dlf.uzh.ch\/sites\/slavicumpress\/files\/2018\/11\/ReIyUgDQ-690x500.jpeg"},"hoot-preview-large":{"file":"ReIyUgDQ-695x463.jpeg","width":695,"height":463,"mime_type":"image\/jpeg","source_url":"https:\/\/dlf.uzh.ch\/sites\/slavicumpress\/files\/2018\/11\/ReIyUgDQ-695x463.jpeg"},"hoot-wide":{"file":"ReIyUgDQ-920x425.jpeg","width":920,"height":425,"mime_type":"image\/jpeg","source_url":"https:\/\/dlf.uzh.ch\/sites\/slavicumpress\/files\/2018\/11\/ReIyUgDQ-920x425.jpeg"},"hoot-extra-wide":{"file":"ReIyUgDQ-1035x425.jpeg","width":1035,"height":425,"mime_type":"image\/jpeg","source_url":"https:\/\/dlf.uzh.ch\/sites\/slavicumpress\/files\/2018\/11\/ReIyUgDQ-1035x425.jpeg"},"full":{"file":"ReIyUgDQ.jpeg","width":1600,"height":1067,"mime_type":"image\/jpeg","source_url":"https:\/\/dlf.uzh.ch\/sites\/slavicumpress\/files\/2018\/11\/ReIyUgDQ.jpeg"}},"image_meta":{"aperture":"0","credit":"","camera":"","caption":"","created_timestamp":"0","copyright":"","focal_length":"0","iso":"0","shutter_speed":"0","title":"","orientation":"0","keywords":[]}},"post":null,"source_url":"https:\/\/dlf.uzh.ch\/sites\/slavicumpress\/files\/2018\/11\/ReIyUgDQ.jpeg","_links":{"self":[{"href":"https:\/\/dlf.uzh.ch\/sites\/slavicumpress\/wp-json\/wp\/v2\/media\/1186","targetHints":{"allow":["GET"]}}],"collection":[{"href":"https:\/\/dlf.uzh.ch\/sites\/slavicumpress\/wp-json\/wp\/v2\/media"}],"about":[{"href":"https:\/\/dlf.uzh.ch\/sites\/slavicumpress\/wp-json\/wp\/v2\/types\/attachment"}],"author":[{"embeddable":true,"href":"https:\/\/dlf.uzh.ch\/sites\/slavicumpress\/wp-json\/wp\/v2\/users\/380"}],"replies":[{"embeddable":true,"href":"https:\/\/dlf.uzh.ch\/sites\/slavicumpress\/wp-json\/wp\/v2\/comments?post=1186"}]}}

Wieczór literacki z publicystką Justyną Sobolewską  05.11.2018
