{"id":12,"date":"2020-08-18T07:27:02","date_gmt":"2020-08-18T07:27:02","guid":{"rendered":"https:\/\/dlf.uzh.ch\/sites\/skandinavien-postkolonial\/?page_id=12"},"modified":"2020-12-21T10:31:38","modified_gmt":"2020-12-21T10:31:38","slug":"about","status":"publish","type":"page","link":"https:\/\/dlf.uzh.ch\/sites\/skandinavien-postkolonial\/about\/","title":{"rendered":"About"},"content":{"rendered":"\n<p><strong>Skandinavien Postkolonial \u2013 Ein Blog von Masterstudierenden der Nordistik in Basel und Z\u00fcrich<\/strong><\/p>\n\n\n\n<p>Dieser Blog entsteht im Rahmen des Mastermoduls \u201eSkandinavien aktuell\u201c, an dem MA-Studierende der Universit\u00e4ten Basel und Z\u00fcrich teilnehmen. In diesem Blog sollen Aspekte der skandinavischen Kulturen von der Wikingerzeit bis in 21. Jahrhundert unter R\u00fcckgriff auf postkolonial orientierte Ans\u00e4tze diskutiert werden.<\/p>\n\n\n\n<p>Die Themen reichen von mittelalterlichen Diskursen \u00fcber kulturelle Kontakte zu anderen ethnischen Gruppen wie den Sami oder den Skr\u00e6lingar \u00fcber sich ausbildende koloniale Herrschaftsgef\u00fcge im sp\u00e4tmittelalterlichen und fr\u00fchneuzeitlichen Norden bis hin zu j\u00fcngsten Entwicklungen in der Folge der <em>Black Lives Matter<\/em>-Bewegung im vergangenen Jahr.<\/p>\n","protected":false},"excerpt":{"rendered":"<p>Skandinavien Postkolonial \u2013 Ein Blog von Masterstudierenden der Nordistik in Basel und Z\u00fcrich Dieser Blog entsteht im Rahmen des Mastermoduls \u201eSkandinavien aktuell\u201c, an dem MA-Studierende der Universit\u00e4ten Basel und Z\u00fcrich teilnehmen. In diesem Blog sollen Aspekte der skandinavischen Kulturen von der Wikingerzeit bis in 21. Jahrhundert unter R\u00fcckgriff auf postkolonial orientierte Ans\u00e4tze diskutiert werden. Die Themen reichen von mittelalterlichen Diskursen \u00fcber kulturelle Kontakte zu anderen ethnischen Gruppen wie den Sami oder den Skr\u00e6lingar \u00fcber sich ausbildende koloniale Herrschaftsgef\u00fcge im sp\u00e4tmittelalterlichen und fr\u00fchneuzeitlichen Norden bis hin zu j\u00fcngsten Entwicklungen in der Folge der Black Lives Matter-Bewegung im vergangenen Jahr.<\/p>\n","protected":false},"author":615,"featured_media":0,"parent":0,"menu_order":0,"comment_status":"closed","ping_status":"closed","template":"","meta":{"footnotes":""},"class_list":["post-12","page","type-page","status-publish"],"_links":{"self":[{"href":"https:\/\/dlf.uzh.ch\/sites\/skandinavien-postkolonial\/wp-json\/wp\/v2\/pages\/12","targetHints":{"allow":["GET"]}}],"collection":[{"href":"https:\/\/dlf.uzh.ch\/sites\/skandinavien-postkolonial\/wp-json\/wp\/v2\/pages"}],"about":[{"href":"https:\/\/dlf.uzh.ch\/sites\/skandinavien-postkolonial\/wp-json\/wp\/v2\/types\/page"}],"author":[{"embeddable":true,"href":"https:\/\/dlf.uzh.ch\/sites\/skandinavien-postkolonial\/wp-json\/wp\/v2\/users\/615"}],"replies":[{"embeddable":true,"href":"https:\/\/dlf.uzh.ch\/sites\/skandinavien-postkolonial\/wp-json\/wp\/v2\/comments?post=12"}],"version-history":[{"count":3,"href":"https:\/\/dlf.uzh.ch\/sites\/skandinavien-postkolonial\/wp-json\/wp\/v2\/pages\/12\/revisions"}],"predecessor-version":[{"id":38,"href":"https:\/\/dlf.uzh.ch\/sites\/skandinavien-postkolonial\/wp-json\/wp\/v2\/pages\/12\/revisions\/38"}],"wp:attachment":[{"href":"https:\/\/dlf.uzh.ch\/sites\/skandinavien-postkolonial\/wp-json\/wp\/v2\/media?parent=12"}],"curies":[{"name":"wp","href":"https:\/\/api.w.org\/{rel}","templated":true}]}}