{"id":45,"date":"2020-09-04T18:58:09","date_gmt":"2020-09-04T18:58:09","guid":{"rendered":"https:\/\/dlf.uzh.ch\/sites\/siegfriedgoesyoutube\/?page_id=45"},"modified":"2021-01-21T19:09:43","modified_gmt":"2021-01-21T19:09:43","slug":"kontakt","status":"publish","type":"page","link":"https:\/\/dlf.uzh.ch\/sites\/siegfriedgoesyoutube\/kontakt\/","title":{"rendered":"KONTAKT"},"content":{"rendered":"\n<p class=\"has-medium-font-size\"><strong>Siegfried und sein Team<\/strong><\/p>\n\n\n\n<div style=\"height:25px\" aria-hidden=\"true\" class=\"wp-block-spacer\"><\/div>\n\n\n\n<p><strong>Projektleitung<\/strong><\/p>\n\n\n\n<p>Daniela Fuhrmann und Thomas M\u00fcller<\/p>\n\n\n\n<p>daniela.fuhrmann@uzh.ch; thomas.mueller@ds.uzh.ch<\/p>\n\n\n\n<div style=\"height:25px\" aria-hidden=\"true\" class=\"wp-block-spacer\"><\/div>\n\n\n\n<p><strong>Tutorinnen<\/strong><\/p>\n\n\n\n<p>Eliya Livas und Anina Steinmann<\/p>\n\n\n\n<p>eliyamargarita.livas@uzh.ch; anina.steinmann@uzh.ch<\/p>\n\n\n\n<div style=\"height:60px\" aria-hidden=\"true\" class=\"wp-block-spacer\"><\/div>\n\n\n\n<p class=\"has-medium-font-size\"><strong>Weitere n\u00fctzliche Adressen<\/strong><\/p>\n\n\n\n<div style=\"height:25px\" aria-hidden=\"true\" class=\"wp-block-spacer\"><\/div>\n\n\n\n<p><em>Bei Interesse f\u00fcr die \u00c4ltere deutsche Literaturwissenschaft, in deren Curriculum \u201eSiegfried goes YouTube\u201c eingebunden war:<\/em><\/p>\n\n\n\n<p style=\"line-height:1.5\"><a href=\"https:\/\/www.ds.uzh.ch\/de\/aeltere.html\">https:\/\/www.ds.uzh.ch\/de\/aeltere.html<\/a><\/p>\n\n\n\n<div style=\"height:25px\" aria-hidden=\"true\" class=\"wp-block-spacer\"><\/div>\n\n\n\n<p style=\"line-height:1.5\"><em>(Fast) jeder Frage zur technischen Umsetzung in digitalen Belangen<\/em> <em>widmet sich das Team f\u00fcr Digitale Lehre und Forschung (DLF):<\/em><\/p>\n\n\n\n<p style=\"line-height:1.5\"><a href=\"https:\/\/dlf.uzh.ch\">https:\/\/dlf.uzh.ch<\/a><\/p>\n\n\n\n<div style=\"height:25px\" aria-hidden=\"true\" class=\"wp-block-spacer\"><\/div>\n\n\n\n<p style=\"line-height:1.5\"><em>Das \u2013 vor allem finanzielle \u2013 Plus f\u00fcr innovative Lehre stellt der Lehrkredit der UZH zur Verf\u00fcgung:<\/em><\/p>\n\n\n\n<p style=\"line-height:1.5\"><a href=\"https:\/\/www.lehrkredit.uzh.ch\/de.html\">https:\/\/www.lehrkredit.uzh.ch\/de.html<\/a><\/p>\n\n\n\n<div style=\"height:25px\" aria-hidden=\"true\" class=\"wp-block-spacer\"><\/div>\n\n\n\n<div class=\"wp-block-buttons is-layout-flex wp-block-buttons-is-layout-flex\">\n<div class=\"wp-block-button is-style-outline is-style-outline--1\"><a class=\"wp-block-button__link\" href=\"https:\/\/www.ds.uzh.ch\/de\/aeltere.html\" target=\"_blank\" rel=\"noreferrer noopener\">\u00c4DL<\/a><\/div>\n\n\n\n<div class=\"wp-block-button is-style-outline is-style-outline--2\"><a class=\"wp-block-button__link\" href=\"https:\/\/dlf.uzh.ch\" target=\"_blank\" rel=\"noreferrer noopener\">DLF<\/a><\/div>\n\n\n\n<div class=\"wp-block-button is-style-outline is-style-outline--3\"><a class=\"wp-block-button__link\" href=\"https:\/\/www.lehrkredit.uzh.ch\/de.html\" target=\"_blank\" rel=\"noreferrer noopener\">LEHRKREDIT<\/a><\/div>\n<\/div>\n","protected":false},"excerpt":{"rendered":"<p>Siegfried und sein Team Projektleitung Daniela Fuhrmann und Thomas M\u00fcller daniela.fuhrmann@uzh.ch; thomas.mueller@ds.uzh.ch Tutorinnen Eliya Livas und Anina Steinmann eliyamargarita.livas@uzh.ch; anina.steinmann@uzh.ch Weitere n\u00fctzliche Adressen Bei Interesse f\u00fcr die \u00c4ltere deutsche Literaturwissenschaft, in deren Curriculum \u201eSiegfried goes YouTube\u201c eingebunden war: https:\/\/www.ds.uzh.ch\/de\/aeltere.html (Fast) jeder Frage zur technischen Umsetzung in digitalen Belangen widmet sich das Team f\u00fcr Digitale Lehre &hellip; <\/p>\n<p class=\"link-more\"><a href=\"https:\/\/dlf.uzh.ch\/sites\/siegfriedgoesyoutube\/kontakt\/\" class=\"more-link\"><span class=\"screen-reader-text\">\u201eKONTAKT\u201c <\/span>weiterlesen<\/a><\/p>\n","protected":false},"author":608,"featured_media":0,"parent":0,"menu_order":0,"comment_status":"closed","ping_status":"closed","template":"","meta":{"footnotes":""},"class_list":["post-45","page","type-page","status-publish","hentry"],"_links":{"self":[{"href":"https:\/\/dlf.uzh.ch\/sites\/siegfriedgoesyoutube\/wp-json\/wp\/v2\/pages\/45","targetHints":{"allow":["GET"]}}],"collection":[{"href":"https:\/\/dlf.uzh.ch\/sites\/siegfriedgoesyoutube\/wp-json\/wp\/v2\/pages"}],"about":[{"href":"https:\/\/dlf.uzh.ch\/sites\/siegfriedgoesyoutube\/wp-json\/wp\/v2\/types\/page"}],"author":[{"embeddable":true,"href":"https:\/\/dlf.uzh.ch\/sites\/siegfriedgoesyoutube\/wp-json\/wp\/v2\/users\/608"}],"replies":[{"embeddable":true,"href":"https:\/\/dlf.uzh.ch\/sites\/siegfriedgoesyoutube\/wp-json\/wp\/v2\/comments?post=45"}],"version-history":[{"count":41,"href":"https:\/\/dlf.uzh.ch\/sites\/siegfriedgoesyoutube\/wp-json\/wp\/v2\/pages\/45\/revisions"}],"predecessor-version":[{"id":673,"href":"https:\/\/dlf.uzh.ch\/sites\/siegfriedgoesyoutube\/wp-json\/wp\/v2\/pages\/45\/revisions\/673"}],"wp:attachment":[{"href":"https:\/\/dlf.uzh.ch\/sites\/siegfriedgoesyoutube\/wp-json\/wp\/v2\/media?parent=45"}],"curies":[{"name":"wp","href":"https:\/\/api.w.org\/{rel}","templated":true}]}}