{"id":78,"date":"2021-02-06T15:10:14","date_gmt":"2021-02-06T15:10:14","guid":{"rendered":"https:\/\/dlf.uzh.ch\/sites\/rurican\/?page_id=78"},"modified":"2021-02-06T15:10:14","modified_gmt":"2021-02-06T15:10:14","slug":"marco-losavio","status":"publish","type":"page","link":"https:\/\/dlf.uzh.ch\/sites\/rurican\/marco-losavio\/","title":{"rendered":"Marco Losavio"},"content":{"rendered":"\n<p>Graduado del programa <em>Culturas de la Antig\u00fcedad<\/em>, Marco Losavio comenz\u00f3 en Septiembre de 2020 su Master en <em>Filolog\u00eda Griega <\/em>y <em>Iberoroman\u00edstica <\/em>en la Universidad de Z\u00farich. En vista del hecho de estar dedicando sus estudios tanto a lenguas antiguas cuanto modernas, lo que m\u00e1s le interesa es la ling\u00fc\u00edstica hist\u00f3rica y la literatura comparada. <\/p>\n\n\n\n<p>Marco est\u00e1 participando como estudiante ayudante, despu\u00e9s de haber postulado a la convocatoria. <\/p>\n","protected":false},"excerpt":{"rendered":"<p>Graduado del programa Culturas de la Antig\u00fcedad, Marco Losavio comenz\u00f3 en Septiembre de 2020 su Master en Filolog\u00eda Griega y Iberoroman\u00edstica en la Universidad de Z\u00farich. En vista del hecho de estar dedicando sus estudios tanto a lenguas antiguas cuanto modernas, lo que m\u00e1s le interesa es la ling\u00fc\u00edstica hist\u00f3rica y la literatura comparada. Marco [&hellip;]<\/p>\n","protected":false},"author":685,"featured_media":0,"parent":0,"menu_order":0,"comment_status":"closed","ping_status":"closed","template":"","meta":{"_uag_custom_page_level_css":"","footnotes":""},"class_list":["post-78","page","type-page","status-publish","hentry"],"uagb_featured_image_src":{"full":false,"thumbnail":false,"medium":false,"medium_large":false,"large":false,"1536x1536":false,"2048x2048":false,"post-thumbnail":false},"uagb_author_info":{"display_name":"rurican","author_link":"https:\/\/dlf.uzh.ch\/sites\/rurican\/author\/rurican\/"},"uagb_comment_info":0,"uagb_excerpt":"Graduado del programa Culturas de la Antig\u00fcedad, Marco Losavio comenz\u00f3 en Septiembre de 2020 su Master en Filolog\u00eda Griega y Iberoroman\u00edstica en la Universidad de Z\u00farich. En vista del hecho de estar dedicando sus estudios tanto a lenguas antiguas cuanto modernas, lo que m\u00e1s le interesa es la ling\u00fc\u00edstica hist\u00f3rica y la literatura comparada. Marco&hellip;","_links":{"self":[{"href":"https:\/\/dlf.uzh.ch\/sites\/rurican\/wp-json\/wp\/v2\/pages\/78","targetHints":{"allow":["GET"]}}],"collection":[{"href":"https:\/\/dlf.uzh.ch\/sites\/rurican\/wp-json\/wp\/v2\/pages"}],"about":[{"href":"https:\/\/dlf.uzh.ch\/sites\/rurican\/wp-json\/wp\/v2\/types\/page"}],"author":[{"embeddable":true,"href":"https:\/\/dlf.uzh.ch\/sites\/rurican\/wp-json\/wp\/v2\/users\/685"}],"replies":[{"embeddable":true,"href":"https:\/\/dlf.uzh.ch\/sites\/rurican\/wp-json\/wp\/v2\/comments?post=78"}],"version-history":[{"count":1,"href":"https:\/\/dlf.uzh.ch\/sites\/rurican\/wp-json\/wp\/v2\/pages\/78\/revisions"}],"predecessor-version":[{"id":79,"href":"https:\/\/dlf.uzh.ch\/sites\/rurican\/wp-json\/wp\/v2\/pages\/78\/revisions\/79"}],"wp:attachment":[{"href":"https:\/\/dlf.uzh.ch\/sites\/rurican\/wp-json\/wp\/v2\/media?parent=78"}],"curies":[{"name":"wp","href":"https:\/\/api.w.org\/{rel}","templated":true}]}}