{"id":227,"date":"2025-07-24T17:30:49","date_gmt":"2025-07-24T15:30:49","guid":{"rendered":"https:\/\/dlf.uzh.ch\/sites\/memoriasdelaesclavitud\/?page_id=227"},"modified":"2025-09-03T13:39:17","modified_gmt":"2025-09-03T11:39:17","slug":"programa-cultural","status":"publish","type":"page","link":"https:\/\/dlf.uzh.ch\/sites\/memoriasdelaesclavitud\/programa-cultural\/","title":{"rendered":"Programa cultural"},"content":{"rendered":"\n<p>A lo largo del congreso se llevar\u00e1n a cabo varias actividades culturales relacionadas con el tema. Ve\u00e1se para m\u00e1s informaci\u00f3n abajo:<\/p>\n\n\n\n<div class=\"wp-block-buttons is-layout-flex wp-block-buttons-is-layout-flex\">\n<div class=\"wp-block-button is-style-fill\"><a class=\"wp-block-button__link has-white-color has-text-color has-background has-link-color wp-element-button\" href=\"https:\/\/dlf.uzh.ch\/sites\/memoriasdelaesclavitud\/proyeccion-de-la-pelicula\/\" style=\"border-radius:0px;background-color:#e04a14\">Pel\u00edcula<\/a><\/div>\n<\/div>\n\n\n\n<p><\/p>\n\n\n\n<div class=\"wp-block-buttons is-layout-flex wp-block-buttons-is-layout-flex\">\n<div class=\"wp-block-button\"><a class=\"wp-block-button__link has-white-color has-text-color has-background has-link-color wp-element-button\" href=\"https:\/\/dlf.uzh.ch\/sites\/memoriasdelaesclavitud\/zurich-colonial\/\" style=\"border-radius:0px;background-color:#e04a14\">Z\u00farich colonial<\/a><\/div>\n<\/div>\n\n\n\n<p><\/p>\n\n\n\n<div class=\"wp-block-buttons is-layout-flex wp-block-buttons-is-layout-flex\">\n<div class=\"wp-block-button\"><a class=\"wp-block-button__link has-white-color has-text-color has-background has-link-color wp-element-button\" href=\"https:\/\/dlf.uzh.ch\/sites\/memoriasdelaesclavitud\/lecturas-cruzadas\/\" style=\"border-radius:0px;background-color:#e04a14\">Lectura literaria<\/a><\/div>\n<\/div>\n\n\n\n<p><\/p>\n\n\n\n<div class=\"wp-block-buttons is-layout-flex wp-block-buttons-is-layout-flex\">\n<div class=\"wp-block-button\"><a class=\"wp-block-button__link has-white-color has-text-color has-background has-link-color wp-element-button\" href=\"https:\/\/dlf.uzh.ch\/sites\/memoriasdelaesclavitud\/mesa-redonda\/\" style=\"border-radius:0px;background-color:#e04a14\">Mesa redonda<\/a><\/div>\n<\/div>\n","protected":false},"excerpt":{"rendered":"<p>A lo largo del congreso se llevar\u00e1n a cabo varias actividades culturales relacionadas con el tema. Ve\u00e1se para m\u00e1s informaci\u00f3n abajo:<\/p>\n","protected":false},"author":967,"featured_media":0,"parent":0,"menu_order":0,"comment_status":"closed","ping_status":"closed","template":"","meta":{"_uag_custom_page_level_css":"","footnotes":""},"class_list":["post-227","page","type-page","status-publish","hentry"],"uagb_featured_image_src":{"full":false,"thumbnail":false,"medium":false,"medium_large":false,"large":false,"1536x1536":false,"2048x2048":false,"cerauno-home":false,"cerauno-header":false,"cerauno-site-logo":false},"uagb_author_info":{"display_name":"sohoff","author_link":"https:\/\/dlf.uzh.ch\/sites\/memoriasdelaesclavitud\/author\/sohoff\/"},"uagb_comment_info":0,"uagb_excerpt":"A lo largo del congreso se llevar\u00e1n a cabo varias actividades culturales relacionadas con el tema. Ve\u00e1se para m\u00e1s informaci\u00f3n abajo:","_links":{"self":[{"href":"https:\/\/dlf.uzh.ch\/sites\/memoriasdelaesclavitud\/wp-json\/wp\/v2\/pages\/227","targetHints":{"allow":["GET"]}}],"collection":[{"href":"https:\/\/dlf.uzh.ch\/sites\/memoriasdelaesclavitud\/wp-json\/wp\/v2\/pages"}],"about":[{"href":"https:\/\/dlf.uzh.ch\/sites\/memoriasdelaesclavitud\/wp-json\/wp\/v2\/types\/page"}],"author":[{"embeddable":true,"href":"https:\/\/dlf.uzh.ch\/sites\/memoriasdelaesclavitud\/wp-json\/wp\/v2\/users\/967"}],"replies":[{"embeddable":true,"href":"https:\/\/dlf.uzh.ch\/sites\/memoriasdelaesclavitud\/wp-json\/wp\/v2\/comments?post=227"}],"version-history":[{"count":6,"href":"https:\/\/dlf.uzh.ch\/sites\/memoriasdelaesclavitud\/wp-json\/wp\/v2\/pages\/227\/revisions"}],"predecessor-version":[{"id":525,"href":"https:\/\/dlf.uzh.ch\/sites\/memoriasdelaesclavitud\/wp-json\/wp\/v2\/pages\/227\/revisions\/525"}],"wp:attachment":[{"href":"https:\/\/dlf.uzh.ch\/sites\/memoriasdelaesclavitud\/wp-json\/wp\/v2\/media?parent=227"}],"curies":[{"name":"wp","href":"https:\/\/api.w.org\/{rel}","templated":true}]}}

<p>A lo largo del congreso se llevarán a cabo varias actividades culturales relacionadas con el tema. Veáse para más información abajo:</p>



<div class="wp-block-buttons is-layout-flex wp-block-buttons-is-layout-flex">
<div class="wp-block-button is-style-fill"><a class="wp-block-button__link has-white-color has-text-color has-background has-link-color wp-element-button" href="https://dlf.uzh.ch/sites/memoriasdelaesclavitud/proyeccion-de-la-pelicula/" style="border-radius:0px;background-color:#e04a14">Película</a></div>
</div>



<p></p>



<div class="wp-block-buttons is-layout-flex wp-block-buttons-is-layout-flex">
<div class="wp-block-button"><a class="wp-block-button__link has-white-color has-text-color has-background has-link-color wp-element-button" href="https://dlf.uzh.ch/sites/memoriasdelaesclavitud/zurich-colonial/" style="border-radius:0px;background-color:#e04a14">Zúrich colonial</a></div>
</div>



<p></p>



<div class="wp-block-buttons is-layout-flex wp-block-buttons-is-layout-flex">
<div class="wp-block-button"><a class="wp-block-button__link has-white-color has-text-color has-background has-link-color wp-element-button" href="https://dlf.uzh.ch/sites/memoriasdelaesclavitud/lecturas-cruzadas/" style="border-radius:0px;background-color:#e04a14">Lectura literaria</a></div>
</div>



<p></p>



<div class="wp-block-buttons is-layout-flex wp-block-buttons-is-layout-flex">
<div class="wp-block-button"><a class="wp-block-button__link has-white-color has-text-color has-background has-link-color wp-element-button" href="https://dlf.uzh.ch/sites/memoriasdelaesclavitud/mesa-redonda/" style="border-radius:0px;background-color:#e04a14">Mesa redonda</a></div>
</div>

<p>A lo largo del congreso se llevarán a cabo varias actividades culturales relacionadas con el tema. Veáse para más información abajo:</p>

A lo largo del congreso se llevarán a cabo varias actividades culturales relacionadas con el tema. Veáse para más información abajo:
