{"id":1086,"date":"2023-08-23T16:49:08","date_gmt":"2023-08-23T14:49:08","guid":{"rendered":"https:\/\/dlf.uzh.ch\/sites\/medioscope\/?page_id=1086"},"modified":"2024-10-02T16:17:52","modified_gmt":"2024-10-02T14:17:52","slug":"serien","status":"publish","type":"page","link":"https:\/\/dlf.uzh.ch\/sites\/medioscope\/serien\/","title":{"rendered":"Serien"},"content":{"rendered":"<div class=\"wpb-content-wrapper\"><p>[vc_row][vc_column][vc_column_text]<em>medioscope<\/em> macht Platz: Platz f\u00fcr Gastspiele von Autor:innen, die Wissenschaft nicht professionell betreiben, sondern in Studium oder Schulausbildung erste Schritte auf diesem Feld unternehmen und ihre Ergebnisse in thematisch spezialisierten Blog-Serien auf <em>medioscope<\/em> pr\u00e4sentieren. Ein Dank geht an die kooperierenden Seminarleitungen und Lehrpersonen, die ma\u00dfgeblich Verantwortung tragen f\u00fcr die Beitr\u00e4ge innerhalb der Serien.[\/vc_column_text][\/vc_column][\/vc_row][vc_row][vc_column][vc_tta_tour][vc_tta_section title=&#8220;Radikale Religion&#8220; tab_id=&#8220;1724595518498-7182c566-f4f1&#8243;][vc_masonry_grid post_type=&#8220;post&#8220; max_items=&#8220;1&#8243; element_width=&#8220;12&#8243; css=&#8220;&#8220; grid_id=&#8220;vc_gid:1727878621236-74b8fa74-2b0a-0&#8243; taxonomies=&#8220;64&#8243;][vc_btn title=&#8220;Zur Serie&#8220; color=&#8220;danger&#8220; css=&#8220;&#8220; link=&#8220;url:https%3A%2F%2Fdlf.uzh.ch%2Fsites%2Fmedioscope%2Fradikale-religion%2F&#8220;][\/vc_tta_section][vc_tta_section title=&#8220;H\u00f6hlen&#8220; tab_id=&#8220;1724593341526-8def0d8e-aed2&#8243;][vc_masonry_grid post_type=&#8220;post&#8220; max_items=&#8220;1&#8243; element_width=&#8220;12&#8243; order=&#8220;ASC&#8220; grid_id=&#8220;vc_gid:1727878621237-c21d679c-fb2e-10&#8243; taxonomies=&#8220;62&#8243;][vc_btn title=&#8220;Zur Serie&#8220; color=&#8220;danger&#8220; link=&#8220;url:https%3A%2F%2Fdlf.uzh.ch%2Fsites%2Fmedioscope%2Fhoehlen%2F|title:H%C3%B6hlen&#8220;][\/vc_tta_section][\/vc_tta_tour][\/vc_column][\/vc_row]<\/p>\n<\/div>","protected":false},"excerpt":{"rendered":"<p>[vc_row][vc_column][vc_column_text]medioscope macht Platz: Platz f\u00fcr Gastspiele von Autor:innen, die Wissenschaft nicht professionell betreiben, sondern in Studium oder Schulausbildung erste Schritte auf diesem Feld unternehmen und ihre Ergebnisse in thematisch spezialisierten Blog-Serien auf medioscope pr\u00e4sentieren. Ein Dank geht an die kooperierenden Seminarleitungen und Lehrpersonen, die ma\u00dfgeblich Verantwortung tragen f\u00fcr die Beitr\u00e4ge<span class=\"more-link\"><a href=\"https:\/\/dlf.uzh.ch\/sites\/medioscope\/serien\/\">Weiterlesen&#8230;<\/a><\/span><\/p>\n","protected":false},"author":776,"featured_media":0,"parent":0,"menu_order":0,"comment_status":"closed","ping_status":"closed","template":"","meta":{"_FSMCFIC_featured_image_caption":"","_FSMCFIC_featured_image_nocaption":"","_FSMCFIC_featured_image_hide":"","footnotes":""},"class_list":["entry","author-ppelli","post-1086","page","type-page","status-publish"],"_links":{"self":[{"href":"https:\/\/dlf.uzh.ch\/sites\/medioscope\/wp-json\/wp\/v2\/pages\/1086","targetHints":{"allow":["GET"]}}],"collection":[{"href":"https:\/\/dlf.uzh.ch\/sites\/medioscope\/wp-json\/wp\/v2\/pages"}],"about":[{"href":"https:\/\/dlf.uzh.ch\/sites\/medioscope\/wp-json\/wp\/v2\/types\/page"}],"author":[{"embeddable":true,"href":"https:\/\/dlf.uzh.ch\/sites\/medioscope\/wp-json\/wp\/v2\/users\/776"}],"replies":[{"embeddable":true,"href":"https:\/\/dlf.uzh.ch\/sites\/medioscope\/wp-json\/wp\/v2\/comments?post=1086"}],"version-history":[{"count":10,"href":"https:\/\/dlf.uzh.ch\/sites\/medioscope\/wp-json\/wp\/v2\/pages\/1086\/revisions"}],"predecessor-version":[{"id":1530,"href":"https:\/\/dlf.uzh.ch\/sites\/medioscope\/wp-json\/wp\/v2\/pages\/1086\/revisions\/1530"}],"wp:attachment":[{"href":"https:\/\/dlf.uzh.ch\/sites\/medioscope\/wp-json\/wp\/v2\/media?parent=1086"}],"curies":[{"name":"wp","href":"https:\/\/api.w.org\/{rel}","templated":true}]}}