{"id":102,"date":"2022-03-11T07:41:20","date_gmt":"2022-03-11T07:41:20","guid":{"rendered":"https:\/\/dlf.uzh.ch\/sites\/maedchenfantasien\/?page_id=102"},"modified":"2022-03-17T10:57:28","modified_gmt":"2022-03-17T10:57:28","slug":"kontakt","status":"publish","type":"page","link":"https:\/\/dlf.uzh.ch\/sites\/maedchenfantasien\/kontakt\/","title":{"rendered":"Kontakt"},"content":{"rendered":"<p>Bei Fragen wenden Sie sich gerne an <a href=\"mailto:maedchentagung@isek.uzh.ch\">maedchentagung@isek.uzh.ch<\/a><\/p>\n<div>\n<p><span lang=\"DE-DE\" xml:lang=\"DE-DE\" data-contrast=\"auto\">Moritz Ege, Christine L\u00f6tscher, Julian Schmitzberger, Anja Schwanh\u00e4u\u00dfer<\/span><span data-ccp-props=\"{}\">\u00a0<\/span><\/p>\n<\/div>\n<div>\n<p><span lang=\"DE-DE\" xml:lang=\"DE-DE\" data-contrast=\"auto\">(Organisationsgruppe Z\u00fcrich\/G\u00f6ttingen)<\/span><span data-ccp-props=\"{}\">\u00a0<\/span><\/p>\n<\/div>\n<p>&nbsp;<\/p>\n<p>&nbsp;<\/p>\n<p>Schrift-Gesaltung \u00a9\u00a0<a href=\"https:\/\/www.annechristinplate.com\">Vera Nowottne &amp; Anne-Christin Plate<\/a>.<\/p>\n","protected":false},"excerpt":{"rendered":"<p>Bei Fragen wenden Sie sich gerne an maedchentagung@isek.uzh.ch Moritz Ege, Christine L\u00f6tscher, Julian Schmitzberger, Anja Schwanh\u00e4u\u00dfer\u00a0 (Organisationsgruppe Z\u00fcrich\/G\u00f6ttingen)\u00a0 &nbsp; &nbsp; Schrift-Gesaltung \u00a9\u00a0Vera Nowottne &amp; Anne-Christin Plate.<\/p>\n","protected":false},"author":765,"featured_media":0,"parent":0,"menu_order":0,"comment_status":"closed","ping_status":"closed","template":"","meta":{"_acf_changed":false,"neve_meta_sidebar":"","neve_meta_container":"","neve_meta_enable_content_width":"off","neve_meta_content_width":100,"neve_meta_title_alignment":"","neve_meta_author_avatar":"","neve_post_elements_order":"","neve_meta_disable_header":"","neve_meta_disable_footer":"","neve_meta_disable_title":"","_FSMCFIC_featured_image_caption":"","_FSMCFIC_featured_image_nocaption":null,"_FSMCFIC_featured_image_hide":null,"footnotes":""},"class_list":["post-102","page","type-page","status-publish","hentry"],"acf":[],"_links":{"self":[{"href":"https:\/\/dlf.uzh.ch\/sites\/maedchenfantasien\/wp-json\/wp\/v2\/pages\/102","targetHints":{"allow":["GET"]}}],"collection":[{"href":"https:\/\/dlf.uzh.ch\/sites\/maedchenfantasien\/wp-json\/wp\/v2\/pages"}],"about":[{"href":"https:\/\/dlf.uzh.ch\/sites\/maedchenfantasien\/wp-json\/wp\/v2\/types\/page"}],"author":[{"embeddable":true,"href":"https:\/\/dlf.uzh.ch\/sites\/maedchenfantasien\/wp-json\/wp\/v2\/users\/765"}],"replies":[{"embeddable":true,"href":"https:\/\/dlf.uzh.ch\/sites\/maedchenfantasien\/wp-json\/wp\/v2\/comments?post=102"}],"version-history":[{"count":6,"href":"https:\/\/dlf.uzh.ch\/sites\/maedchenfantasien\/wp-json\/wp\/v2\/pages\/102\/revisions"}],"predecessor-version":[{"id":286,"href":"https:\/\/dlf.uzh.ch\/sites\/maedchenfantasien\/wp-json\/wp\/v2\/pages\/102\/revisions\/286"}],"wp:attachment":[{"href":"https:\/\/dlf.uzh.ch\/sites\/maedchenfantasien\/wp-json\/wp\/v2\/media?parent=102"}],"curies":[{"name":"wp","href":"https:\/\/api.w.org\/{rel}","templated":true}]}}