{"id":139,"date":"2025-06-16T01:57:07","date_gmt":"2025-06-16T01:57:07","guid":{"rendered":"https:\/\/dlf.uzh.ch\/sites\/locodi\/?page_id=139"},"modified":"2026-03-19T11:08:24","modified_gmt":"2026-03-19T11:08:24","slug":"collaborators","status":"publish","type":"page","link":"https:\/\/dlf.uzh.ch\/sites\/locodi\/collaborators\/","title":{"rendered":"Persons"},"content":{"rendered":"\n<div class=\"wp-block-group alignwide has-background\" style=\"background-color:#ffffff\"><div class=\"wp-block-group__inner-container is-layout-constrained wp-block-group-is-layout-constrained\">\n<h2 class=\"wp-block-heading\">Research team<\/h2>\n\n\n\n<p>Prof. Dr. Johannes Kabatek, Romanisches Seminar Universit\u00e4t Z\u00fcrich, Switzerland<\/p>\n\n\n\n<p>Dr. Yoselin Henriques Pestana, Romanisches Seminar Universit\u00e4t Z\u00fcrich, Switzerland<\/p>\n\n\n\n<p>Maxime Paratte, Romanisches Seminar Universit\u00e4t Z\u00fcrich, Switzerland<\/p>\n\n\n\n<p>Jenny N\u00fcesch, Romanisches Seminar Universit\u00e4t Z\u00fcrich, Switzerland<\/p>\n\n\n\n<h2 class=\"wp-block-heading\">Project Partners<\/h2>\n\n\n\n<p>Prof. Dr. Fr\u00e9d\u00e9ric Duval, \u00c9cole nationale des chartes, France<\/p>\n\n\n\n<p>Prof. Dr. Andr\u00e9s Enrique-Arias, Department of Spanish Philology University of the Balearic Islands, Spain<\/p>\n\n\n\n<p>Prof. Dr. Martin-Dietrich Glessgen, Romanisches Seminar Universit\u00e4t Z\u00fcrich, Switzerland<\/p>\n<\/div><\/div>\n","protected":false},"excerpt":{"rendered":"<p>Research team Prof. Dr. Johannes Kabatek, Romanisches Seminar Universit\u00e4t Z\u00fcrich, Switzerland Dr. Yoselin Henriques Pestana, Romanisches Seminar Universit\u00e4t Z\u00fcrich, Switzerland Maxime Paratte, Romanisches Seminar Universit\u00e4t Z\u00fcrich, Switzerland Jenny N\u00fcesch, Romanisches Seminar Universit\u00e4t Z\u00fcrich, Switzerland Project Partners Prof. Dr. Fr\u00e9d\u00e9ric Duval, \u00c9cole nationale des chartes, France Prof. Dr. Andr\u00e9s Enrique-Arias, Department of Spanish Philology University of [&hellip;]<\/p>\n","protected":false},"author":932,"featured_media":0,"parent":0,"menu_order":0,"comment_status":"closed","ping_status":"closed","template":"","meta":{"footnotes":""},"class_list":["post-139","page","type-page","status-publish","hentry"],"_links":{"self":[{"href":"https:\/\/dlf.uzh.ch\/sites\/locodi\/wp-json\/wp\/v2\/pages\/139","targetHints":{"allow":["GET"]}}],"collection":[{"href":"https:\/\/dlf.uzh.ch\/sites\/locodi\/wp-json\/wp\/v2\/pages"}],"about":[{"href":"https:\/\/dlf.uzh.ch\/sites\/locodi\/wp-json\/wp\/v2\/types\/page"}],"author":[{"embeddable":true,"href":"https:\/\/dlf.uzh.ch\/sites\/locodi\/wp-json\/wp\/v2\/users\/932"}],"replies":[{"embeddable":true,"href":"https:\/\/dlf.uzh.ch\/sites\/locodi\/wp-json\/wp\/v2\/comments?post=139"}],"version-history":[{"count":10,"href":"https:\/\/dlf.uzh.ch\/sites\/locodi\/wp-json\/wp\/v2\/pages\/139\/revisions"}],"predecessor-version":[{"id":716,"href":"https:\/\/dlf.uzh.ch\/sites\/locodi\/wp-json\/wp\/v2\/pages\/139\/revisions\/716"}],"wp:attachment":[{"href":"https:\/\/dlf.uzh.ch\/sites\/locodi\/wp-json\/wp\/v2\/media?parent=139"}],"curies":[{"name":"wp","href":"https:\/\/api.w.org\/{rel}","templated":true}]}}