{"id":142,"date":"2015-07-22T09:58:29","date_gmt":"2015-07-22T08:58:29","guid":{"rendered":"http:\/\/www.phil.uzh.ch\/elearning\/blog\/kunstsnm\/files\/2015\/07\/Katalog_neu_Schlegel_Abb_05.jpg"},"modified":"2015-10-01T09:32:11","modified_gmt":"2015-10-01T08:32:11","slug":"katalog_neu_schlegel_abb_05","status":"inherit","type":"attachment","link":"https:\/\/dlf.uzh.ch\/sites\/kunstsnm\/katalog_neu_schlegel_abb_05\/","title":{"rendered":"Abb. 5"},"author":274,"featured_media":0,"comment_status":"open","ping_status":"closed","template":"","meta":[],"class_list":["post-142","attachment","type-attachment","status-inherit","hentry"],"description":{"rendered":"<p class=\"attachment\"><a href='https:\/\/dlf.uzh.ch\/sites\/kunstsnm\/files\/2015\/07\/Katalog_neu_Schlegel_Abb_05.jpg'><img loading=\"lazy\" decoding=\"async\" width=\"118\" height=\"300\" src=\"https:\/\/dlf.uzh.ch\/sites\/kunstsnm\/files\/2015\/07\/Katalog_neu_Schlegel_Abb_05-118x300.jpg\" class=\"attachment-medium size-medium\" alt=\"\" srcset=\"https:\/\/dlf.uzh.ch\/sites\/kunstsnm\/files\/2015\/07\/Katalog_neu_Schlegel_Abb_05-118x300.jpg 118w, https:\/\/dlf.uzh.ch\/sites\/kunstsnm\/files\/2015\/07\/Katalog_neu_Schlegel_Abb_05-316x800.jpg 316w, https:\/\/dlf.uzh.ch\/sites\/kunstsnm\/files\/2015\/07\/Katalog_neu_Schlegel_Abb_05.jpg 334w\" sizes=\"auto, (max-width: 118px) 100vw, 118px\" \/><\/a><\/p>\n"},"caption":{"rendered":"<p>Abb. 5: Matth\u00e4us Gutrecht d. \u00c4.\/Oberrheinisch, Hausalt\u00e4rchen, um 1490, \u00d6l auf Holz, 41x28x9cm, Z\u00fcrich(\u00a9 Schweizerisches Nationalmuseum).<\/p>\n"},"alt_text":"","media_type":"image","mime_type":"image\/jpeg","media_details":{"width":334,"height":846,"file":"2015\/07\/Katalog_neu_Schlegel_Abb_05.jpg","sizes":{"thumbnail":{"file":"Katalog_neu_Schlegel_Abb_05-150x150.jpg","width":150,"height":150,"mime_type":"image\/jpeg","source_url":"https:\/\/dlf.uzh.ch\/sites\/kunstsnm\/files\/2015\/07\/Katalog_neu_Schlegel_Abb_05-150x150.jpg"},"medium":{"file":"Katalog_neu_Schlegel_Abb_05-118x300.jpg","width":118,"height":300,"mime_type":"image\/jpeg","source_url":"https:\/\/dlf.uzh.ch\/sites\/kunstsnm\/files\/2015\/07\/Katalog_neu_Schlegel_Abb_05-118x300.jpg"},"large":{"file":"Katalog_neu_Schlegel_Abb_05-316x800.jpg","width":316,"height":800,"mime_type":"image\/jpeg","source_url":"https:\/\/dlf.uzh.ch\/sites\/kunstsnm\/files\/2015\/07\/Katalog_neu_Schlegel_Abb_05-316x800.jpg"},"home-featured":{"file":"Katalog_neu_Schlegel_Abb_05-334x290.jpg","width":334,"height":290,"mime_type":"image\/jpeg","source_url":"https:\/\/dlf.uzh.ch\/sites\/kunstsnm\/files\/2015\/07\/Katalog_neu_Schlegel_Abb_05-334x290.jpg"},"home-blog":{"file":"Katalog_neu_Schlegel_Abb_05-295x197.jpg","width":295,"height":197,"mime_type":"image\/jpeg","source_url":"https:\/\/dlf.uzh.ch\/sites\/kunstsnm\/files\/2015\/07\/Katalog_neu_Schlegel_Abb_05-295x197.jpg"},"modern-archive":{"file":"Katalog_neu_Schlegel_Abb_05-334x254.jpg","width":334,"height":254,"mime_type":"image\/jpeg","source_url":"https:\/\/dlf.uzh.ch\/sites\/kunstsnm\/files\/2015\/07\/Katalog_neu_Schlegel_Abb_05-334x254.jpg"},"modern-blog":{"file":"Katalog_neu_Schlegel_Abb_05-334x467.jpg","width":334,"height":467,"mime_type":"image\/jpeg","source_url":"https:\/\/dlf.uzh.ch\/sites\/kunstsnm\/files\/2015\/07\/Katalog_neu_Schlegel_Abb_05-334x467.jpg"},"design-home-featured":{"file":"Katalog_neu_Schlegel_Abb_05-334x370.jpg","width":334,"height":370,"mime_type":"image\/jpeg","source_url":"https:\/\/dlf.uzh.ch\/sites\/kunstsnm\/files\/2015\/07\/Katalog_neu_Schlegel_Abb_05-334x370.jpg"},"full":{"file":"Katalog_neu_Schlegel_Abb_05.jpg","width":334,"height":846,"mime_type":"image\/jpeg","source_url":"https:\/\/dlf.uzh.ch\/sites\/kunstsnm\/files\/2015\/07\/Katalog_neu_Schlegel_Abb_05.jpg"}},"image_meta":{"aperture":0,"credit":"","camera":"","caption":"","created_timestamp":1434975104,"copyright":"","focal_length":0,"iso":0,"shutter_speed":0,"title":"","orientation":0}},"post":null,"source_url":"https:\/\/dlf.uzh.ch\/sites\/kunstsnm\/files\/2015\/07\/Katalog_neu_Schlegel_Abb_05.jpg","_links":{"self":[{"href":"https:\/\/dlf.uzh.ch\/sites\/kunstsnm\/wp-json\/wp\/v2\/media\/142","targetHints":{"allow":["GET"]}}],"collection":[{"href":"https:\/\/dlf.uzh.ch\/sites\/kunstsnm\/wp-json\/wp\/v2\/media"}],"about":[{"href":"https:\/\/dlf.uzh.ch\/sites\/kunstsnm\/wp-json\/wp\/v2\/types\/attachment"}],"author":[{"embeddable":true,"href":"https:\/\/dlf.uzh.ch\/sites\/kunstsnm\/wp-json\/wp\/v2\/users\/274"}],"replies":[{"embeddable":true,"href":"https:\/\/dlf.uzh.ch\/sites\/kunstsnm\/wp-json\/wp\/v2\/comments?post=142"}]}}

<p>Abb. 5: Matthäus Gutrecht d. Ä./Oberrheinisch, Hausaltärchen, um 1490, Öl auf Holz, 41x28x9cm, Zürich(© Schweizerisches Nationalmuseum).</p>
