{"id":138,"date":"2015-07-22T09:57:51","date_gmt":"2015-07-22T08:57:51","guid":{"rendered":"http:\/\/www.phil.uzh.ch\/elearning\/blog\/kunstsnm\/files\/2015\/07\/Katalog_neu_Schlegel_Abb_01.jpg"},"modified":"2015-10-01T09:31:20","modified_gmt":"2015-10-01T08:31:20","slug":"katalog_neu_schlegel_abb_01","status":"inherit","type":"attachment","link":"https:\/\/dlf.uzh.ch\/sites\/kunstsnm\/katalog_neu_schlegel_abb_01\/","title":{"rendered":"Abb. 1"},"author":274,"featured_media":0,"comment_status":"open","ping_status":"closed","template":"","meta":[],"class_list":["post-138","attachment","type-attachment","status-inherit","hentry"],"description":{"rendered":"<p class=\"attachment\"><a href='https:\/\/dlf.uzh.ch\/sites\/kunstsnm\/files\/2015\/07\/Katalog_neu_Schlegel_Abb_01.jpg'><img loading=\"lazy\" decoding=\"async\" width=\"300\" height=\"236\" src=\"https:\/\/dlf.uzh.ch\/sites\/kunstsnm\/files\/2015\/07\/Katalog_neu_Schlegel_Abb_01-300x236.jpg\" class=\"attachment-medium size-medium\" alt=\"\" srcset=\"https:\/\/dlf.uzh.ch\/sites\/kunstsnm\/files\/2015\/07\/Katalog_neu_Schlegel_Abb_01-300x236.jpg 300w, https:\/\/dlf.uzh.ch\/sites\/kunstsnm\/files\/2015\/07\/Katalog_neu_Schlegel_Abb_01-800x630.jpg 800w, https:\/\/dlf.uzh.ch\/sites\/kunstsnm\/files\/2015\/07\/Katalog_neu_Schlegel_Abb_01.jpg 2048w\" sizes=\"auto, (max-width: 300px) 100vw, 300px\" \/><\/a><\/p>\n"},"caption":{"rendered":"<p>Abb. 1: Matth\u00e4us Gutrecht d. \u00c4.\/Oberrheinisch, Hausalt\u00e4rchen, um 1490, \u00d6l auf Holz, 41x28x9cm, Z\u00fcrich (\u00a9 Schweizerisches Nationalmuseum).<\/p>\n"},"alt_text":"","media_type":"image","mime_type":"image\/jpeg","media_details":{"width":2048,"height":1612,"file":"2015\/07\/Katalog_neu_Schlegel_Abb_01.jpg","sizes":{"thumbnail":{"file":"Katalog_neu_Schlegel_Abb_01-150x150.jpg","width":150,"height":150,"mime_type":"image\/jpeg","source_url":"https:\/\/dlf.uzh.ch\/sites\/kunstsnm\/files\/2015\/07\/Katalog_neu_Schlegel_Abb_01-150x150.jpg"},"medium":{"file":"Katalog_neu_Schlegel_Abb_01-300x236.jpg","width":300,"height":236,"mime_type":"image\/jpeg","source_url":"https:\/\/dlf.uzh.ch\/sites\/kunstsnm\/files\/2015\/07\/Katalog_neu_Schlegel_Abb_01-300x236.jpg"},"large":{"file":"Katalog_neu_Schlegel_Abb_01-800x630.jpg","width":800,"height":630,"mime_type":"image\/jpeg","source_url":"https:\/\/dlf.uzh.ch\/sites\/kunstsnm\/files\/2015\/07\/Katalog_neu_Schlegel_Abb_01-800x630.jpg"},"home-featured":{"file":"Katalog_neu_Schlegel_Abb_01-575x290.jpg","width":575,"height":290,"mime_type":"image\/jpeg","source_url":"https:\/\/dlf.uzh.ch\/sites\/kunstsnm\/files\/2015\/07\/Katalog_neu_Schlegel_Abb_01-575x290.jpg"},"home-blog":{"file":"Katalog_neu_Schlegel_Abb_01-295x197.jpg","width":295,"height":197,"mime_type":"image\/jpeg","source_url":"https:\/\/dlf.uzh.ch\/sites\/kunstsnm\/files\/2015\/07\/Katalog_neu_Schlegel_Abb_01-295x197.jpg"},"modern-archive":{"file":"Katalog_neu_Schlegel_Abb_01-379x254.jpg","width":379,"height":254,"mime_type":"image\/jpeg","source_url":"https:\/\/dlf.uzh.ch\/sites\/kunstsnm\/files\/2015\/07\/Katalog_neu_Schlegel_Abb_01-379x254.jpg"},"modern-blog":{"file":"Katalog_neu_Schlegel_Abb_01-830x467.jpg","width":830,"height":467,"mime_type":"image\/jpeg","source_url":"https:\/\/dlf.uzh.ch\/sites\/kunstsnm\/files\/2015\/07\/Katalog_neu_Schlegel_Abb_01-830x467.jpg"},"design-home-featured":{"file":"Katalog_neu_Schlegel_Abb_01-390x370.jpg","width":390,"height":370,"mime_type":"image\/jpeg","source_url":"https:\/\/dlf.uzh.ch\/sites\/kunstsnm\/files\/2015\/07\/Katalog_neu_Schlegel_Abb_01-390x370.jpg"},"full":{"file":"Katalog_neu_Schlegel_Abb_01.jpg","width":2048,"height":1612,"mime_type":"image\/jpeg","source_url":"https:\/\/dlf.uzh.ch\/sites\/kunstsnm\/files\/2015\/07\/Katalog_neu_Schlegel_Abb_01.jpg"}},"image_meta":{"aperture":0,"credit":"","camera":"","caption":"","created_timestamp":0,"copyright":"","focal_length":0,"iso":0,"shutter_speed":0,"title":"","orientation":0}},"post":null,"source_url":"https:\/\/dlf.uzh.ch\/sites\/kunstsnm\/files\/2015\/07\/Katalog_neu_Schlegel_Abb_01.jpg","_links":{"self":[{"href":"https:\/\/dlf.uzh.ch\/sites\/kunstsnm\/wp-json\/wp\/v2\/media\/138","targetHints":{"allow":["GET"]}}],"collection":[{"href":"https:\/\/dlf.uzh.ch\/sites\/kunstsnm\/wp-json\/wp\/v2\/media"}],"about":[{"href":"https:\/\/dlf.uzh.ch\/sites\/kunstsnm\/wp-json\/wp\/v2\/types\/attachment"}],"author":[{"embeddable":true,"href":"https:\/\/dlf.uzh.ch\/sites\/kunstsnm\/wp-json\/wp\/v2\/users\/274"}],"replies":[{"embeddable":true,"href":"https:\/\/dlf.uzh.ch\/sites\/kunstsnm\/wp-json\/wp\/v2\/comments?post=138"}]}}

<p>Abb. 1: Matthäus Gutrecht d. Ä./Oberrheinisch, Hausaltärchen, um 1490, Öl auf Holz, 41x28x9cm, Zürich (© Schweizerisches Nationalmuseum).</p>
