{"id":17,"date":"2024-07-05T15:54:37","date_gmt":"2024-07-05T13:54:37","guid":{"rendered":"https:\/\/dlf.uzh.ch\/sites\/iaspmdachconference2024\/?page_id=17"},"modified":"2024-11-07T09:32:50","modified_gmt":"2024-11-07T08:32:50","slug":"programm","status":"publish","type":"page","link":"https:\/\/dlf.uzh.ch\/sites\/iaspmdachconference2024\/programm\/","title":{"rendered":"Programm"},"content":{"rendered":"\n<h2 class=\"wp-block-heading has-text-align-left has-x-large-font-size\" style=\"margin-top:var(--wp--preset--spacing--30)\"><em>Donnerstag<\/em>, <em>07. November 2024<\/em><\/h2>\n\n\n\n<p class=\"has-small-font-size\">Universit\u00e4t Z\u00fcrich<br>Geb\u00e4ude RAA, R\u00e4mistrasse 59, 8001 Z\u00fcrich<\/p>\n\n\n\n<figure class=\"wp-block-table alignwide is-style-stripes\" style=\"line-height:1.4\"><table class=\"has-fixed-layout\" style=\"border-width:1px\"><tbody><tr><td><\/td><td><strong>Session A: Kleine Aula (RAA-G-01<\/strong>)<\/td><td><strong>Session B: Seminarraum (RAA-E-29<\/strong>)<\/td><\/tr><tr><td>14:00-15:00 Uhr<\/td><td>Registrierung<\/td><td><\/td><\/tr><tr><td>15:00-15:45 Uhr<\/td><td>Er\u00f6ffnung und Begr\u00fcssung<br>Gru\u00dfwort&nbsp;Katharina Michaelowa (Dekanin Philosophische Fakult\u00e4t)<br>Er\u00f6ffnung durch Organisationskomitee&nbsp;<br><br><em>her \u2013 best ever love songs 2.0<\/em><br>Kurz-Performance aus dem Theaterst\u00fcck von Maximilian Hanisch am Theater Neumarkt, mit David Attenberger und&nbsp;Melina Pyschny.<\/td><td><\/td><\/tr><tr><td>15:45-16:45 Uhr<\/td><td>Keynote<br><br><em>Popular Culture and the Vortex of Musical Meta-Media. &nbsp;<\/em><br>Holly Rogers (London)<\/td><td><\/td><\/tr><tr><td>16:45-17:15 Uhr<\/td><td>Kaffeepause<\/td><td><\/td><\/tr><tr><td>17:15-18:45 Uhr<\/td><td>Session 2 (Vortr\u00e4ge)<br>Moderation: Lorenz Gilli<br><br><em>Spotify, Genres and the Illusion of Categorisation.<\/em><br>Mattia Merlini (Mailand), Mattia Zanotti (Pavia)<br><br><em>Jeder wie er will? Wege zu einer wissenschaftlich begr\u00fcndeten Popgenre-Taxonomie f\u00fcr Musikforschung und Plattformanbieter.<\/em><br>Steffen Lepa, Markus Radke (Berlin)<\/td><td>Session 1 (Vortr\u00e4ge)<br>Moderation: Bernhard Steinbrecher<br><br><s><em>Zwischen Datenkolonialismus und Daten-Widerstand. Politiken der Musikerfassung in der American Folk-Music-Research um 1920.<br><\/em>Christopher Klauke (Berlin)<\/s><br>F\u00e4llt aus wegen Krankheit!<br><br><em>\u201cEmpowered by you\u201d: Datafying and programming music listening in the first half of the 20th century.<\/em><br>Max Alt, Jos\u00e9 G\u00e1lvez (Bonn)<\/td><\/tr><tr><td>18:45-19:45 Uhr<\/td><td>Ap\u00e9ro Lichthof UZH<\/td><td><\/td><\/tr><tr><td>20:45-22:45 Uhr<\/td><td>Konferenzdinner Ziegel oh Lac\/Rote Fabrik<\/td><td><\/td><\/tr><\/tbody><\/table><\/figure>\n\n\n\n<div style=\"height:46px\" aria-hidden=\"true\" class=\"wp-block-spacer\"><\/div>\n\n\n\n<h2 class=\"wp-block-heading\" id=\"block-8b042571-cd02-4045-91e4-8d96337dd4ef\"><em>Freitag, 08. November 2024<\/em><\/h2>\n\n\n\n<p class=\"has-small-font-size\">Universit\u00e4t Z\u00fcrich<br>Geb\u00e4ude RAA, R\u00e4mistrasse 59, 8001 Z\u00fcrich<\/p>\n\n\n\n<figure class=\"wp-block-table alignwide is-style-stripes\" style=\"line-height:1.4\"><table class=\"has-fixed-layout\" style=\"border-width:1px\"><tbody><tr><td><\/td><td><strong>Session A: Kleine Aula (RAA-G-01)<\/strong><\/td><td class=\"has-text-align-left\" data-align=\"left\"><strong>Session B: H\u00f6rsaal (RAA-G-15<\/strong>)<\/td><\/tr><tr><td>9:00-10:30 Uhr<\/td><td>Session 3 (Vortr\u00e4ge)<br>Moderation: Dietmar Elflein<br><br><em>Von A wie Auschwitz bis Z wie Zyklon B: Die Pogographie als Sammlung von Metadaten des deutschen Punk.<\/em><br>Sophia Backendorf (L\u00fcneburg)<br><br><em>Blackened AI: Ein Artistic Research-Projekt \u00fcber den Einsatz von KI-Tools im Black Metal-Songwriting.<\/em><br>Wolf-Georg Zaddach (L\u00fcneburg\/Wien)<\/td><td class=\"has-text-align-left\" data-align=\"left\">Session 4 (Vortr\u00e4ge)<br>Moderation:&nbsp;Andreas Schoenrock<br><br><em>Boomplay\u2019s royalty distribution model for artists: the role of metadata.<\/em><br>Laura Etemah (Groningen)<br><br><em>The structure of mainstream at the European Periphery: The Case of Slovenia.<\/em><br>Jernej Kalu\u017ea (Ljubljana)<\/td><\/tr><tr><td>10:30-11:00 Uhr<\/td><td>Kaffeepause<\/td><td class=\"has-text-align-left\" data-align=\"left\"><\/td><\/tr><tr><td>11:00-12:30 Uhr<\/td><td>Session 5 (Panel)<br>Moderation: Andreas Schoenrock<br><br><em>Fairness in a platform-based music ecosystem.<\/em><br><br><em>1) Manifesto for a fairer music ecosystem in Europe.<\/em><br>Valdy Wiratama (Br\u00fcssel)<br><em>2) How to perceive fairness in a platform-dominated music sector?<\/em><br>Antonios Vlassis (Li\u00e8ge)<br><em>3) How to evaluate the fairness of a music platform?&nbsp;&nbsp;&nbsp;<\/em>&nbsp;&nbsp;&nbsp;&nbsp;&nbsp;&nbsp;&nbsp;&nbsp;&nbsp;&nbsp;&nbsp;&nbsp;<br>Antoine Henry (Lille)<\/td><td class=\"has-text-align-left\" data-align=\"left\">Session 6 (Vortr\u00e4ge)<br>Moderation:&nbsp;Stefanie Alisch<br><br><em>Behati, ethnic, and queerness: carving out the Borderland through fashion and music in Malaysia.<\/em><br>Rachel Ong Shu Ying (Graz)<br><br><em>Verlorene Sch\u00e4tze und andere Mythen \u2013 Die Vermarktung des antikolonialen Widerstandes in cabo verdianischer popul\u00e4rer Musik.<\/em><br>Martin Ringsmut (Wien)<\/td><\/tr><tr><td>12:30-13:30 Uhr<\/td><td>Mittagessen (selbstorganisiert, Mensa im Hauptgeb\u00e4ude der UZH)<\/td><td class=\"has-text-align-left\" data-align=\"left\"><\/td><\/tr><tr><td>13:30-15:00 Uhr<\/td><td>Session 7 (Vortr\u00e4ge)<br>Moderation:&nbsp;Penelope Braune<br><br><em>Multispecies Music Memes: More-than-human Sounds and&nbsp;Images as Meta-Musicking on Social Media.<\/em><br>Pascal Rudolph, Martin Ullrich (N\u00fcrnberg)<br><br><em>Klang der Zukunft? Web3-Technologien im Echo deutscher Musikzeitschriften.<\/em><br>Nicolas Ruth, Kristin Zickler (M\u00fcnchen)<\/td><td class=\"has-text-align-left\" data-align=\"left\">Session 8 (Panel)<br>Moderation:&nbsp;Britta Sweers<br><br><em>Sammeln, Sampeln, Sehen. Metamorphosen der Volksmusik in&nbsp;den Sendungen des Schweizer Fernsehens (1960-1990).<\/em><br><br><em>1) Sammeln, Sampeln, Sehen: Eine Auslegeordnung.<\/em><br>Bernhard Tschofen (Z\u00fcrich)<br><em>2) Sammeln \u2013 Traditionen datafizieren.<\/em><br>Sabine Eggmann (Z\u00fcrich)<br><em>3) Sampeln \u2013 Genres produzieren.<\/em><br>Alexandra Neukomm (Z\u00fcrich)<br><em>4)&nbsp;Sehen und Sichten \u2013 Felder befragen.<\/em><br>Patricia J\u00e4ggi (Z\u00fcrich)<\/td><\/tr><tr><td>15:00-15:30 Uhr<\/td><td>Kaffeepause<\/td><td class=\"has-text-align-left\" data-align=\"left\"><\/td><\/tr><tr><td>15:30-17:00 Uhr<\/td><td>Session 9 (Vortr\u00e4ge)<br>Moderation: Inga Mai Groote<br><br><em>Hiding behind the gender data gap \u2013 how publishing metadata could hold companies accountable and push gender equity forward.<\/em><br>Nina Himmelreich (Liverpool)<br><br><em>On the Data Politics of Non-Sounding Sound Data: How Does Sound Enter Our Data, and How Do We Get It (Back) Out?<\/em><br>Steffen Just (Bonn)<\/td><td class=\"has-text-align-left\" data-align=\"left\">Session 10 (Vortr\u00e4ge)<br>Moderation: Britta Sweers<br><br><em>Vom Swap Meet zu Spotify \u2013 Metamorphosen im Chicano Rap.<\/em><br>Dianne Violeta Mausfeld (Bern)<br><br><em>\u201eIt\u2019s raining cats and dogs\u201c.&nbsp;Metadata and Meta Information in Doja Cat\u2019s \u201eVegas\u201c.<\/em><br>Magdalena F\u00fcrnkranz (Wien)<\/td><\/tr><tr><td>17:00-17:45 Uhr<\/td><td>Pause (Catering vor Ort)<\/td><td class=\"has-text-align-left\" data-align=\"left\"><\/td><\/tr><tr><td>17:45-18:00 Uhr<\/td><td><em>Vorstellung IASPM D-A-CH ~Vibes Series Vol. 3<\/em><br>Sarah Chaker (Wien), Sean Prieske (Weimar)<\/td><td class=\"has-text-align-left\" data-align=\"left\"><\/td><\/tr><tr><td>18:00-18:15 Uhr<\/td><td><em>Vorstellung neuer IASPM-Zweig: Central, Eastern, Southeastern Europe (CESE<\/em>)<br>Jernej Kalu\u017ea (Ljubljana), Bernhard Steinbrecher (Innsbruck)<\/td><td class=\"has-text-align-left\" data-align=\"left\"><\/td><\/tr><tr><td>18:15-19:15 Uhr<\/td><td>Workshop<br><br><em>Popular Music Studies und Medien: Wie kommen wir zusammen?<\/em><br>Theresa Beyer (Basel)<\/td><td class=\"has-text-align-left\" data-align=\"left\">Praxisworkshop<br><br><em>What the people want \u2013 Daten-Feedback-Loops in der Popkultur. <\/em><br>Eine Gespr\u00e4chsrunde mit Akteur:innen der Schweizer (Indie-)Musikszene.<br>Daniela Weinmann, Moritz Ege (Z\u00fcrich)<\/td><\/tr><tr><td>19:15-19:30<\/td><td>Pause<\/td><td class=\"has-text-align-left\" data-align=\"left\"><\/td><\/tr><tr><td>19:30-21:30 Uhr<\/td><td>Mitgliederversammlung IASPM D-A-CH<\/td><td class=\"has-text-align-left\" data-align=\"left\"><\/td><\/tr><\/tbody><\/table><\/figure>\n\n\n\n<div style=\"height:46px\" aria-hidden=\"true\" class=\"wp-block-spacer\"><\/div>\n\n\n\n<h2 class=\"wp-block-heading\"><em>Samstag, 09. November 2024<\/em><\/h2>\n\n\n\n<p class=\"has-small-font-size\">Universit\u00e4t Z\u00fcrich<br>Geb\u00e4ude RAA, R\u00e4mistrasse 59, 8001 Z\u00fcrich<br>Geb\u00e4ude FLO, Florhofgasse 11, 8001 Z\u00fcrich<\/p>\n\n\n\n<figure class=\"wp-block-table alignwide is-style-stripes\"><table class=\"has-fixed-layout\" style=\"border-width:1px\"><tbody><tr><td><\/td><td><strong>Session A: Kleine Aula (RAA-G-01)<\/strong><\/td><td><strong>Session B: H\u00f6rsaal (RAA-G-15)<\/strong><\/td><\/tr><tr><td>9:00-10:30 Uhr<\/td><td>Session 11 (Panel)<br>Moderation: Dietmar Elflein<br><br><em>Die Macht der Unsch\u00e4rfe in Popmusikkulturen: Perspektiven auf Machtkonstellationen im Kontext von Metadaten, Metainformationen und Metamorphosen.<\/em><br><br><em>1) Datenraum Kultur \u2013 Vernetzte Kulturplattformen: Metadaten und die Macht der Kommunikation.<\/em><br>Maryam Momen Pour Tafreshi, Ariane Schmitt-Chandon<em>&nbsp;<\/em>(Paderborn)<br><em>2) Mediamorphosen und Metamorphosen in kultur\u00f6konomischen Kontexten.<\/em><br>Beate Flath (Paderborn)<br><em>3) Die Macht von \u201aMeta\u2018 und \u201aAls ob\u2018: Mythen, Punctum und die Planbarkeit des Unplanbaren in Stimmen, K\u00f6rpern und Images von Popmusikkulturen.<\/em><br>Christoph Jacke, Joshua Wick (Paderborn)<\/td><td>Session 12 (Vortr\u00e4ge)<br>Moderation: Sean Prieske<br><br><em>Euro Hot 100 \u2013 Charts, Mainstream und die Utopie eines pan-Europ\u00e4ischen Musikmarktes.&nbsp;<\/em><br>Helene Elisabeth Heuser (Giessen)<br><br><em>Modules and Clusters: The Platformed Transformation of Pop.<\/em><br>Anders Reuter (Lund)<br><\/td><\/tr><tr><td>ebenfalls 9:00-10:30 Uhr<\/td><td>Offenes Forum<br><br><strong>Musikwissenschaftliches Institut, <br>Seminarraum FLO-U-107<br><\/strong><br><em>IASPM D-A-CH Positionen<\/em>.<\/td><td><\/td><\/tr><tr><td>10:30-11:00 Uhr<\/td><td>Kaffeepause<\/td><td><\/td><\/tr><tr><td>11:00-12:30 Uhr<\/td><td>Session 13 (Vortr\u00e4ge)<br>Moderation: Lorenz Gilli<br><br><em>\u201e[E]nhance our natural capabilities, create a private environment to reduce stress\u201c \u2013 Listening Apps &amp; Metadaten des H\u00f6rens.<\/em><br>Raphael B\u00f6rger (Potsdam)<br><br><em>Musik-Empfehlungssysteme, und wie sie verwendet werden (wollen).<\/em><br>Patrick Gratzer, Michael Huber (Wien)<\/td><td>Session 14 (Vortr\u00e4ge)<br>Moderation: Bernhard Steinbrecher<br><br><em>Fifty shades of the same song. Music circulation and versioning in the age of the Web.<\/em><br>Lo\u00efc Riom (Lausanne)<br><br><em>What happens when the Internet dies? \u2013 Writing music history using web archives.<\/em><br>Henrik Smith-Sivertsen (Kopenhagen)<\/td><\/tr><tr><td>ebenfalls 11:00-12:30 Uhr<\/td><td>Session 15 (Freie Beitr\u00e4ge)<br><br><strong>Musikwissenschaftliches Institut, <br>Seminarraum FLO-U-107<\/strong><br>Moderation: Inga Mai Groote<br><br><em>Claws, Keys, and Viral Paws: Musicking with Cats on Social Media<\/em><br>Monika Schoop (L\u00fcneburg)<br><br><em>Popul\u00e4re Musik als Immaterielles Kulturerbe &#8211; Eine kritische Auseinandersetzung<\/em><br>Sean Prieske, Mitra Behpoori (Weimar)<\/td><td><\/td><\/tr><tr><td>12:30-13:45 Uhr<\/td><td>Mittagessen (Catering vor Ort)<\/td><td><\/td><\/tr><tr><td>13:45-15:15 Uhr<\/td><td>Session 16 (Vortr\u00e4ge)<br>Moderation:&nbsp;Stefanie Alisch<br><br><em>Metainformationen als Diskursfeld: Perspektiven des kollaborativen Forschens im Feld apparativer Musikmedien.<\/em><br>Laura Marie Steinhaus, Christofer Jost (Freiburg)<br><br><em>Offenheit vs. Kontrolle: Die Rolle von Metadaten in Infrastruktureinrichtungen und Wissensorganisationssystemen.<\/em><br>Moritz Strickert (Berlin)<\/td><td>Session 17 (Vortr\u00e4ge)<br>Moderation: Pascal Rudolph<br><br><em>TikToking the Musical Self: Zur (Meta-)Performativit\u00e4t Musical Personae auf TikTok.<\/em><br>Juan Berm\u00fadez (Graz)<br><br><em>\u201eAesthetics\u201c and abstraction on TikTok.<\/em><br>Mads Krogh (Aarhus)<\/td><\/tr><tr><td>15:15-15:45 Uhr<\/td><td>Kaffeepause<br><em>IASPM D-A-CH Maria-Han\u00e1\u010dek-Coaching\/-Mentoring<\/em><br>Monika Schoop (L\u00fcneburg)<\/td><td><\/td><\/tr><tr><td>15:45-16:45 Uhr<\/td><td>Tagungsabschluss, gemeinschaftliche Diskussion und Feedbacksession<\/td><td><\/td><\/tr><\/tbody><\/table><\/figure>\n","protected":false},"excerpt":{"rendered":"<p>Donnerstag, 07. November 2024 Universit\u00e4t Z\u00fcrichGeb\u00e4ude RAA, R\u00e4mistrasse 59, 8001 Z\u00fcrich Session A: Kleine Aula (RAA-G-01) Session B: Seminarraum (RAA-E-29) 14:00-15:00 Uhr Registrierung 15:00-15:45 Uhr Er\u00f6ffnung und Begr\u00fcssungGru\u00dfwort&nbsp;Katharina Michaelowa (Dekanin Philosophische Fakult\u00e4t)Er\u00f6ffnung durch Organisationskomitee&nbsp; her \u2013 best ever love songs 2.0Kurz-Performance aus dem Theaterst\u00fcck von Maximilian Hanisch am Theater Neumarkt, mit David Attenberger und&nbsp;Melina Pyschny. [&hellip;]<\/p>\n","protected":false},"author":913,"featured_media":0,"parent":0,"menu_order":0,"comment_status":"closed","ping_status":"closed","template":"","meta":{"footnotes":""},"class_list":["post-17","page","type-page","status-publish","hentry"],"_links":{"self":[{"href":"https:\/\/dlf.uzh.ch\/sites\/iaspmdachconference2024\/wp-json\/wp\/v2\/pages\/17","targetHints":{"allow":["GET"]}}],"collection":[{"href":"https:\/\/dlf.uzh.ch\/sites\/iaspmdachconference2024\/wp-json\/wp\/v2\/pages"}],"about":[{"href":"https:\/\/dlf.uzh.ch\/sites\/iaspmdachconference2024\/wp-json\/wp\/v2\/types\/page"}],"author":[{"embeddable":true,"href":"https:\/\/dlf.uzh.ch\/sites\/iaspmdachconference2024\/wp-json\/wp\/v2\/users\/913"}],"replies":[{"embeddable":true,"href":"https:\/\/dlf.uzh.ch\/sites\/iaspmdachconference2024\/wp-json\/wp\/v2\/comments?post=17"}],"version-history":[{"count":10,"href":"https:\/\/dlf.uzh.ch\/sites\/iaspmdachconference2024\/wp-json\/wp\/v2\/pages\/17\/revisions"}],"predecessor-version":[{"id":387,"href":"https:\/\/dlf.uzh.ch\/sites\/iaspmdachconference2024\/wp-json\/wp\/v2\/pages\/17\/revisions\/387"}],"wp:attachment":[{"href":"https:\/\/dlf.uzh.ch\/sites\/iaspmdachconference2024\/wp-json\/wp\/v2\/media?parent=17"}],"curies":[{"name":"wp","href":"https:\/\/api.w.org\/{rel}","templated":true}]}}