{"id":662,"date":"2025-08-04T13:19:35","date_gmt":"2025-08-04T13:19:35","guid":{"rendered":"https:\/\/dlf.uzh.ch\/sites\/frauenrechtsgeschichte\/?page_id=662"},"modified":"2025-08-04T16:11:50","modified_gmt":"2025-08-04T16:11:50","slug":"a-propos-de-ce-blog","status":"publish","type":"page","link":"https:\/\/dlf.uzh.ch\/sites\/frauenrechtsgeschichte\/fr\/a-propos-de-ce-blog\/","title":{"rendered":"\u00c0 propos de ce blog"},"content":{"rendered":"<p><span style=\"color: #333333;\">L\u2019objectif de ce blog est de publier du mat\u00e9riel (documents, interviews et articles) pertinent pour le d\u00e9veloppement des droits des femmes en Suisse depuis 1971. Il s\u2019agit d\u2019une date historique, puisque depuis 1971 les Suissesses disposent de droits politiques et peuvent ainsi influencer directement la condition f\u00e9minine. Le blog veut donner la parole aux femmes qui ont particip\u00e9 \u00e0 \u00ab1971\u00bb et \u00e0 celles qui, dans les ann\u00e9es suivantes et jusqu\u2019\u00e0 aujourd\u2019hui, ont activement promu des changements dans les domaines politique, juridique et acad\u00e9mique. Il s\u2019agit de nombreuses juristes et, en plus, d\u2019autres femmes engag\u00e9es.<\/span><br \/>\n<span style=\"color: #333333;\">Avec ce mat\u00e9riel, nous souhaitons encourager une recherche approfondie et interdisciplinaire sur divers aspects, th\u00e8mes et \u00e9v\u00e9nements. M\u00eame en Suisse, le d\u00e9veloppement des droits des femmes n\u2019est pas achev\u00e9.<\/span><\/p>\n<p><span style=\"color: #333333;\">Ce blog est le r\u00e9sultat d\u2019une collaboration entre l\u2019Universit\u00e9 de Zurich (UZH) et l\u2019Institut Suisse de Droit F\u00e9ministe et de Gender Law (FRI).<\/span><\/p>\n<p><em><span style=\"color: #333333;\">Prof. Dr. Elisabetta Fiocchi Malaspina, Universit\u00e9 de Zurich<\/span><\/em><br \/>\n<em><span style=\"color: #333333;\">Lic. iur. Zita K\u00fcng, pr\u00e9sidente de l\u2019association FRI (<a style=\"color: #333333;\" href=\"https:\/\/www.genderlaw.ch\/deutsch\/fri\/startseite\/index.html\">www.genderlaw.ch)<\/a><\/span><\/em><br \/>\n<em><span style=\"color: #333333;\">MLaw Lisa Bonjour, Universit\u00e9 de Zurich<\/span><\/em><br \/>\n<em><span style=\"color: #333333;\">BLaw Sejla Zulic, Universit\u00e9 de Zurich<\/span><\/em><\/p>\n","protected":false},"excerpt":{"rendered":"<p>L\u2019objectif de ce blog est de publier du mat\u00e9riel (documents, interviews et articles) pertinent pour le d\u00e9veloppement des droits des femmes en Suisse depuis 1971.&hellip;<\/p>\n","protected":false},"author":894,"featured_media":0,"parent":0,"menu_order":0,"comment_status":"closed","ping_status":"open","template":"","meta":{"footnotes":""},"class_list":["post-662","page","type-page","status-publish","hentry"],"_links":{"self":[{"href":"https:\/\/dlf.uzh.ch\/sites\/frauenrechtsgeschichte\/wp-json\/wp\/v2\/pages\/662","targetHints":{"allow":["GET"]}}],"collection":[{"href":"https:\/\/dlf.uzh.ch\/sites\/frauenrechtsgeschichte\/wp-json\/wp\/v2\/pages"}],"about":[{"href":"https:\/\/dlf.uzh.ch\/sites\/frauenrechtsgeschichte\/wp-json\/wp\/v2\/types\/page"}],"author":[{"embeddable":true,"href":"https:\/\/dlf.uzh.ch\/sites\/frauenrechtsgeschichte\/wp-json\/wp\/v2\/users\/894"}],"replies":[{"embeddable":true,"href":"https:\/\/dlf.uzh.ch\/sites\/frauenrechtsgeschichte\/wp-json\/wp\/v2\/comments?post=662"}],"version-history":[{"count":5,"href":"https:\/\/dlf.uzh.ch\/sites\/frauenrechtsgeschichte\/wp-json\/wp\/v2\/pages\/662\/revisions"}],"predecessor-version":[{"id":698,"href":"https:\/\/dlf.uzh.ch\/sites\/frauenrechtsgeschichte\/wp-json\/wp\/v2\/pages\/662\/revisions\/698"}],"wp:attachment":[{"href":"https:\/\/dlf.uzh.ch\/sites\/frauenrechtsgeschichte\/wp-json\/wp\/v2\/media?parent=662"}],"curies":[{"name":"wp","href":"https:\/\/api.w.org\/{rel}","templated":true}]}}