{"id":644,"date":"2025-08-04T12:54:00","date_gmt":"2025-08-04T12:54:00","guid":{"rendered":"https:\/\/dlf.uzh.ch\/sites\/frauenrechtsgeschichte\/?page_id=644"},"modified":"2025-08-04T16:00:49","modified_gmt":"2025-08-04T16:00:49","slug":"su-questo-progetto","status":"publish","type":"page","link":"https:\/\/dlf.uzh.ch\/sites\/frauenrechtsgeschichte\/it\/su-questo-progetto\/","title":{"rendered":"Su questo progetto"},"content":{"rendered":"<p><span style=\"color: #333333;\">Il progetto \u00abGiuriste svizzere e diritti delle donne in Svizzera dal 1971\u00bb vuole rendere viva la storia della parit\u00e0 di genere in Svizzera attraverso interviste con giuriste e politiche e colmare una lacuna nella storia (femminile) del diritto. Le interviste, condotte nelle quattro lingue nazionali della Svizzera, offrono una panoramica degli sviluppi giuridici, politici e sociali che hanno contribuito alla creazione e all\u2019evoluzione dei diritti delle donne. Il blog, che funge da piattaforma centrale del progetto, documenta questa storia orale e costituisce una risorsa preziosa per gli studenti.<\/span><\/p>\n<p><span style=\"color: #333333;\">Il progetto \u00e8 interdisciplinare e viene attivamente co-creato e sviluppato dagli studenti nell\u2019ambito del seminario annuale \u00abStoria dei diritti delle donne\u00bb. Gli studenti hanno la possibilit\u00e0 di redigere lavori scientifici basati sulle interviste e sui documenti storici pubblicati nel blog. Questi lavori vengono successivamente pubblicati nel blog e ampliano cos\u00ec costantemente la raccolta di materiali sulla storia dei diritti delle donne in Svizzera. Gli studenti non sono soltanto consumatori passivi di conoscenza, ma contribuiscono attivamente alla creazione e allo sviluppo del blog. Conducono interviste, ricercano contesti storici e redigono articoli scientifici che approfondiscono i temi.<\/span><\/p>\n<p><span style=\"color: #333333;\">Il carattere innovativo del progetto risiede nel fatto che gli studenti non apprendono solo dai manuali, ma ottengono preziose conoscenze attraverso fonti dirette e contemporanee \u2013 le interviste con donne che hanno influenzato in modo determinante la politica svizzera in materia di parit\u00e0 \u2013 e acquisiscono cos\u00ec importanti spunti sui processi di elaborazione delle leggi e sui cambiamenti sociali. Questo favorisce la comprensione dei legami giuridici e politici e stimola il pensiero critico.<\/span><\/p>\n<p><span style=\"color: #333333;\">Il blog, che funge da strumento didattico, viene continuamente ampliato ed \u00e8 concepito come progetto a lungo termine. Oltre alle interviste gi\u00e0 realizzate, sono previsti altri colloqui con personalit\u00e0 che hanno contribuito alla storia dei diritti delle donne in Svizzera. Gli studenti hanno l\u2019opportunit\u00e0 di approfondire vari temi, come l\u2019introduzione del diritto di voto alle donne, la fondazione della Commissione federale per le questioni femminili o lo sviluppo delle leggi sulla parit\u00e0, come la Legge sulla parit\u00e0 del 1996.<\/span><\/p>\n<p><span style=\"color: #333333;\">Il progetto ha una struttura sostenibile, poich\u00e9 si basa sul seminario annuale e sulla pubblicazione continua dei lavori degli studenti nel blog. In questo modo si garantisce che la conoscenza della storia dei diritti delle donne in Svizzera rimanga viva e continui a evolversi. Si tratta di un progetto ad accesso aperto.<\/span><\/p>\n<p><span style=\"color: #333333;\">Grazie a questo approccio innovativo e orientato alla pratica, il progetto non solo contribuir\u00e0 ad ampliare le conoscenze sui diritti delle donne in Svizzera, ma costituir\u00e0 anche un modello per l\u2019insegnamento interdisciplinare e l\u2019uso dei media digitali nel mondo accademico.<\/span><\/p>\n","protected":false},"excerpt":{"rendered":"<p>Il progetto \u00abGiuriste svizzere e diritti delle donne in Svizzera dal 1971\u00bb vuole rendere viva la storia della parit\u00e0 di genere in Svizzera attraverso interviste&hellip;<\/p>\n","protected":false},"author":894,"featured_media":0,"parent":0,"menu_order":0,"comment_status":"closed","ping_status":"closed","template":"","meta":{"footnotes":""},"class_list":["post-644","page","type-page","status-publish","hentry"],"_links":{"self":[{"href":"https:\/\/dlf.uzh.ch\/sites\/frauenrechtsgeschichte\/wp-json\/wp\/v2\/pages\/644","targetHints":{"allow":["GET"]}}],"collection":[{"href":"https:\/\/dlf.uzh.ch\/sites\/frauenrechtsgeschichte\/wp-json\/wp\/v2\/pages"}],"about":[{"href":"https:\/\/dlf.uzh.ch\/sites\/frauenrechtsgeschichte\/wp-json\/wp\/v2\/types\/page"}],"author":[{"embeddable":true,"href":"https:\/\/dlf.uzh.ch\/sites\/frauenrechtsgeschichte\/wp-json\/wp\/v2\/users\/894"}],"replies":[{"embeddable":true,"href":"https:\/\/dlf.uzh.ch\/sites\/frauenrechtsgeschichte\/wp-json\/wp\/v2\/comments?post=644"}],"version-history":[{"count":3,"href":"https:\/\/dlf.uzh.ch\/sites\/frauenrechtsgeschichte\/wp-json\/wp\/v2\/pages\/644\/revisions"}],"predecessor-version":[{"id":690,"href":"https:\/\/dlf.uzh.ch\/sites\/frauenrechtsgeschichte\/wp-json\/wp\/v2\/pages\/644\/revisions\/690"}],"wp:attachment":[{"href":"https:\/\/dlf.uzh.ch\/sites\/frauenrechtsgeschichte\/wp-json\/wp\/v2\/media?parent=644"}],"curies":[{"name":"wp","href":"https:\/\/api.w.org\/{rel}","templated":true}]}}