{"id":642,"date":"2025-08-04T12:52:35","date_gmt":"2025-08-04T12:52:35","guid":{"rendered":"https:\/\/dlf.uzh.ch\/sites\/frauenrechtsgeschichte\/?page_id=642"},"modified":"2025-08-04T15:54:02","modified_gmt":"2025-08-04T15:54:02","slug":"su-questo-blog","status":"publish","type":"page","link":"https:\/\/dlf.uzh.ch\/sites\/frauenrechtsgeschichte\/it\/su-questo-blog\/","title":{"rendered":"Su questo blog"},"content":{"rendered":"<p><span style=\"color: #333333;\">L\u2019obiettivo di questo blog \u00e8 pubblicare materiale (documenti, interviste e articoli) rilevante per lo sviluppo dei diritti delle donne in Svizzera dal 1971. Questa \u00e8 una data storica, poich\u00e9 dal 1971 le svizzere dispongono di diritti politici e possono cos\u00ec influire direttamente sulla condizione della donna. Il blog vuole dare voce alle donne che hanno partecipato al \u00ab1971\u00bb e a coloro che, negli anni successivi e fino ad oggi, hanno promosso attivamente cambiamenti nei settori politico, giuridico e accademico. Si tratta di molte giuriste e, in aggiunta, di altre donne impegnate.Con questo materiale desideriamo stimolare una ricerca approfondita e interdisciplinare su vari aspetti, temi ed eventi. Anche in Svizzera, lo sviluppo dei diritti delle donne non \u00e8 concluso.<\/span><\/p>\n<p><span style=\"color: #333333;\">Questo blog \u00e8 il risultato di una collaborazione tra l\u2019Universit\u00e0 di Zurigo (UZH) e l\u2019Istituto Svizzero di Diritto Femminista e Gender Law (FRI).<\/span><\/p>\n<p><span style=\"color: #333333;\"><em>Prof. Dr. Elisabetta Fiocchi Malaspina, Universit\u00e0 di Zurigo<\/em><\/span><br \/>\n<span style=\"color: #333333;\"><em>Lic. iur. Zita K\u00fcng, presidente dell\u2019associazione FRI (<a style=\"color: #333333;\" href=\"https:\/\/www.genderlaw.ch\/deutsch\/fri\/startseite\/index.html\">www.genderlaw.ch<\/a>)<\/em><\/span><br \/>\n<span style=\"color: #333333;\"><em>MLaw Lisa Bonjour, Universit\u00e0 di Zurigo<\/em><\/span><br \/>\n<span style=\"color: #333333;\"><em>BLaw Sejla Zulic, Universit\u00e0 di Zurigo<\/em><\/span><\/p>\n","protected":false},"excerpt":{"rendered":"<p>L\u2019obiettivo di questo blog \u00e8 pubblicare materiale (documenti, interviste e articoli) rilevante per lo sviluppo dei diritti delle donne in Svizzera dal 1971. Questa \u00e8&hellip;<\/p>\n","protected":false},"author":894,"featured_media":0,"parent":0,"menu_order":0,"comment_status":"closed","ping_status":"open","template":"","meta":{"footnotes":""},"class_list":["post-642","page","type-page","status-publish","hentry"],"_links":{"self":[{"href":"https:\/\/dlf.uzh.ch\/sites\/frauenrechtsgeschichte\/wp-json\/wp\/v2\/pages\/642","targetHints":{"allow":["GET"]}}],"collection":[{"href":"https:\/\/dlf.uzh.ch\/sites\/frauenrechtsgeschichte\/wp-json\/wp\/v2\/pages"}],"about":[{"href":"https:\/\/dlf.uzh.ch\/sites\/frauenrechtsgeschichte\/wp-json\/wp\/v2\/types\/page"}],"author":[{"embeddable":true,"href":"https:\/\/dlf.uzh.ch\/sites\/frauenrechtsgeschichte\/wp-json\/wp\/v2\/users\/894"}],"replies":[{"embeddable":true,"href":"https:\/\/dlf.uzh.ch\/sites\/frauenrechtsgeschichte\/wp-json\/wp\/v2\/comments?post=642"}],"version-history":[{"count":3,"href":"https:\/\/dlf.uzh.ch\/sites\/frauenrechtsgeschichte\/wp-json\/wp\/v2\/pages\/642\/revisions"}],"predecessor-version":[{"id":688,"href":"https:\/\/dlf.uzh.ch\/sites\/frauenrechtsgeschichte\/wp-json\/wp\/v2\/pages\/642\/revisions\/688"}],"wp:attachment":[{"href":"https:\/\/dlf.uzh.ch\/sites\/frauenrechtsgeschichte\/wp-json\/wp\/v2\/media?parent=642"}],"curies":[{"name":"wp","href":"https:\/\/api.w.org\/{rel}","templated":true}]}}

<p><span style="color: #333333;">L’obiettivo di questo blog è pubblicare materiale (documenti, interviste e articoli) rilevante per lo sviluppo dei diritti delle donne in Svizzera dal 1971. Questa è una data storica, poiché dal 1971 le svizzere dispongono di diritti politici e possono così influire direttamente sulla condizione della donna. Il blog vuole dare voce alle donne che hanno partecipato al «1971» e a coloro che, negli anni successivi e fino ad oggi, hanno promosso attivamente cambiamenti nei settori politico, giuridico e accademico. Si tratta di molte giuriste e, in aggiunta, di altre donne impegnate.Con questo materiale desideriamo stimolare una ricerca approfondita e interdisciplinare su vari aspetti, temi ed eventi. Anche in Svizzera, lo sviluppo dei diritti delle donne non è concluso.</span></p>
<p><span style="color: #333333;">Questo blog è il risultato di una collaborazione tra l’Università di Zurigo (UZH) e l’Istituto Svizzero di Diritto Femminista e Gender Law (FRI).</span></p>
<p><span style="color: #333333;"><em>Prof. Dr. Elisabetta Fiocchi Malaspina, Università di Zurigo</em></span><br />
<span style="color: #333333;"><em>Lic. iur. Zita Küng, presidente dell’associazione FRI (<a style="color: #333333;" href="https://www.genderlaw.ch/deutsch/fri/startseite/index.html">www.genderlaw.ch</a>)</em></span><br />
<span style="color: #333333;"><em>MLaw Lisa Bonjour, Università di Zurigo</em></span><br />
<span style="color: #333333;"><em>BLaw Sejla Zulic, Università di Zurigo</em></span></p>

<p>L’obiettivo di questo blog è pubblicare materiale (documenti, interviste e articoli) rilevante per lo sviluppo dei diritti delle donne in Svizzera dal 1971. Questa è&hellip;</p>
