 {"id":6,"date":"2022-06-16T14:06:45","date_gmt":"2022-06-16T14:06:45","guid":{"rendered":"https:\/\/dlf.uzh.ch\/sites\/dialektressource\/?page_id=6"},"modified":"2023-08-17T11:56:23","modified_gmt":"2023-08-17T11:56:23","slug":"dires","status":"publish","type":"page","link":"https:\/\/dlf.uzh.ch\/sites\/dialektressource\/","title":{"rendered":"DiRes"},"content":{"rendered":"<div class=\"wpb-content-wrapper\"><p>[vc_row][vc_column][vc_column_text]<\/p>\n<h2>Herzlich Willkommen auf DiRes \u2013 Dialekt als Ressource!<\/h2>\n<p>Im Bereich &#8222;Linguistik&#8220; finden sich wissenschaftliche Definitionen oder Erl\u00e4uterungen zu verschiedenen systemlinguistischen Begriffen aus den Bereichen der Phonologie, Morphologie und Syntax.<\/p>\n<p>Im Bereich &#8222;Linguistik in der Schule&#8220; versuchen wir, eine Br\u00fccke zwischen Linguistik und Fachdidaktik zu schlagen: Es finden sich Ideen aus der Linguistik, die sich f\u00fcr einen Transfer in die Fachdidaktik eignen sowie komplett ausgearbeitete Unterrichtsvorschl\u00e4ge.<\/p>\n<p>Wir haben die Lehr- und Lernplattform &#8222;DiRes &#8211; Dialekt (als) Ressource&#8220; genannt, da wir &#8211; wo m\u00f6glich und sinnvoll &#8211; die schweizerdeutsche Sprachlandschaft in unsere Erkl\u00e4rungen oder Ideen miteinbeziehen.<\/p>\n<p>Die Plattform entstand begleitend zu zwei Lehrveranstaltungen am <strong>Deutschen Seminar der Universit\u00e4t Z\u00fcrich<\/strong>, in den Jahren 2022 und 2023. Das Projekt wurde von der &#8222;Digitalen Lehre und Forschung der Philosophischen Fakult\u00e4t der Universit\u00e4t Z\u00fcrich&#8220; gef\u00f6rdert.[\/vc_column_text][\/vc_column][\/vc_row][vc_row][vc_column width=&#8220;1\/2&#8243;][vc_btn title=&#8220;Linguistik in der Schule&#8220; color=&#8220;peacoc&#8220; size=&#8220;lg&#8220; align=&#8220;center&#8220; button_block=&#8220;true&#8220; link=&#8220;url:https%3A%2F%2Fdlf.uzh.ch%2Fsites%2Fdialektressource%2Flinguistik-in-der-schule-einleitung%2F|title:Linguistik%20in%20der%20Schule&#8220;][\/vc_column][vc_column width=&#8220;1\/2&#8243;][vc_btn title=&#8220;Linguistik&#8220; color=&#8220;juicy-pink&#8220; size=&#8220;lg&#8220; align=&#8220;center&#8220; button_block=&#8220;true&#8220; link=&#8220;url:https%3A%2F%2Fdlf.uzh.ch%2Fsites%2Fdialektressource%2Flinguistik%2F|title:Linguistik&#8220;][\/vc_column][\/vc_row][vc_row][vc_column][vc_column_text][\/vc_column_text][vc_column_text]<strong>Zitation (Vorschlag):<\/strong><br \/>\nWenn Sie sich auf das allgemeine Werk beziehen:<br \/>\nMoser, Ann-Marie\/Frick, Tobias (2023): DiRes. Dialekt als Ressource. Z\u00fcrich: Digitale Lehre und Forschung der Philosophischen Fakult\u00e4t. Permalink: https:\/\/dlf.uzh.ch\/sites\/dialektressource\/, Zugriff am xx.xx.xxxx.<\/p>\n<p>Wenn Sie sich auf einen Teilbereich\/bestimmtes Stichwort beziehen, z.B. auf die &#8222;Grundbegriffe&#8220; im Bereich &#8222;Linguistik&#8220;:<br \/>\nMoser, Ann-Marie\/Frick, Tobias (2023): DiRes. Dialekt als Ressource. Z\u00fcrich: Digitale Lehre und Forschung der Philosophischen Fakult\u00e4t. Permalink: https:\/\/dlf.uzh.ch\/sites\/dialektressource\/, Zugriff am xx.xx.xxxx. [Teilbereich &#8222;Grundbegriffe&#8220; in &#8222;Linguistik&#8220;][\/vc_column_text][\/vc_column][\/vc_row][vc_row][vc_column][vc_column_text]<strong>Lizenz:<\/strong><br \/>\nDiRes: Dialekt als Ressource von Ann-Marie Moser und Tobias Frick ist lizensiert unter einer <a href=\"https:\/\/creativecommons.org\/licenses\/by\/4.0\/\">Creative Commons Namensnennung 4.0 International Lizenz<\/a>.<br \/>\n<img loading=\"lazy\" decoding=\"async\" class=\"size-full wp-image-816 alignleft\" src=\"https:\/\/dlf.uzh.ch\/sites\/dialektressource\/files\/2022\/12\/Bild1.png\" alt=\"\" width=\"88\" height=\"31\" \/><\/p>\n<p>&nbsp;<\/p>\n<p><strong>\u00a0<\/strong>[\/vc_column_text][\/vc_column][\/vc_row]<\/p>\n<\/div>","protected":false},"excerpt":{"rendered":"<p>[vc_row][vc_column][vc_column_text] Herzlich Willkommen auf DiRes \u2013 Dialekt als Ressource! Im Bereich &#8222;Linguistik&#8220; finden sich wissenschaftliche Definitionen oder Erl\u00e4uterungen zu verschiedenen systemlinguistischen Begriffen aus den Bereichen der Phonologie, Morphologie und Syntax. Im Bereich &#8222;Linguistik in der Schule&#8220; versuchen wir, eine Br\u00fccke zwischen Linguistik und Fachdidaktik zu schlagen: Es finden sich Ideen aus der Linguistik, die sich [&hellip;]<\/p>\n","protected":false},"author":581,"featured_media":0,"parent":0,"menu_order":0,"comment_status":"closed","ping_status":"closed","template":"","meta":{"footnotes":""},"class_list":["post-6","page","type-page","status-publish","hentry"],"_links":{"self":[{"href":"https:\/\/dlf.uzh.ch\/sites\/dialektressource\/wp-json\/wp\/v2\/pages\/6","targetHints":{"allow":["GET"]}}],"collection":[{"href":"https:\/\/dlf.uzh.ch\/sites\/dialektressource\/wp-json\/wp\/v2\/pages"}],"about":[{"href":"https:\/\/dlf.uzh.ch\/sites\/dialektressource\/wp-json\/wp\/v2\/types\/page"}],"author":[{"embeddable":true,"href":"https:\/\/dlf.uzh.ch\/sites\/dialektressource\/wp-json\/wp\/v2\/users\/581"}],"replies":[{"embeddable":true,"href":"https:\/\/dlf.uzh.ch\/sites\/dialektressource\/wp-json\/wp\/v2\/comments?post=6"}],"version-history":[{"count":10,"href":"https:\/\/dlf.uzh.ch\/sites\/dialektressource\/wp-json\/wp\/v2\/pages\/6\/revisions"}],"predecessor-version":[{"id":813,"href":"https:\/\/dlf.uzh.ch\/sites\/dialektressource\/wp-json\/wp\/v2\/pages\/6\/revisions\/813"}],"wp:attachment":[{"href":"https:\/\/dlf.uzh.ch\/sites\/dialektressource\/wp-json\/wp\/v2\/media?parent=6"}],"curies":[{"name":"wp","href":"https:\/\/api.w.org\/{rel}","templated":true}]}}

<div class="wpb-content-wrapper"><p>[vc_row][vc_column][vc_column_text]</p>
<h2>Herzlich Willkommen auf DiRes – Dialekt als Ressource!</h2>
<p>Im Bereich &#8222;Linguistik&#8220; finden sich wissenschaftliche Definitionen oder Erläuterungen zu verschiedenen systemlinguistischen Begriffen aus den Bereichen der Phonologie, Morphologie und Syntax.</p>
<p>Im Bereich &#8222;Linguistik in der Schule&#8220; versuchen wir, eine Brücke zwischen Linguistik und Fachdidaktik zu schlagen: Es finden sich Ideen aus der Linguistik, die sich für einen Transfer in die Fachdidaktik eignen sowie komplett ausgearbeitete Unterrichtsvorschläge.</p>
<p>Wir haben die Lehr- und Lernplattform &#8222;DiRes &#8211; Dialekt (als) Ressource&#8220; genannt, da wir &#8211; wo möglich und sinnvoll &#8211; die schweizerdeutsche Sprachlandschaft in unsere Erklärungen oder Ideen miteinbeziehen.</p>
<p>Die Plattform entstand begleitend zu zwei Lehrveranstaltungen am <strong>Deutschen Seminar der Universität Zürich</strong>, in den Jahren 2022 und 2023. Das Projekt wurde von der &#8222;Digitalen Lehre und Forschung der Philosophischen Fakultät der Universität Zürich&#8220; gefördert.[/vc_column_text][/vc_column][/vc_row][vc_row][vc_column width=&#8220;1/2&#8243;][vc_btn title=&#8220;Linguistik in der Schule&#8220; color=&#8220;peacoc&#8220; size=&#8220;lg&#8220; align=&#8220;center&#8220; button_block=&#8220;true&#8220; link=&#8220;url:https%3A%2F%2Fdlf.uzh.ch%2Fsites%2Fdialektressource%2Flinguistik-in-der-schule-einleitung%2F|title:Linguistik%20in%20der%20Schule&#8220;][/vc_column][vc_column width=&#8220;1/2&#8243;][vc_btn title=&#8220;Linguistik&#8220; color=&#8220;juicy-pink&#8220; size=&#8220;lg&#8220; align=&#8220;center&#8220; button_block=&#8220;true&#8220; link=&#8220;url:https%3A%2F%2Fdlf.uzh.ch%2Fsites%2Fdialektressource%2Flinguistik%2F|title:Linguistik&#8220;][/vc_column][/vc_row][vc_row][vc_column][vc_column_text][/vc_column_text][vc_column_text]<strong>Zitation (Vorschlag):</strong><br />
Wenn Sie sich auf das allgemeine Werk beziehen:<br />
Moser, Ann-Marie/Frick, Tobias (2023): DiRes. Dialekt als Ressource. Zürich: Digitale Lehre und Forschung der Philosophischen Fakultät. Permalink: https://dlf.uzh.ch/sites/dialektressource/, Zugriff am xx.xx.xxxx.</p>
<p>Wenn Sie sich auf einen Teilbereich/bestimmtes Stichwort beziehen, z.B. auf die &#8222;Grundbegriffe&#8220; im Bereich &#8222;Linguistik&#8220;:<br />
Moser, Ann-Marie/Frick, Tobias (2023): DiRes. Dialekt als Ressource. Zürich: Digitale Lehre und Forschung der Philosophischen Fakultät. Permalink: https://dlf.uzh.ch/sites/dialektressource/, Zugriff am xx.xx.xxxx. [Teilbereich &#8222;Grundbegriffe&#8220; in &#8222;Linguistik&#8220;][/vc_column_text][/vc_column][/vc_row][vc_row][vc_column][vc_column_text]<strong>Lizenz:</strong><br />
DiRes: Dialekt als Ressource von Ann-Marie Moser und Tobias Frick ist lizensiert unter einer <a href="https://creativecommons.org/licenses/by/4.0/">Creative Commons Namensnennung 4.0 International Lizenz</a>.<br />
<img loading="lazy" decoding="async" class="size-full wp-image-816 alignleft" src="https://dlf.uzh.ch/sites/dialektressource/files/2022/12/Bild1.png" alt="" width="88" height="31" /></p>
<p>&nbsp;</p>
<p><strong> </strong>[/vc_column_text][/vc_column][/vc_row]</p>
</div>

<p>[vc_row][vc_column][vc_column_text] Herzlich Willkommen auf DiRes – Dialekt als Ressource! Im Bereich &#8222;Linguistik&#8220; finden sich wissenschaftliche Definitionen oder Erläuterungen zu verschiedenen systemlinguistischen Begriffen aus den Bereichen der Phonologie, Morphologie und Syntax. Im Bereich &#8222;Linguistik in der Schule&#8220; versuchen wir, eine Brücke zwischen Linguistik und Fachdidaktik zu schlagen: Es finden sich Ideen aus der Linguistik, die sich [&hellip;]</p>
