{"id":8,"date":"2022-10-28T20:10:17","date_gmt":"2022-10-28T20:10:17","guid":{"rendered":"https:\/\/dlf.uzh.ch\/sites\/dialecte\/?page_id=8"},"modified":"2023-03-16T09:02:35","modified_gmt":"2023-03-16T09:02:35","slug":"comitet-de-organizare-2","status":"publish","type":"page","link":"https:\/\/dlf.uzh.ch\/sites\/dialecte\/comitet-de-organizare-2\/","title":{"rendered":"Organizers"},"content":{"rendered":"\n<p>Johannes Kabatek, Universit\u00e4t Z\u00fcrich<\/p>\n\n\n\n<p>Cristina Bleor\u021bu, Universit\u00e4t Z\u00fcrich<\/p>\n\n\n\n<p>Nicolae Saramandu, Institutul de Lingvistic\u0103 al Academiei Rom\u00e2ne \u201eIorgu Iordan \u2013 Alexandru Rosetti\u201d \/ Universitatea din Bucure\u0219ti<\/p>\n\n\n\n<p>Manuela Nevaci, Institutul de Lingvistic\u0103 al Academiei Rom\u00e2ne \u201eIorgu Iordan \u2013 Alexandru Rosetti\u201d \/ Universitatea din Bucure\u0219ti<\/p>\n","protected":false},"excerpt":{"rendered":"<p>Johannes Kabatek, Universit\u00e4t Z\u00fcrich Cristina Bleor\u021bu, Universit\u00e4t Z\u00fcrich Nicolae Saramandu, Institutul de Lingvistic\u0103 al Academiei Rom\u00e2ne \u201eIorgu Iordan \u2013 Alexandru Rosetti\u201d \/ Universitatea din Bucure\u0219ti Manuela Nevaci, Institutul de Lingvistic\u0103 al Academiei Rom\u00e2ne \u201eIorgu Iordan \u2013 Alexandru Rosetti\u201d \/ Universitatea &hellip; <a href=\"https:\/\/dlf.uzh.ch\/sites\/dialecte\/comitet-de-organizare-2\/\">Sigue leyendo <span class=\"meta-nav\">&rarr;<\/span><\/a><\/p>\n","protected":false},"author":794,"featured_media":0,"parent":0,"menu_order":0,"comment_status":"closed","ping_status":"closed","template":"","meta":{"footnotes":""},"class_list":["post-8","page","type-page","status-publish","hentry"],"_links":{"self":[{"href":"https:\/\/dlf.uzh.ch\/sites\/dialecte\/wp-json\/wp\/v2\/pages\/8","targetHints":{"allow":["GET"]}}],"collection":[{"href":"https:\/\/dlf.uzh.ch\/sites\/dialecte\/wp-json\/wp\/v2\/pages"}],"about":[{"href":"https:\/\/dlf.uzh.ch\/sites\/dialecte\/wp-json\/wp\/v2\/types\/page"}],"author":[{"embeddable":true,"href":"https:\/\/dlf.uzh.ch\/sites\/dialecte\/wp-json\/wp\/v2\/users\/794"}],"replies":[{"embeddable":true,"href":"https:\/\/dlf.uzh.ch\/sites\/dialecte\/wp-json\/wp\/v2\/comments?post=8"}],"version-history":[{"count":4,"href":"https:\/\/dlf.uzh.ch\/sites\/dialecte\/wp-json\/wp\/v2\/pages\/8\/revisions"}],"predecessor-version":[{"id":140,"href":"https:\/\/dlf.uzh.ch\/sites\/dialecte\/wp-json\/wp\/v2\/pages\/8\/revisions\/140"}],"wp:attachment":[{"href":"https:\/\/dlf.uzh.ch\/sites\/dialecte\/wp-json\/wp\/v2\/media?parent=8"}],"curies":[{"name":"wp","href":"https:\/\/api.w.org\/{rel}","templated":true}]}}

<p>Johannes Kabatek, Universität Zürich</p>



<p>Cristina Bleorțu, Universität Zürich</p>



<p>Nicolae Saramandu, Institutul de Lingvistică al Academiei Române „Iorgu Iordan – Alexandru Rosetti” / Universitatea din București</p>



<p>Manuela Nevaci, Institutul de Lingvistică al Academiei Române „Iorgu Iordan – Alexandru Rosetti” / Universitatea din București</p>

<p>Johannes Kabatek, Universität Zürich Cristina Bleorțu, Universität Zürich Nicolae Saramandu, Institutul de Lingvistică al Academiei Române „Iorgu Iordan – Alexandru Rosetti” / Universitatea din București Manuela Nevaci, Institutul de Lingvistică al Academiei Române „Iorgu Iordan – Alexandru Rosetti” / Universitatea &hellip; <a href="https://dlf.uzh.ch/sites/dialecte/comitet-de-organizare-2/">Sigue leyendo <span class="meta-nav">&rarr;</span></a></p>
