{"id":76,"date":"2022-11-30T08:27:17","date_gmt":"2022-11-30T08:27:17","guid":{"rendered":"https:\/\/dlf.uzh.ch\/sites\/devcc\/?page_id=76"},"modified":"2025-09-18T06:09:31","modified_gmt":"2025-09-18T06:09:31","slug":"home","status":"publish","type":"page","link":"https:\/\/dlf.uzh.ch\/sites\/cultcomm\/","title":{"rendered":"\u00c0 la une!"},"content":{"rendered":"<div class=\"wpb-content-wrapper\"><p>[vc_row][vc_column][vc_column_text]<\/p>\n<h1 style=\"text-align: center;\">Culture et Communication : Partageons le savoir !<\/h1>\n<p>[\/vc_column_text][vc_separator][\/vc_column][\/vc_row][vc_row][vc_column][vc_column_text css=\u00a0\u00bb\u00a0\u00bb]Cette plateforme pr\u00e9sente les r\u00e9sultats de travaux men\u00e9s \u00e0 l\u2019Universit\u00e9 de Zurich dans le cadre des \u00e9tudes de litt\u00e9rature fran\u00e7aise. Sa vocation\u00a0: partager le savoir avec la Cit\u00e9.<\/p>\n<p>Les documents de la plateforme s\u2019adressent \u00e0 toute personne int\u00e9ress\u00e9e. Ceux de la rubrique Projets P\u00e9dagogiques marqu\u00e9s du sigle <strong>DP<\/strong>\u00a0contiennent des <strong>D<\/strong>ossiers <strong>P<\/strong>\u00e9dagogiques dont le niveau est \u00e0 chaque fois sp\u00e9cifi\u00e9. Ces dossiers, ainsi que les capsules vid\u00e9os qu\u2019ils accompagnent, sont \u00e0 la libre disposition des enseignant\u00b7e\u00b7s et de toute autre personne \u00e0 condition de respecter le <em>copy right<\/em> des autrices et auteurs.<\/p>\n<div class=\"\">\n<p><span class=\"\">Tout commentaire constructif est le bienvenu (contact: Ursula B\u00e4hler, <a class=\"\" href=\"mailto:ubaehler@rom.uzh.ch\">ubaehler@rom.uzh.ch<\/a>).<\/span><\/p>\n<p>Voici nos diff\u00e9rentes sections :<\/p>\n<\/div>\n<p>[\/vc_column_text][\/vc_column][\/vc_row][vc_row][vc_column width=\u00a0\u00bb1\/4&Prime;][vc_single_image image=\u00a0\u00bb353&Prime; css=\u00a0\u00bb\u00a0\u00bb][vc_column_text css=\u00a0\u00bb\u00a0\u00bb]<\/p>\n<h2>Projets P\u00e9dagogiques<\/h2>\n<p>[\/vc_column_text][vc_btn title=\u00a0\u00bbLire plus\u00a0\u00bb style=\u00a0\u00bboutline-custom\u00a0\u00bb outline_custom_color=\u00a0\u00bb#d22254&Prime; outline_custom_hover_background=\u00a0\u00bb#d22254&Prime; outline_custom_hover_text=\u00a0\u00bb#ffffff\u00a0\u00bb shape=\u00a0\u00bbsquare\u00a0\u00bb size=\u00a0\u00bbsm\u00a0\u00bb i_icon_fontawesome=\u00a0\u00bbfas fa-angle-double-right\u00a0\u00bb css=\u00a0\u00bb\u00a0\u00bb add_icon=\u00a0\u00bbtrue\u00a0\u00bb link=\u00a0\u00bburl:https%3A%2F%2Fdlf.uzh.ch%2Fsites%2Fcultcomm%2Fdossiers%2F|title:Podcast%20litt%C3%A9raire\u00a0\u00bb][\/vc_column][vc_column width=\u00a0\u00bb1\/4&Prime;][vc_single_image image=\u00a0\u00bb1411&Prime; css=\u00a0\u00bb\u00a0\u00bb][vc_column_text css=\u00a0\u00bb\u00a0\u00bb]<\/p>\n<h2>Conf\u00e9rences<\/h2>\n<p>[\/vc_column_text][vc_btn title=\u00a0\u00bbLire plus\u00a0\u00bb style=\u00a0\u00bboutline-custom\u00a0\u00bb outline_custom_color=\u00a0\u00bb#d22254&Prime; outline_custom_hover_background=\u00a0\u00bb#d22254&Prime; outline_custom_hover_text=\u00a0\u00bb#ffffff\u00a0\u00bb shape=\u00a0\u00bbsquare\u00a0\u00bb size=\u00a0\u00bbsm\u00a0\u00bb i_icon_fontawesome=\u00a0\u00bbfas fa-angle-double-right\u00a0\u00bb css=\u00a0\u00bb\u00a0\u00bb add_icon=\u00a0\u00bbtrue\u00a0\u00bb link=\u00a0\u00bburl:https%3A%2F%2Fdlf.uzh.ch%2Fsites%2Fcultcomm%2Fconferences%2F|title:Podcast%20litt%C3%A9raire\u00a0\u00bb][\/vc_column][vc_column width=\u00a0\u00bb1\/4&Prime;][vc_single_image image=\u00a0\u00bb1001&Prime; css=\u00a0\u00bb\u00a0\u00bb][vc_column_text css=\u00a0\u00bb\u00a0\u00bb]<\/p>\n<h2>\u00c0 la d\u00e9couverte<\/h2>\n<p>[\/vc_column_text][vc_btn title=\u00a0\u00bbLire plus\u00a0\u00bb style=\u00a0\u00bboutline-custom\u00a0\u00bb outline_custom_color=\u00a0\u00bb#d22254&Prime; outline_custom_hover_background=\u00a0\u00bb#d22254&Prime; outline_custom_hover_text=\u00a0\u00bb#ffffff\u00a0\u00bb shape=\u00a0\u00bbsquare\u00a0\u00bb size=\u00a0\u00bbsm\u00a0\u00bb i_icon_fontawesome=\u00a0\u00bbfas fa-angle-double-right\u00a0\u00bb css=\u00a0\u00bb\u00a0\u00bb add_icon=\u00a0\u00bbtrue\u00a0\u00bb link=\u00a0\u00bburl:https%3A%2F%2Fdlf.uzh.ch%2Fsites%2Fcultcomm%2Fa-la-decouverte%2F|title:Podcast%20litt%C3%A9raire\u00a0\u00bb][\/vc_column][vc_column width=\u00a0\u00bb1\/4&Prime;][vc_single_image image=\u00a0\u00bb1637&Prime; css=\u00a0\u00bb\u00a0\u00bb][vc_column_text css=\u00a0\u00bb\u00a0\u00bb]<\/p>\n<h2>Podcast litt\u00e9raire<\/h2>\n<p>[\/vc_column_text][vc_btn title=\u00a0\u00bbLire plus\u00a0\u00bb style=\u00a0\u00bboutline-custom\u00a0\u00bb outline_custom_color=\u00a0\u00bb#d22254&Prime; outline_custom_hover_background=\u00a0\u00bb#d22254&Prime; outline_custom_hover_text=\u00a0\u00bb#ffffff\u00a0\u00bb shape=\u00a0\u00bbsquare\u00a0\u00bb size=\u00a0\u00bbsm\u00a0\u00bb i_icon_fontawesome=\u00a0\u00bbfas fa-angle-double-right\u00a0\u00bb css=\u00a0\u00bb\u00a0\u00bb add_icon=\u00a0\u00bbtrue\u00a0\u00bb link=\u00a0\u00bburl:https%3A%2F%2Fdlf.uzh.ch%2Fsites%2Fcultcomm%2Fpodcast-litteraire%2F|title:Podcast%20litt%C3%A9raire\u00a0\u00bb][\/vc_column][\/vc_row][vc_row][vc_column][vc_separator css=\u00a0\u00bb\u00a0\u00bb][vc_row_inner][vc_column_inner][vc_column_text css=\u00a0\u00bb\u00a0\u00bb]<\/p>\n<h4>Voici nos publications les plus r\u00e9centes :<\/h4>\n<p>[\/vc_column_text][\/vc_column_inner][\/vc_row_inner][vc_basic_grid post_type=\u00a0\u00bbpost\u00a0\u00bb max_items=\u00a0\u00bb10&Prime; style=\u00a0\u00bbpagination\u00a0\u00bb items_per_page=\u00a0\u00bb3&Prime; arrows_design=\u00a0\u00bbvc_arrow-icon-arrow_09_left\u00a0\u00bb arrows_color=\u00a0\u00bbblack\u00a0\u00bb paging_design=\u00a0\u00bbpagination_square_dark\u00a0\u00bb paging_color=\u00a0\u00bbblack\u00a0\u00bb item=\u00a0\u00bb85&Prime; grid_id=\u00a0\u00bbvc_gid:1758175759420-46188f98-d7e3-8&Prime; taxonomies=\u00a0\u00bb11&Prime;][\/vc_column][vc_column][\/vc_column][\/vc_row]<\/p>\n<\/div>","protected":false},"excerpt":{"rendered":"<p>[vc_row][vc_column][vc_column_text] Culture et Communication : Partageons le savoir ! [\/vc_column_text][vc_separator][\/vc_column][\/vc_row][vc_row][vc_column][vc_column_text css=\u00a0\u00bb\u00a0\u00bb]Cette plateforme pr\u00e9sente les r\u00e9sultats de travaux men\u00e9s \u00e0 l\u2019Universit\u00e9 de Zurich dans le cadre des \u00e9tudes de litt\u00e9rature fran\u00e7aise. Sa vocation\u00a0: partager le savoir avec la Cit\u00e9. Les documents de la plateforme s\u2019adressent \u00e0 toute personne int\u00e9ress\u00e9e. Ceux de<span class=\"more-link\"><a href=\"https:\/\/dlf.uzh.ch\/sites\/cultcomm\/\">Lire plus<\/a><\/span><\/p>\n","protected":false},"author":581,"featured_media":0,"parent":0,"menu_order":0,"comment_status":"closed","ping_status":"closed","template":"","meta":{"_acf_changed":false,"footnotes":""},"class_list":["entry","author-rofein","post-76","page","type-page","status-publish"],"acf":[],"_links":{"self":[{"href":"https:\/\/dlf.uzh.ch\/sites\/cultcomm\/wp-json\/wp\/v2\/pages\/76","targetHints":{"allow":["GET"]}}],"collection":[{"href":"https:\/\/dlf.uzh.ch\/sites\/cultcomm\/wp-json\/wp\/v2\/pages"}],"about":[{"href":"https:\/\/dlf.uzh.ch\/sites\/cultcomm\/wp-json\/wp\/v2\/types\/page"}],"author":[{"embeddable":true,"href":"https:\/\/dlf.uzh.ch\/sites\/cultcomm\/wp-json\/wp\/v2\/users\/581"}],"replies":[{"embeddable":true,"href":"https:\/\/dlf.uzh.ch\/sites\/cultcomm\/wp-json\/wp\/v2\/comments?post=76"}],"version-history":[{"count":10,"href":"https:\/\/dlf.uzh.ch\/sites\/cultcomm\/wp-json\/wp\/v2\/pages\/76\/revisions"}],"predecessor-version":[{"id":1640,"href":"https:\/\/dlf.uzh.ch\/sites\/cultcomm\/wp-json\/wp\/v2\/pages\/76\/revisions\/1640"}],"wp:attachment":[{"href":"https:\/\/dlf.uzh.ch\/sites\/cultcomm\/wp-json\/wp\/v2\/media?parent=76"}],"curies":[{"name":"wp","href":"https:\/\/api.w.org\/{rel}","templated":true}]}}

À la une!

<div class="wpb-content-wrapper"><p>[vc_row][vc_column][vc_column_text]</p>
<h1 style="text-align: center;">Culture et Communication : Partageons le savoir !</h1>
<p>[/vc_column_text][vc_separator][/vc_column][/vc_row][vc_row][vc_column][vc_column_text css= » »]Cette plateforme présente les résultats de travaux menés à l’Université de Zurich dans le cadre des études de littérature française. Sa vocation : partager le savoir avec la Cité.</p>
<p>Les documents de la plateforme s’adressent à toute personne intéressée. Ceux de la rubrique Projets Pédagogiques marqués du sigle <strong>DP</strong> contiennent des <strong>D</strong>ossiers <strong>P</strong>édagogiques dont le niveau est à chaque fois spécifié. Ces dossiers, ainsi que les capsules vidéos qu’ils accompagnent, sont à la libre disposition des enseignant·e·s et de toute autre personne à condition de respecter le <em>copy right</em> des autrices et auteurs.</p>
<div class="">
<p><span class="">Tout commentaire constructif est le bienvenu (contact: Ursula Bähler, <a class="" href="mailto:ubaehler@rom.uzh.ch">ubaehler@rom.uzh.ch</a>).</span></p>
<p>Voici nos différentes sections :</p>
</div>
<p>[/vc_column_text][/vc_column][/vc_row][vc_row][vc_column width= »1/4&Prime;][vc_single_image image= »353&Prime; css= » »][vc_column_text css= » »]</p>
<h2>Projets Pédagogiques</h2>
<p>[/vc_column_text][vc_btn title= »Lire plus » style= »outline-custom » outline_custom_color= »#d22254&Prime; outline_custom_hover_background= »#d22254&Prime; outline_custom_hover_text= »#ffffff » shape= »square » size= »sm » i_icon_fontawesome= »fas fa-angle-double-right » css= » » add_icon= »true » link= »url:https%3A%2F%2Fdlf.uzh.ch%2Fsites%2Fcultcomm%2Fdossiers%2F|title:Podcast%20litt%C3%A9raire »][/vc_column][vc_column width= »1/4&Prime;][vc_single_image image= »1411&Prime; css= » »][vc_column_text css= » »]</p>
<h2>Conférences</h2>
<p>[/vc_column_text][vc_btn title= »Lire plus » style= »outline-custom » outline_custom_color= »#d22254&Prime; outline_custom_hover_background= »#d22254&Prime; outline_custom_hover_text= »#ffffff » shape= »square » size= »sm » i_icon_fontawesome= »fas fa-angle-double-right » css= » » add_icon= »true » link= »url:https%3A%2F%2Fdlf.uzh.ch%2Fsites%2Fcultcomm%2Fconferences%2F|title:Podcast%20litt%C3%A9raire »][/vc_column][vc_column width= »1/4&Prime;][vc_single_image image= »1001&Prime; css= » »][vc_column_text css= » »]</p>
<h2>À la découverte</h2>
<p>[/vc_column_text][vc_btn title= »Lire plus » style= »outline-custom » outline_custom_color= »#d22254&Prime; outline_custom_hover_background= »#d22254&Prime; outline_custom_hover_text= »#ffffff » shape= »square » size= »sm » i_icon_fontawesome= »fas fa-angle-double-right » css= » » add_icon= »true » link= »url:https%3A%2F%2Fdlf.uzh.ch%2Fsites%2Fcultcomm%2Fa-la-decouverte%2F|title:Podcast%20litt%C3%A9raire »][/vc_column][vc_column width= »1/4&Prime;][vc_single_image image= »1637&Prime; css= » »][vc_column_text css= » »]</p>
<h2>Podcast littéraire</h2>
<p>[/vc_column_text][vc_btn title= »Lire plus » style= »outline-custom » outline_custom_color= »#d22254&Prime; outline_custom_hover_background= »#d22254&Prime; outline_custom_hover_text= »#ffffff » shape= »square » size= »sm » i_icon_fontawesome= »fas fa-angle-double-right » css= » » add_icon= »true » link= »url:https%3A%2F%2Fdlf.uzh.ch%2Fsites%2Fcultcomm%2Fpodcast-litteraire%2F|title:Podcast%20litt%C3%A9raire »][/vc_column][/vc_row][vc_row][vc_column][vc_separator css= » »][vc_row_inner][vc_column_inner][vc_column_text css= » »]</p>
<h4>Voici nos publications les plus récentes :</h4>
<p>[/vc_column_text][/vc_column_inner][/vc_row_inner][vc_basic_grid post_type= »post » max_items= »10&Prime; style= »pagination » items_per_page= »3&Prime; arrows_design= »vc_arrow-icon-arrow_09_left » arrows_color= »black » paging_design= »pagination_square_dark » paging_color= »black » item= »85&Prime; grid_id= »vc_gid:1758175759420-46188f98-d7e3-8&Prime; taxonomies= »11&Prime;][/vc_column][vc_column][/vc_column][/vc_row]</p>
</div>

<p>[vc_row][vc_column][vc_column_text] Culture et Communication : Partageons le savoir ! [/vc_column_text][vc_separator][/vc_column][/vc_row][vc_row][vc_column][vc_column_text css= » »]Cette plateforme présente les résultats de travaux menés à l’Université de Zurich dans le cadre des études de littérature française. Sa vocation : partager le savoir avec la Cité. Les documents de la plateforme s’adressent à toute personne intéressée. Ceux de<span class="more-link"><a href="https://dlf.uzh.ch/sites/cultcomm/">Lire plus</a></span></p>
