{"id":638,"date":"2026-06-17T20:24:26","date_gmt":"2026-06-17T20:24:26","guid":{"rendered":"https:\/\/dlf.uzh.ch\/sites\/club-de-lectura\/?page_id=638"},"modified":"2026-06-17T21:00:31","modified_gmt":"2026-06-17T21:00:31","slug":"programa-de-lecturas-otono-2026","status":"publish","type":"page","link":"https:\/\/dlf.uzh.ch\/sites\/club-de-lectura\/programa-de-lecturas-otono-2026\/","title":{"rendered":"Oto\u00f1o 2026"},"content":{"rendered":"\n<p>El club de lectura se desarrollar\u00e1 en el semestre de primavera desde septiembre hasta diciembre de 2026. La modalidad de los encuentros ser\u00e1 presencial en el horario de <strong>18.30<\/strong> a <strong>20.00 hs<\/strong>.<\/p>\n\n\n\n<div class=\"wp-block-media-text is-stacked-on-mobile\"><figure class=\"wp-block-media-text__media\"><img loading=\"lazy\" decoding=\"async\" width=\"610\" height=\"1024\" src=\"https:\/\/dlf.uzh.ch\/sites\/club-de-lectura\/files\/2026\/06\/WhatsApp-Image-2026-06-17-at-22.31.35-610x1024.jpeg\" alt=\"\" class=\"wp-image-643 size-full\" srcset=\"https:\/\/dlf.uzh.ch\/sites\/club-de-lectura\/files\/2026\/06\/WhatsApp-Image-2026-06-17-at-22.31.35-610x1024.jpeg 610w, https:\/\/dlf.uzh.ch\/sites\/club-de-lectura\/files\/2026\/06\/WhatsApp-Image-2026-06-17-at-22.31.35-179x300.jpeg 179w, https:\/\/dlf.uzh.ch\/sites\/club-de-lectura\/files\/2026\/06\/WhatsApp-Image-2026-06-17-at-22.31.35.jpeg 625w\" sizes=\"auto, (max-width: 610px) 100vw, 610px\" \/><\/figure><div class=\"wp-block-media-text__content\">\n<p><strong>Martes 15 de septiembre<\/strong><\/p>\n\n\n\n<p><em>Solo un poco aqu\u00ed<\/em> (2023) de Mar\u00eda Ospina (Random House)<\/p>\n<\/div><\/div>\n\n\n\n<div class=\"wp-block-media-text is-stacked-on-mobile\"><figure class=\"wp-block-media-text__media\"><img loading=\"lazy\" decoding=\"async\" width=\"667\" height=\"1000\" src=\"https:\/\/dlf.uzh.ch\/sites\/club-de-lectura\/files\/2026\/06\/WhatsApp-Image-2026-06-17-at-22.31.34-1.jpeg\" alt=\"\" class=\"wp-image-645 size-full\" srcset=\"https:\/\/dlf.uzh.ch\/sites\/club-de-lectura\/files\/2026\/06\/WhatsApp-Image-2026-06-17-at-22.31.34-1.jpeg 667w, https:\/\/dlf.uzh.ch\/sites\/club-de-lectura\/files\/2026\/06\/WhatsApp-Image-2026-06-17-at-22.31.34-1-200x300.jpeg 200w\" sizes=\"auto, (max-width: 667px) 100vw, 667px\" \/><\/figure><div class=\"wp-block-media-text__content\">\n<p><strong>Martes 6 de octubre<\/strong><\/p>\n\n\n\n<p><em>El a\u00f1o en que hablamos con el mar<\/em> (2024) de Andr\u00e9s Montero (La Navaja Suiza Editores, La Pollera)<\/p>\n<\/div><\/div>\n\n\n\n<div class=\"wp-block-media-text is-stacked-on-mobile\"><figure class=\"wp-block-media-text__media\"><img loading=\"lazy\" decoding=\"async\" width=\"623\" height=\"1024\" src=\"https:\/\/dlf.uzh.ch\/sites\/club-de-lectura\/files\/2026\/06\/WhatsApp-Image-2026-06-17-at-22.31.35-1-623x1024.jpeg\" alt=\"\" class=\"wp-image-649 size-full\" srcset=\"https:\/\/dlf.uzh.ch\/sites\/club-de-lectura\/files\/2026\/06\/WhatsApp-Image-2026-06-17-at-22.31.35-1-623x1024.jpeg 623w, https:\/\/dlf.uzh.ch\/sites\/club-de-lectura\/files\/2026\/06\/WhatsApp-Image-2026-06-17-at-22.31.35-1-183x300.jpeg 183w, https:\/\/dlf.uzh.ch\/sites\/club-de-lectura\/files\/2026\/06\/WhatsApp-Image-2026-06-17-at-22.31.35-1-768x1262.jpeg 768w, https:\/\/dlf.uzh.ch\/sites\/club-de-lectura\/files\/2026\/06\/WhatsApp-Image-2026-06-17-at-22.31.35-1.jpeg 779w\" sizes=\"auto, (max-width: 623px) 100vw, 623px\" \/><\/figure><div class=\"wp-block-media-text__content\">\n<p><strong>Martes 3 de noviembre<\/strong><\/p>\n\n\n\n<p><em>Querer es perder<\/em> (2025) de Salom\u00e9 Esper (Sigilo)<\/p>\n<\/div><\/div>\n\n\n\n<div class=\"wp-block-media-text is-stacked-on-mobile\"><figure class=\"wp-block-media-text__media\"><img loading=\"lazy\" decoding=\"async\" width=\"676\" height=\"1024\" src=\"https:\/\/dlf.uzh.ch\/sites\/club-de-lectura\/files\/2026\/06\/WhatsApp-Image-2026-06-17-at-22.31.34-676x1024.jpeg\" alt=\"\" class=\"wp-image-652 size-full\" srcset=\"https:\/\/dlf.uzh.ch\/sites\/club-de-lectura\/files\/2026\/06\/WhatsApp-Image-2026-06-17-at-22.31.34-676x1024.jpeg 676w, https:\/\/dlf.uzh.ch\/sites\/club-de-lectura\/files\/2026\/06\/WhatsApp-Image-2026-06-17-at-22.31.34-198x300.jpeg 198w, https:\/\/dlf.uzh.ch\/sites\/club-de-lectura\/files\/2026\/06\/WhatsApp-Image-2026-06-17-at-22.31.34-768x1163.jpeg 768w, https:\/\/dlf.uzh.ch\/sites\/club-de-lectura\/files\/2026\/06\/WhatsApp-Image-2026-06-17-at-22.31.34.jpeg 845w\" sizes=\"auto, (max-width: 676px) 100vw, 676px\" \/><\/figure><div class=\"wp-block-media-text__content\">\n<p><strong>Martes 1 de diciembre<\/strong><\/p>\n\n\n\n<p><em>Acequia<\/em> (2024) de Amaury Colmenares (las afueras, Ant\u00edlope)<\/p>\n<\/div><\/div>\n","protected":false},"excerpt":{"rendered":"<p>El club de lectura se desarrollar\u00e1 en el semestre de primavera desde septiembre hasta diciembre de 2026. La modalidad de los encuentros ser\u00e1 presencial en el horario de 18.30 a 20.00 hs. Martes 15 de septiembre Solo un poco aqu\u00ed (2023) de Mar\u00eda Ospina (Random House) Martes 6 de octubre El a\u00f1o en que hablamos [&hellip;]<\/p>\n","protected":false},"author":676,"featured_media":0,"parent":0,"menu_order":0,"comment_status":"closed","ping_status":"closed","template":"","meta":{"footnotes":""},"class_list":["post-638","page","type-page","status-publish","hentry"],"_links":{"self":[{"href":"https:\/\/dlf.uzh.ch\/sites\/club-de-lectura\/wp-json\/wp\/v2\/pages\/638","targetHints":{"allow":["GET"]}}],"collection":[{"href":"https:\/\/dlf.uzh.ch\/sites\/club-de-lectura\/wp-json\/wp\/v2\/pages"}],"about":[{"href":"https:\/\/dlf.uzh.ch\/sites\/club-de-lectura\/wp-json\/wp\/v2\/types\/page"}],"author":[{"embeddable":true,"href":"https:\/\/dlf.uzh.ch\/sites\/club-de-lectura\/wp-json\/wp\/v2\/users\/676"}],"replies":[{"embeddable":true,"href":"https:\/\/dlf.uzh.ch\/sites\/club-de-lectura\/wp-json\/wp\/v2\/comments?post=638"}],"version-history":[{"count":7,"href":"https:\/\/dlf.uzh.ch\/sites\/club-de-lectura\/wp-json\/wp\/v2\/pages\/638\/revisions"}],"predecessor-version":[{"id":654,"href":"https:\/\/dlf.uzh.ch\/sites\/club-de-lectura\/wp-json\/wp\/v2\/pages\/638\/revisions\/654"}],"wp:attachment":[{"href":"https:\/\/dlf.uzh.ch\/sites\/club-de-lectura\/wp-json\/wp\/v2\/media?parent=638"}],"curies":[{"name":"wp","href":"https:\/\/api.w.org\/{rel}","templated":true}]}}

Otoño 2026

<p>El club de lectura se desarrollará en el semestre de primavera desde septiembre hasta diciembre de 2026. La modalidad de los encuentros será presencial en el horario de <strong>18.30</strong> a <strong>20.00 hs</strong>.</p>



<div class="wp-block-media-text is-stacked-on-mobile"><figure class="wp-block-media-text__media"><img loading="lazy" decoding="async" width="610" height="1024" src="https://dlf.uzh.ch/sites/club-de-lectura/files/2026/06/WhatsApp-Image-2026-06-17-at-22.31.35-610x1024.jpeg" alt="" class="wp-image-643 size-full" srcset="https://dlf.uzh.ch/sites/club-de-lectura/files/2026/06/WhatsApp-Image-2026-06-17-at-22.31.35-610x1024.jpeg 610w, https://dlf.uzh.ch/sites/club-de-lectura/files/2026/06/WhatsApp-Image-2026-06-17-at-22.31.35-179x300.jpeg 179w, https://dlf.uzh.ch/sites/club-de-lectura/files/2026/06/WhatsApp-Image-2026-06-17-at-22.31.35.jpeg 625w" sizes="auto, (max-width: 610px) 100vw, 610px" /></figure><div class="wp-block-media-text__content">
<p><strong>Martes 15 de septiembre</strong></p>



<p><em>Solo un poco aquí</em> (2023) de María Ospina (Random House)</p>
</div></div>



<div class="wp-block-media-text is-stacked-on-mobile"><figure class="wp-block-media-text__media"><img loading="lazy" decoding="async" width="667" height="1000" src="https://dlf.uzh.ch/sites/club-de-lectura/files/2026/06/WhatsApp-Image-2026-06-17-at-22.31.34-1.jpeg" alt="" class="wp-image-645 size-full" srcset="https://dlf.uzh.ch/sites/club-de-lectura/files/2026/06/WhatsApp-Image-2026-06-17-at-22.31.34-1.jpeg 667w, https://dlf.uzh.ch/sites/club-de-lectura/files/2026/06/WhatsApp-Image-2026-06-17-at-22.31.34-1-200x300.jpeg 200w" sizes="auto, (max-width: 667px) 100vw, 667px" /></figure><div class="wp-block-media-text__content">
<p><strong>Martes 6 de octubre</strong></p>



<p><em>El año en que hablamos con el mar</em> (2024) de Andrés Montero (La Navaja Suiza Editores, La Pollera)</p>
</div></div>



<div class="wp-block-media-text is-stacked-on-mobile"><figure class="wp-block-media-text__media"><img loading="lazy" decoding="async" width="623" height="1024" src="https://dlf.uzh.ch/sites/club-de-lectura/files/2026/06/WhatsApp-Image-2026-06-17-at-22.31.35-1-623x1024.jpeg" alt="" class="wp-image-649 size-full" srcset="https://dlf.uzh.ch/sites/club-de-lectura/files/2026/06/WhatsApp-Image-2026-06-17-at-22.31.35-1-623x1024.jpeg 623w, https://dlf.uzh.ch/sites/club-de-lectura/files/2026/06/WhatsApp-Image-2026-06-17-at-22.31.35-1-183x300.jpeg 183w, https://dlf.uzh.ch/sites/club-de-lectura/files/2026/06/WhatsApp-Image-2026-06-17-at-22.31.35-1-768x1262.jpeg 768w, https://dlf.uzh.ch/sites/club-de-lectura/files/2026/06/WhatsApp-Image-2026-06-17-at-22.31.35-1.jpeg 779w" sizes="auto, (max-width: 623px) 100vw, 623px" /></figure><div class="wp-block-media-text__content">
<p><strong>Martes 3 de noviembre</strong></p>



<p><em>Querer es perder</em> (2025) de Salomé Esper (Sigilo)</p>
</div></div>



<div class="wp-block-media-text is-stacked-on-mobile"><figure class="wp-block-media-text__media"><img loading="lazy" decoding="async" width="676" height="1024" src="https://dlf.uzh.ch/sites/club-de-lectura/files/2026/06/WhatsApp-Image-2026-06-17-at-22.31.34-676x1024.jpeg" alt="" class="wp-image-652 size-full" srcset="https://dlf.uzh.ch/sites/club-de-lectura/files/2026/06/WhatsApp-Image-2026-06-17-at-22.31.34-676x1024.jpeg 676w, https://dlf.uzh.ch/sites/club-de-lectura/files/2026/06/WhatsApp-Image-2026-06-17-at-22.31.34-198x300.jpeg 198w, https://dlf.uzh.ch/sites/club-de-lectura/files/2026/06/WhatsApp-Image-2026-06-17-at-22.31.34-768x1163.jpeg 768w, https://dlf.uzh.ch/sites/club-de-lectura/files/2026/06/WhatsApp-Image-2026-06-17-at-22.31.34.jpeg 845w" sizes="auto, (max-width: 676px) 100vw, 676px" /></figure><div class="wp-block-media-text__content">
<p><strong>Martes 1 de diciembre</strong></p>



<p><em>Acequia</em> (2024) de Amaury Colmenares (las afueras, Antílope)</p>
</div></div>

<p>El club de lectura se desarrollará en el semestre de primavera desde septiembre hasta diciembre de 2026. La modalidad de los encuentros será presencial en el horario de 18.30 a 20.00 hs. Martes 15 de septiembre Solo un poco aquí (2023) de María Ospina (Random House) Martes 6 de octubre El año en que hablamos [&hellip;]</p>
