{"id":959,"date":"2024-06-28T13:37:53","date_gmt":"2024-06-28T13:37:53","guid":{"rendered":"https:\/\/dlf.uzh.ch\/sites\/claru\/?page_id=959"},"modified":"2024-07-30T13:52:25","modified_gmt":"2024-07-30T13:52:25","slug":"frontpage-2","status":"publish","type":"page","link":"https:\/\/dlf.uzh.ch\/sites\/claru\/","title":{"rendered":""},"content":{"rendered":"<div class=\"wpb-content-wrapper\">[vc_row][vc_column][\/vc_column][\/vc_row][vc_row][vc_column width=\u00bb2\/3&#8243;][vc_images_carousel images=\u00bb1253&#8243; img_size=\u00bblarge\u00bb css=\u00bb\u00bb][\/vc_column][vc_column width=\u00bb1\/3&#8243;][vc_column_text css=\u00bb\u00bb]Dedico este espacio a los hablantes de Artigas que no siempre son conscientes de su riqueza ling\u00fc\u00edstica.[\/vc_column_text][vc_column_text css=\u00bb\u00bb]Y dedico este espacio a todos quienes participaron de las entrevistas y que ya no est\u00e1n entre nosotros.[\/vc_column_text][\/vc_column][\/vc_row][vc_row][vc_column][vc_column_text css_animation=\u00bbslideInDown\u00bb css=\u00bb\u00bb]\n<hr \/>\n<p style=\"text-align: center\">Para m\u00e1s<strong> informaci\u00f3n sobre el proyecto<\/strong> y la <strong>finalidad de esta p\u00e1gina web<\/strong>, pulse <strong><a href=\"https:\/\/dlf.uzh.ch\/sites\/claru\/proyecto-linguistico\/\">aqu\u00ed<\/a><\/strong>.<\/p>\n[\/vc_column_text][\/vc_column][\/vc_row][vc_row][vc_column][\/vc_column][\/vc_row]\n<\/div>","protected":false},"excerpt":{"rendered":"<p>[vc_row][vc_column][\/vc_column][\/vc_row][vc_row][vc_column width=\u00bb2\/3&#8243;][vc_images_carousel images=\u00bb1253&#8243; img_size=\u00bblarge\u00bb css=\u00bb\u00bb][\/vc_column][vc_column width=\u00bb1\/3&#8243;][vc_column_text css=\u00bb\u00bb]Dedico este espacio a los hablantes de Artigas que no siempre son conscientes de su riqueza ling\u00fc\u00edstica.[\/vc_column_text][vc_column_text css=\u00bb\u00bb]Y dedico este espacio a todos quienes participaron de las entrevistas y que ya no est\u00e1n entre nosotros.[\/vc_column_text][\/vc_column][\/vc_row][vc_row][vc_column][vc_column_text css_animation=\u00bbslideInDown\u00bb css=\u00bb\u00bb] Para m\u00e1s informaci\u00f3n sobre el proyecto y la finalidad de esta p\u00e1gina [&hellip;]<\/p>\n","protected":false},"author":747,"featured_media":985,"parent":0,"menu_order":0,"comment_status":"closed","ping_status":"closed","template":"full-width-page-template.php","meta":{"_acf_changed":false,"footnotes":""},"class_list":["post-959","page","type-page","status-publish","has-post-thumbnail","hentry"],"acf":[],"_links":{"self":[{"href":"https:\/\/dlf.uzh.ch\/sites\/claru\/wp-json\/wp\/v2\/pages\/959","targetHints":{"allow":["GET"]}}],"collection":[{"href":"https:\/\/dlf.uzh.ch\/sites\/claru\/wp-json\/wp\/v2\/pages"}],"about":[{"href":"https:\/\/dlf.uzh.ch\/sites\/claru\/wp-json\/wp\/v2\/types\/page"}],"author":[{"embeddable":true,"href":"https:\/\/dlf.uzh.ch\/sites\/claru\/wp-json\/wp\/v2\/users\/747"}],"replies":[{"embeddable":true,"href":"https:\/\/dlf.uzh.ch\/sites\/claru\/wp-json\/wp\/v2\/comments?post=959"}],"version-history":[{"count":10,"href":"https:\/\/dlf.uzh.ch\/sites\/claru\/wp-json\/wp\/v2\/pages\/959\/revisions"}],"predecessor-version":[{"id":1381,"href":"https:\/\/dlf.uzh.ch\/sites\/claru\/wp-json\/wp\/v2\/pages\/959\/revisions\/1381"}],"wp:featuredmedia":[{"embeddable":true,"href":"https:\/\/dlf.uzh.ch\/sites\/claru\/wp-json\/wp\/v2\/media\/985"}],"wp:attachment":[{"href":"https:\/\/dlf.uzh.ch\/sites\/claru\/wp-json\/wp\/v2\/media?parent=959"}],"curies":[{"name":"wp","href":"https:\/\/api.w.org\/{rel}","templated":true}]}}

<div class="wpb-content-wrapper">[vc_row][vc_column][/vc_column][/vc_row][vc_row][vc_column width=»2/3&#8243;][vc_images_carousel images=»1253&#8243; img_size=»large» css=»»][/vc_column][vc_column width=»1/3&#8243;][vc_column_text css=»»]Dedico este espacio a los hablantes de Artigas que no siempre son conscientes de su riqueza lingüística.[/vc_column_text][vc_column_text css=»»]Y dedico este espacio a todos quienes participaron de las entrevistas y que ya no están entre nosotros.[/vc_column_text][/vc_column][/vc_row][vc_row][vc_column][vc_column_text css_animation=»slideInDown» css=»»]
<hr />
<p style="text-align: center">Para más<strong> información sobre el proyecto</strong> y la <strong>finalidad de esta página web</strong>, pulse <strong><a href="https://dlf.uzh.ch/sites/claru/proyecto-linguistico/">aquí</a></strong>.</p>
[/vc_column_text][/vc_column][/vc_row][vc_row][vc_column][/vc_column][/vc_row]
</div>

<p>[vc_row][vc_column][/vc_column][/vc_row][vc_row][vc_column width=»2/3&#8243;][vc_images_carousel images=»1253&#8243; img_size=»large» css=»»][/vc_column][vc_column width=»1/3&#8243;][vc_column_text css=»»]Dedico este espacio a los hablantes de Artigas que no siempre son conscientes de su riqueza lingüística.[/vc_column_text][vc_column_text css=»»]Y dedico este espacio a todos quienes participaron de las entrevistas y que ya no están entre nosotros.[/vc_column_text][/vc_column][/vc_row][vc_row][vc_column][vc_column_text css_animation=»slideInDown» css=»»] Para más información sobre el proyecto y la finalidad de esta página [&hellip;]</p>
