{"id":64,"date":"2024-05-31T06:01:49","date_gmt":"2024-05-31T06:01:49","guid":{"rendered":"https:\/\/dlf.uzh.ch\/sites\/corpusclaru\/?page_id=64"},"modified":"2024-07-02T13:31:28","modified_gmt":"2024-07-02T13:31:28","slug":"prensa","status":"publish","type":"page","link":"https:\/\/dlf.uzh.ch\/sites\/claru\/material\/prensa\/","title":{"rendered":"Prensa"},"content":{"rendered":"<div class=\"wpb-content-wrapper\">[vc_row][vc_column width=\u00bb2\/3&#8243;][vc_images_carousel images=\u00bb1104&#8243; img_size=\u00bblarge\u00bb css=\u00bb\u00bb][\/vc_column][vc_column width=\u00bb1\/3&#8243;][vc_column_text css=\u00bb\u00bb]<span style=\"font-size: 14pt\"><span style=\"font-weight: 400\">El trabajo que realic\u00e9 en Artigas suscit\u00f3 el inter\u00e9s de varios reporteros trabajando en radio y televisi\u00f3n. <\/span><i><span style=\"font-weight: 400\">\u00bfPor qu\u00e9 alguien de tan tan lejos podr\u00eda interesarse por \u00abel \u00faltimo departamento\u2026 el departamento olvidado del Uruguay\u00bb?<\/span><\/i><span style=\"font-weight: 400\"> Intent\u00e9 hacer lo mejor que pude por explicar mi prop\u00f3sito ling\u00fc\u00edstico en el departamento, haciendo hincapi\u00e9 en el valor de la variedad fronteriza que muchos hablantes todav\u00eda hablan.<\/span><\/span>[\/vc_column_text][\/vc_column][\/vc_row][vc_row][vc_column][vc_video link=\u00bbhttps:\/\/www.youtube.com\/watch?v=WJMnH04Fleg\u00bb el_width=\u00bb90&#8243; align=\u00bbcenter\u00bb css=\u00bb\u00bb title=\u00bbTele Diario Artigas (diciembre de 2021)\u00bb][\/vc_column][\/vc_row][vc_row][vc_column][vc_video link=\u00bbhttps:\/\/www.youtube.com\/watch?v=eZwzZExc5ig\u00bb el_width=\u00bb90&#8243; align=\u00bbcenter\u00bb css=\u00bb\u00bb title=\u00bbTele Diario Artigas (diciembre de 2023)\u00bb][\/vc_column][\/vc_row]\n<\/div>","protected":false},"excerpt":{"rendered":"<p>[vc_row][vc_column width=\u00bb2\/3&#8243;][vc_images_carousel images=\u00bb1104&#8243; img_size=\u00bblarge\u00bb css=\u00bb\u00bb][\/vc_column][vc_column width=\u00bb1\/3&#8243;][vc_column_text css=\u00bb\u00bb]El trabajo que realic\u00e9 en Artigas suscit\u00f3 el inter\u00e9s de varios reporteros trabajando en radio y televisi\u00f3n. \u00bfPor qu\u00e9 alguien de tan tan lejos podr\u00eda interesarse por \u00abel \u00faltimo departamento\u2026 el departamento olvidado del Uruguay\u00bb? Intent\u00e9 hacer lo mejor que pude por explicar mi prop\u00f3sito ling\u00fc\u00edstico en el departamento, [&hellip;]<\/p>\n","protected":false},"author":697,"featured_media":1046,"parent":11,"menu_order":1,"comment_status":"closed","ping_status":"closed","template":"full-width-page-template.php","meta":{"_acf_changed":false,"footnotes":""},"class_list":["post-64","page","type-page","status-publish","has-post-thumbnail","hentry"],"acf":[],"_links":{"self":[{"href":"https:\/\/dlf.uzh.ch\/sites\/claru\/wp-json\/wp\/v2\/pages\/64","targetHints":{"allow":["GET"]}}],"collection":[{"href":"https:\/\/dlf.uzh.ch\/sites\/claru\/wp-json\/wp\/v2\/pages"}],"about":[{"href":"https:\/\/dlf.uzh.ch\/sites\/claru\/wp-json\/wp\/v2\/types\/page"}],"author":[{"embeddable":true,"href":"https:\/\/dlf.uzh.ch\/sites\/claru\/wp-json\/wp\/v2\/users\/697"}],"replies":[{"embeddable":true,"href":"https:\/\/dlf.uzh.ch\/sites\/claru\/wp-json\/wp\/v2\/comments?post=64"}],"version-history":[{"count":11,"href":"https:\/\/dlf.uzh.ch\/sites\/claru\/wp-json\/wp\/v2\/pages\/64\/revisions"}],"predecessor-version":[{"id":1115,"href":"https:\/\/dlf.uzh.ch\/sites\/claru\/wp-json\/wp\/v2\/pages\/64\/revisions\/1115"}],"up":[{"embeddable":true,"href":"https:\/\/dlf.uzh.ch\/sites\/claru\/wp-json\/wp\/v2\/pages\/11"}],"wp:featuredmedia":[{"embeddable":true,"href":"https:\/\/dlf.uzh.ch\/sites\/claru\/wp-json\/wp\/v2\/media\/1046"}],"wp:attachment":[{"href":"https:\/\/dlf.uzh.ch\/sites\/claru\/wp-json\/wp\/v2\/media?parent=64"}],"curies":[{"name":"wp","href":"https:\/\/api.w.org\/{rel}","templated":true}]}}