{"id":532,"date":"2024-06-08T07:23:53","date_gmt":"2024-06-08T07:23:53","guid":{"rendered":"https:\/\/dlf.uzh.ch\/sites\/claru\/?page_id=532"},"modified":"2025-10-23T07:15:47","modified_gmt":"2025-10-23T07:15:47","slug":"political-border","status":"publish","type":"page","link":"https:\/\/dlf.uzh.ch\/sites\/claru\/en\/political-border\/","title":{"rendered":"Political border"},"content":{"rendered":"<div class=\"wpb-content-wrapper\">[vc_row][vc_column][vc_column_text css=\u00bb\u00bb]<span style=\"font-size: 14pt;\">The notion of border shares many similarities with what Anderson (1983\/2020) understands by \u201cimagined communities\u201d. Nation, like border, is a social construct that emerges from decisions that are taken largely at the political level. In the case of the border dividing the northern departments of Uruguay (Artigas, Rivera and Cerro Largo) with the Brazilian state of Rio Grande del Sur, the border can be considered \u201can imaginary line\u201d. In fact, what is currently known as northern Uruguay is, as Elizainc\u00edn (1987: 33) describes it, \u201cthe product of a constant diplomatic and military struggle between Spain and Portugal\u201d. The reasons for this situation, as well as the historical events that led to it, are numerous and can be consulted in the bibliographical references indicated below (cf. Carvalho 2003: 126 for historical references). However, it is worth mentioning two of the main measures taken by Uruguay to stop Portuguese expansion and to counteract the Portuguese-speaking presence here: the founding of cities on the border between 1853 and 1862, including those currently known as Artigas and Rivera; compulsory schooling and predominantly Spanish-based education (Coll 2009: 242-243; Elizainc\u00edn 1987: 39). This latter issue is crucial, because on the basis of the Ley de la Educaci\u00f3n Com\u00fan (Reglamento de Instrucci\u00f3n P\u00fablica) (Law of Common Education, Regulation of Public Instruction), promoted by Professor Jos\u00e9 Pedro Varela in 1877, education in the \u201cnational language\u201d was imposed in all educational centres across the country. While Portuguese was not eliminated entirely, it is true that it began to be seen as less prestigious. On the social level, this led to a situation of diglossia (Ferguson 1959; Fishman 1967; 1972) in which Spanish came to be the language of the educational system, among other functions, while the northern varieties of Portuguese in Uruguay were relegated to situations of communicative immediacy (cf. Koch\/Oesterreicher 2007), that is, mainly to family environments. It is, therefore, a young frontier if one compares it to the situation in the Iberian Peninsula, where the kingdoms were already delimited when linguistic development began (cf. Ossenkop 2012).<\/span><\/p>\n<p><span style=\"font-size: 14pt;\">The seminal work of Rona (1965) reported the presence of varieties of Portuguese in the north and paved the way for numerous subsequent studies (cf. Hensey 1972; Elizainc\u00edn \/ Behares 1981; Elizainc\u00edn \/ Behares \/ Barrios 1987; Elizainc\u00edn 1992; 2008; Carvalho 1998; 2003; 2007; among others) that in general have limited themselves to discussing (a) possible terms (fronterizo \u2013 border, Dialectos Portugueses del Uruguay \u2013 Portuguese dialects of Uruguay (DPU), Uruguayan Portuguese; cf. Brovetto 2014) and (b) different typological classifications (bilingual or mixed dialect, dialect within a pre-pidgin continuum, a dialectal diffusion continuum between rural Uruguayan Portuguese and urban Brazilian Portuguese; cf. Carvalho 2003: 127-129). Most authors agree with what Steffen and Steffen (2022: 199) point out: \u201c[\u2026], the Portuguese of the area lacks an established norm and shows a high degree of instability and variability\u201d.<\/span><\/p>\n<p><span style=\"font-size: 14pt;\">For more information see: Garrido S\u00e1nchez-Andrade, B\u00e1rbara (2023): \u201cLa frontera de Artigas (Uruguay): hacia una propuesta de c\u00f3mo abordar el estudio de perfiles socioling\u00fc\u00edsticos fronterizos\u201d, en:\u00a0<em>Revista Internacional de Ling\u00fc\u00edstica Iberoamericana XXI<\/em>, 2 (42), pp. 115-130, in addition to the following references:<\/span>[\/vc_column_text][\/vc_column][\/vc_row][vc_row][vc_column][vc_tta_accordion color=\u00bbmulled-wine\u00bb active_section=\u00bb1&#8243; collapsible_all=\u00bbtrue\u00bb][vc_tta_section title=\u00bbBibliography\u00bb tab_id=\u00bb1719650439228-06f81ba1-6858&#8243;][vc_column_text css=\u00bb\u00bb]\n<ul>\n<li>Anderson, Benedict (1983\/2020): \u201cImagined communities: reflections on the origin and spread of nationalism\u201d, in: The new social theory reader. London \/ New York: Routledge, 282-288.<\/li>\n<li>Brovetto, Claudia (2010): \u201cEducaci\u00f3n biling\u00fce de frontera y pol\u00edticas ling\u00fc\u00edsticas en Uruguay\u201d, in: Pro-Posi\u00e7\u00f5es 21(3), 25-43.<\/li>\n<li>Carvalho, Ana Maria (1998): The social distribution of Uruguayan Portuguese in a bilingual border town. Tesis doctoral: Berkeley, University of California.<\/li>\n<li>\u2014 (2003): \u201cRumo a uma defini\u00e7\u00e3o do portugu\u00eas uruguaio\u201d, in: Revista internacional de ling\u00fc\u00edstica iberoamericana, 1(2), 125-149.<\/li>\n<li>\u2014 (2007): \u201cDiagn\u00f3stico socioling\u00fc\u00edstico de comunidades escolares fronterizas en el norte de Uruguay\u201d, in: Brian, Nicol\u00e1s \/ Brovetto, Claudia \/ Geymonat, Javier: Portugu\u00e9s del Uruguay y educaci\u00f3n bil\u00edng\u00fce. Montevideo: ANEP-CEP, 49-98.<\/li>\n<li>Coll, Magdalena (2009): \u201cBiling\u00fcismo sem deglossia: o portugu\u00eas e o espanhol no norte do Uruguai no s\u00e9culo XIX\u201d, in: Carvalho, Ana Maria (ed.): Portugu\u00eas em contato. Madrid: Iberoamericana, 237-256.<\/li>\n<li>Ferguson, Charles (1959): \u201cDiglossia\u201d, in: WORD 15(2), 325-40.<\/li>\n<li>Fishman, Joshua (1967): \u201cBilingualism with and without Diglossia. Diglossia with and without Bilingualism\u201d, in: Journal of Social Issues 23(2), 29-38.<\/li>\n<li>\u2014 (1972): The Sociology of Language: An Interdisciplinary Social Science Approach to Language in Society. Rowley: Newbury House Publishers.<\/li>\n<li>Elizainc\u00edn, Adolfo (1992): Dialectos en contacto: espa\u00f1ol y portugu\u00e9s en Espa\u00f1a y Am\u00e9rica. Montevideo: Arca.<\/li>\n<li>\u2014 (2008): \u201cUruguay\u201d, in: Palacios Alcaine, Azucena (Ed.): El espa\u00f1ol en Am\u00e9rica: contactos ling\u00fc\u00edsticos en Hispanoam\u00e9rica (1. ed.). Barcelona: Ariel, 301-319.<\/li>\n<li>Elizainc\u00edn, Adolfo \/ Behares, Luis (1981): \u201cVariabilidad morfosint\u00e1ctica de los dialectos portugueses del Uruguay\u201d, in: Bolet\u00edn de Filolog\u00eda de la Universidad de Chile 31, 401.<\/li>\n<li>Elizainc\u00edn, Adolfo \/ Behares, Luis E. \/ Barrios, Graciela (1987): N\u00f3s falemo brasilero: dialectos portugueses en Uruguay. Montevideo: Amesur.<\/li>\n<li>Hensey, Frederick G. (1972): The sociolinguistics of the Brazilian-Uruguayan border (vol. 166). The Hague: Mouton.<\/li>\n<li>Koch, Peter \/ Wulf Oesterreicher (2011[1990]): Gesprochene Sprache in Der Romania: Franz\u00f6sisch, Italienisch, Spanisch. Berlin\/New York: De Gruyter.<\/li>\n<li>Labov, W. (1994): Principles of Linguistic Change. Oxford: UK: Blackwell.<\/li>\n<li>Ossenkop, Christina (2012): \u201cDie spanisch-portugiesische Sprachgrenze dies- und jenseits des Atlantiks. Vergleichende Betrachtung des Sprachkontakts im Grenzgebiet zwischen Uruguay und Brasilien sowie zwischen der spanischen Extremadura und den angrenzenden portugiesischen Regionen (Beira Baixa\/Alto Alentejo)\u201d, in: Dahmen, Wolfgang et al. (eds.): America Romana. Romanistisches Kolloquium XXVI. T\u00fcbingen: Narr Francke Attempto, 305-319.<\/li>\n<li>Rona, Juan P. (1965): El dialecto \u201cfronterizo\u201d del norte del Uruguay (vol. 20): Montevideo: Adolfo Linardi.<\/li>\n<li>Steffen, Joachim \/ Steffen, Martina (2022): \u201cAcerca de la variabilidad intraindividual del portugu\u00e9s uruguayo\u201d, in: Danler, Paul \/ Harjus, Jannis (eds.): Las lenguas de las Am\u00e9ricas \u2013 the languages of the Americas. Berlin: Logos, 199-217.<\/li>\n<\/ul>\n<p>For more references, click <a href=\"https:\/\/dlf.uzh.ch\/sites\/claru\/files\/2025\/10\/Bibliografia.pdf\">here<\/a>.[\/vc_column_text][\/vc_tta_section][\/vc_tta_accordion][\/vc_column][\/vc_row]\n<\/div>","protected":false},"excerpt":{"rendered":"<p>[vc_row][vc_column][vc_column_text css=\u00bb\u00bb]The notion of border shares many similarities with what Anderson (1983\/2020) understands by \u201cimagined communities\u201d. Nation, like border, is a social construct that emerges from decisions that are taken largely at the political level. In the case of the border dividing the northern departments of Uruguay (Artigas, Rivera and Cerro Largo) with the Brazilian [&hellip;]<\/p>\n","protected":false},"author":747,"featured_media":1210,"parent":0,"menu_order":0,"comment_status":"closed","ping_status":"closed","template":"full-width-page-template.php","meta":{"_acf_changed":false,"footnotes":""},"class_list":["post-532","page","type-page","status-publish","has-post-thumbnail","hentry"],"acf":[],"_links":{"self":[{"href":"https:\/\/dlf.uzh.ch\/sites\/claru\/wp-json\/wp\/v2\/pages\/532","targetHints":{"allow":["GET"]}}],"collection":[{"href":"https:\/\/dlf.uzh.ch\/sites\/claru\/wp-json\/wp\/v2\/pages"}],"about":[{"href":"https:\/\/dlf.uzh.ch\/sites\/claru\/wp-json\/wp\/v2\/types\/page"}],"author":[{"embeddable":true,"href":"https:\/\/dlf.uzh.ch\/sites\/claru\/wp-json\/wp\/v2\/users\/747"}],"replies":[{"embeddable":true,"href":"https:\/\/dlf.uzh.ch\/sites\/claru\/wp-json\/wp\/v2\/comments?post=532"}],"version-history":[{"count":7,"href":"https:\/\/dlf.uzh.ch\/sites\/claru\/wp-json\/wp\/v2\/pages\/532\/revisions"}],"predecessor-version":[{"id":1403,"href":"https:\/\/dlf.uzh.ch\/sites\/claru\/wp-json\/wp\/v2\/pages\/532\/revisions\/1403"}],"wp:featuredmedia":[{"embeddable":true,"href":"https:\/\/dlf.uzh.ch\/sites\/claru\/wp-json\/wp\/v2\/media\/1210"}],"wp:attachment":[{"href":"https:\/\/dlf.uzh.ch\/sites\/claru\/wp-json\/wp\/v2\/media?parent=532"}],"curies":[{"name":"wp","href":"https:\/\/api.w.org\/{rel}","templated":true}]}}

<div class="wpb-content-wrapper">[vc_row][vc_column][vc_column_text css=»»]<span style="font-size: 14pt;">The notion of border shares many similarities with what Anderson (1983/2020) understands by “imagined communities”. Nation, like border, is a social construct that emerges from decisions that are taken largely at the political level. In the case of the border dividing the northern departments of Uruguay (Artigas, Rivera and Cerro Largo) with the Brazilian state of Rio Grande del Sur, the border can be considered “an imaginary line”. In fact, what is currently known as northern Uruguay is, as Elizaincín (1987: 33) describes it, “the product of a constant diplomatic and military struggle between Spain and Portugal”. The reasons for this situation, as well as the historical events that led to it, are numerous and can be consulted in the bibliographical references indicated below (cf. Carvalho 2003: 126 for historical references). However, it is worth mentioning two of the main measures taken by Uruguay to stop Portuguese expansion and to counteract the Portuguese-speaking presence here: the founding of cities on the border between 1853 and 1862, including those currently known as Artigas and Rivera; compulsory schooling and predominantly Spanish-based education (Coll 2009: 242-243; Elizaincín 1987: 39). This latter issue is crucial, because on the basis of the Ley de la Educación Común (Reglamento de Instrucción Pública) (Law of Common Education, Regulation of Public Instruction), promoted by Professor José Pedro Varela in 1877, education in the “national language” was imposed in all educational centres across the country. While Portuguese was not eliminated entirely, it is true that it began to be seen as less prestigious. On the social level, this led to a situation of diglossia (Ferguson 1959; Fishman 1967; 1972) in which Spanish came to be the language of the educational system, among other functions, while the northern varieties of Portuguese in Uruguay were relegated to situations of communicative immediacy (cf. Koch/Oesterreicher 2007), that is, mainly to family environments. It is, therefore, a young frontier if one compares it to the situation in the Iberian Peninsula, where the kingdoms were already delimited when linguistic development began (cf. Ossenkop 2012).</span></p>
<p><span style="font-size: 14pt;">The seminal work of Rona (1965) reported the presence of varieties of Portuguese in the north and paved the way for numerous subsequent studies (cf. Hensey 1972; Elizaincín / Behares 1981; Elizaincín / Behares / Barrios 1987; Elizaincín 1992; 2008; Carvalho 1998; 2003; 2007; among others) that in general have limited themselves to discussing (a) possible terms (fronterizo – border, Dialectos Portugueses del Uruguay – Portuguese dialects of Uruguay (DPU), Uruguayan Portuguese; cf. Brovetto 2014) and (b) different typological classifications (bilingual or mixed dialect, dialect within a pre-pidgin continuum, a dialectal diffusion continuum between rural Uruguayan Portuguese and urban Brazilian Portuguese; cf. Carvalho 2003: 127-129). Most authors agree with what Steffen and Steffen (2022: 199) point out: “[…], the Portuguese of the area lacks an established norm and shows a high degree of instability and variability”.</span></p>
<p><span style="font-size: 14pt;">For more information see: Garrido Sánchez-Andrade, Bárbara (2023): “La frontera de Artigas (Uruguay): hacia una propuesta de cómo abordar el estudio de perfiles sociolingüísticos fronterizos”, en: <em>Revista Internacional de Lingüística Iberoamericana XXI</em>, 2 (42), pp. 115-130, in addition to the following references:</span>[/vc_column_text][/vc_column][/vc_row][vc_row][vc_column][vc_tta_accordion color=»mulled-wine» active_section=»1&#8243; collapsible_all=»true»][vc_tta_section title=»Bibliography» tab_id=»1719650439228-06f81ba1-6858&#8243;][vc_column_text css=»»]
<ul>
<li>Anderson, Benedict (1983/2020): “Imagined communities: reflections on the origin and spread of nationalism”, in: The new social theory reader. London / New York: Routledge, 282-288.</li>
<li>Brovetto, Claudia (2010): “Educación bilingüe de frontera y políticas lingüísticas en Uruguay”, in: Pro-Posições 21(3), 25-43.</li>
<li>Carvalho, Ana Maria (1998): The social distribution of Uruguayan Portuguese in a bilingual border town. Tesis doctoral: Berkeley, University of California.</li>
<li>— (2003): “Rumo a uma definição do português uruguaio”, in: Revista internacional de lingüística iberoamericana, 1(2), 125-149.</li>
<li>— (2007): “Diagnóstico sociolingüístico de comunidades escolares fronterizas en el norte de Uruguay”, in: Brian, Nicolás / Brovetto, Claudia / Geymonat, Javier: Portugués del Uruguay y educación bilíngüe. Montevideo: ANEP-CEP, 49-98.</li>
<li>Coll, Magdalena (2009): “Bilingüismo sem deglossia: o português e o espanhol no norte do Uruguai no século XIX”, in: Carvalho, Ana Maria (ed.): Português em contato. Madrid: Iberoamericana, 237-256.</li>
<li>Ferguson, Charles (1959): “Diglossia”, in: WORD 15(2), 325-40.</li>
<li>Fishman, Joshua (1967): “Bilingualism with and without Diglossia. Diglossia with and without Bilingualism”, in: Journal of Social Issues 23(2), 29-38.</li>
<li>— (1972): The Sociology of Language: An Interdisciplinary Social Science Approach to Language in Society. Rowley: Newbury House Publishers.</li>
<li>Elizaincín, Adolfo (1992): Dialectos en contacto: español y portugués en España y América. Montevideo: Arca.</li>
<li>— (2008): “Uruguay”, in: Palacios Alcaine, Azucena (Ed.): El español en América: contactos lingüísticos en Hispanoamérica (1. ed.). Barcelona: Ariel, 301-319.</li>
<li>Elizaincín, Adolfo / Behares, Luis (1981): “Variabilidad morfosintáctica de los dialectos portugueses del Uruguay”, in: Boletín de Filología de la Universidad de Chile 31, 401.</li>
<li>Elizaincín, Adolfo / Behares, Luis E. / Barrios, Graciela (1987): Nós falemo brasilero: dialectos portugueses en Uruguay. Montevideo: Amesur.</li>
<li>Hensey, Frederick G. (1972): The sociolinguistics of the Brazilian-Uruguayan border (vol. 166). The Hague: Mouton.</li>
<li>Koch, Peter / Wulf Oesterreicher (2011[1990]): Gesprochene Sprache in Der Romania: Französisch, Italienisch, Spanisch. Berlin/New York: De Gruyter.</li>
<li>Labov, W. (1994): Principles of Linguistic Change. Oxford: UK: Blackwell.</li>
<li>Ossenkop, Christina (2012): “Die spanisch-portugiesische Sprachgrenze dies- und jenseits des Atlantiks. Vergleichende Betrachtung des Sprachkontakts im Grenzgebiet zwischen Uruguay und Brasilien sowie zwischen der spanischen Extremadura und den angrenzenden portugiesischen Regionen (Beira Baixa/Alto Alentejo)”, in: Dahmen, Wolfgang et al. (eds.): America Romana. Romanistisches Kolloquium XXVI. Tübingen: Narr Francke Attempto, 305-319.</li>
<li>Rona, Juan P. (1965): El dialecto “fronterizo” del norte del Uruguay (vol. 20): Montevideo: Adolfo Linardi.</li>
<li>Steffen, Joachim / Steffen, Martina (2022): “Acerca de la variabilidad intraindividual del portugués uruguayo”, in: Danler, Paul / Harjus, Jannis (eds.): Las lenguas de las Américas – the languages of the Americas. Berlin: Logos, 199-217.</li>
</ul>
<p>For more references, click <a href="https://dlf.uzh.ch/sites/claru/files/2025/10/Bibliografia.pdf">here</a>.[/vc_column_text][/vc_tta_section][/vc_tta_accordion][/vc_column][/vc_row]
</div>
