{"id":495,"date":"2024-06-07T21:43:30","date_gmt":"2024-06-07T21:43:30","guid":{"rendered":"https:\/\/dlf.uzh.ch\/sites\/claru\/?page_id=495"},"modified":"2024-06-29T07:53:26","modified_gmt":"2024-06-29T07:53:26","slug":"artigas-urbano","status":"publish","type":"page","link":"https:\/\/dlf.uzh.ch\/sites\/claru\/artigas-urbano\/","title":{"rendered":"Artigas Urbano"},"content":{"rendered":"<div class=\"wpb-content-wrapper\">[vc_row][vc_column width=\u00bb1\/2&#8243;][vc_gmaps link=\u00bb#E-8_JTNDaWZyYW1lJTIwc3JjJTNEJTIyaHR0cHMlM0ElMkYlMkZ3d3cuZ29vZ2xlLmNvbSUyRm1hcHMlMkZlbWJlZCUzRnBiJTNEJTIxMW0xOCUyMTFtMTIlMjExbTMlMjExZDI3NTI4LjAyMzU5NDc3NzU5JTIxMmQtNTYuNDcxNTQzMTUlMjEzZC0zMC40MDc2NTgyJTIxMm0zJTIxMWYwJTIxMmYwJTIxM2YwJTIxM20yJTIxMWkxMDI0JTIxMmk3NjglMjE0ZjEzLjElMjEzbTMlMjExbTIlMjExczB4OTVhYjBiODc2MzAwMTFlMyUyNTNBMHhhN2I5OGQ1NjI3ODk4MmM5JTIxMnM1NTAwMCUyNTIwQXJ0aWdhcyUyNTJDJTI1MjBEZXBhcnRhbWVudG8lMjUyMGRlJTI1MjBBcnRpZ2FzJTI1MkMlMjUyMFVydWd1YXklMjE1ZTAlMjEzbTIlMjExc2VzJTIxMnNjaCUyMTR2MTcxODg3MDQyNDcxMCUyMTVtMiUyMTFzZXMlMjEyc2NoJTIyJTIwd2lkdGglM0QlMjI2MDAlMjIlMjBoZWlnaHQlM0QlMjI0NTAlMjIlMjBzdHlsZSUzRCUyMmJvcmRlciUzQTAlM0IlMjIlMjBhbGxvd2Z1bGxzY3JlZW4lM0QlMjIlMjIlMjBsb2FkaW5nJTNEJTIybGF6eSUyMiUyMHJlZmVycmVycG9saWN5JTNEJTIybm8tcmVmZXJyZXItd2hlbi1kb3duZ3JhZGUlMjIlM0UlM0MlMkZpZnJhbWUlM0U=\u00bb css=\u00bb\u00bb][\/vc_column][vc_column width=\u00bb1\/2&#8243;][vc_column_text css=\u00bb\u00bb]<span style=\"font-size: 14pt\">La ciudad de Artigas es la capital del departamento hom\u00f3nimo y tiene una poblaci\u00f3n que sobrepasa los cuarenta mil habitantes (dentro de la propia ciudad). Artigas es conocida por sus canteras de piedras amatistas y las exporta incluso a pa\u00edses como Rusia. A pesar de ello, dentro de Uruguay, el departamento es uno con las mayores carencias a nivel econ\u00f3mico y sus habitantes se sienten los moradores de un \u201cdepartamento olvidado\u201d.<\/span>[\/vc_column_text][\/vc_column][\/vc_row][vc_row][vc_column][vc_column_text css=\u00bb\u00bb]<span style=\"font-size: 14pt\">Desde un punto de vista ling\u00fc\u00edstico, la situaci\u00f3n ha cambiado mucho, especialmente desde los a\u00f1os ochenta y noventa del siglo pasado, durante los cuales se encontraba, sin mayor dificultad, a hablantes que se prestasen a hablar en su variedad fronteriza (a modo de referencia, puede consultarse por ejemplo el proyecto del Atlas Diat\u00f3pico y Diastr\u00e1tico del Uruguay \u2013 Norte; los trabajos del Profesor Adolfo Elizainc\u00edn o los m\u00e1s recientes de la Profesora Ana Maria Carvalho). Hoy en d\u00eda, son pocos los hablantes que mantienen y transmiten a las generaciones venideras su variedad fronteriza. Para la primera generaci\u00f3n, es decir, la que tiene aproximadamente entre dieciocho y treinta y cuatro a\u00f1os, las oportunidades laborales son muy escasas o pr\u00e1cticamente inexistentes, por lo que en la mayor\u00eda de casos se ven obligados a dejar el departamento con la esperanza de labrar un futuro mejor en la capital o en otros de los departamentos del pa\u00eds. Esto conduce a una despoblaci\u00f3n entre los j\u00f3venes adultos y, por tanto, a una irremediable ruptura de la transmisi\u00f3n del habla de la frontera como una \u00abvariedad de herencia\u00bb, i.e. como un habla que se transmite de generaci\u00f3n en generaci\u00f3n y que es muy propio de la comunidad de habla en cuesti\u00f3n.<\/span><\/p>\n<p><span style=\"font-size: 14pt\">El siguiente factor que diferencia el \u00e1rea rural investigada de esta zona urbana es que la escolarizaci\u00f3n se da y mantiene consecuentemente en espa\u00f1ol, lo cual ha conducido a que dicha lengua pase incluso a hablarse en pr\u00e1cticamente todos los \u00e1mbitos privados y esto, por supuesto, en detrimento de las variedades fronterizas.<\/span><\/p>\n<p><span style=\"font-size: 14pt\">La ciudad de Artigas, del lado uruguayo, y la de Quara\u00ed, del lado brasile\u00f1o, est\u00e1n separadas por un puente de una extensi\u00f3n de setecientos cincuenta metros. Los habitantes transitan con total libertad entre una y otra ciudad, trayendo consigo de vuelta palabras y expresiones en portugu\u00e9s. Sin embargo, cabe hacer una (muy importante) diferenciaci\u00f3n entre lo que es el habla de la frontera heredada como lengua de herencia pasada de generaci\u00f3n en generaci\u00f3n y lo que es el habla de la frontera que surge como lengua de contacto por el hecho de estar inmersos en una realidad geogr\u00e1fica de frontera. Dentro del marco del presente trabajo de investigaci\u00f3n, se tiene en cuenta la variedad transmitida de generaci\u00f3n en generaci\u00f3n, no el conjunto de expresiones que un hablante pueda haber incorporado y acumulado a lo largo de los a\u00f1os en su habla por vivir en dicho espacio. El primer tipo de hablantes es, como ya se ha dicho, cada vez m\u00e1s escaso y dif\u00edcil de encontrar debido a la fuerte estigmatizaci\u00f3n que se conoce en torno a estas variedades.<\/span><\/p>\n<p><span style=\"font-size: 14pt\">Existen algunos barrios o entornos suburbanos, como el barrio Ayu\u00ed, Rampla o Cala, en los que la variedad fronteriza de Artigas contin\u00faa teniendo vitalidad. Sin embargo, tambi\u00e9n aqu\u00ed se plantea la pregunta de si se trata de una cuesti\u00f3n de generaciones hasta que tambi\u00e9n aqu\u00ed deje de ser escuchada en el fondo de las cocinas o durante los partidos de f\u00fatbol.<\/span>[\/vc_column_text][\/vc_column][\/vc_row]\n<\/div>","protected":false},"excerpt":{"rendered":"<p>[vc_row][vc_column width=\u00bb1\/2&#8243;][vc_gmaps link=\u00bb#E-8_JTNDaWZyYW1lJTIwc3JjJTNEJTIyaHR0cHMlM0ElMkYlMkZ3d3cuZ29vZ2xlLmNvbSUyRm1hcHMlMkZlbWJlZCUzRnBiJTNEJTIxMW0xOCUyMTFtMTIlMjExbTMlMjExZDI3NTI4LjAyMzU5NDc3NzU5JTIxMmQtNTYuNDcxNTQzMTUlMjEzZC0zMC40MDc2NTgyJTIxMm0zJTIxMWYwJTIxMmYwJTIxM2YwJTIxM20yJTIxMWkxMDI0JTIxMmk3NjglMjE0ZjEzLjElMjEzbTMlMjExbTIlMjExczB4OTVhYjBiODc2MzAwMTFlMyUyNTNBMHhhN2I5OGQ1NjI3ODk4MmM5JTIxMnM1NTAwMCUyNTIwQXJ0aWdhcyUyNTJDJTI1MjBEZXBhcnRhbWVudG8lMjUyMGRlJTI1MjBBcnRpZ2FzJTI1MkMlMjUyMFVydWd1YXklMjE1ZTAlMjEzbTIlMjExc2VzJTIxMnNjaCUyMTR2MTcxODg3MDQyNDcxMCUyMTVtMiUyMTFzZXMlMjEyc2NoJTIyJTIwd2lkdGglM0QlMjI2MDAlMjIlMjBoZWlnaHQlM0QlMjI0NTAlMjIlMjBzdHlsZSUzRCUyMmJvcmRlciUzQTAlM0IlMjIlMjBhbGxvd2Z1bGxzY3JlZW4lM0QlMjIlMjIlMjBsb2FkaW5nJTNEJTIybGF6eSUyMiUyMHJlZmVycmVycG9saWN5JTNEJTIybm8tcmVmZXJyZXItd2hlbi1kb3duZ3JhZGUlMjIlM0UlM0MlMkZpZnJhbWUlM0U=\u00bb css=\u00bb\u00bb][\/vc_column][vc_column width=\u00bb1\/2&#8243;][vc_column_text css=\u00bb\u00bb]La ciudad de Artigas es la capital del departamento hom\u00f3nimo y tiene una poblaci\u00f3n que sobrepasa los cuarenta mil habitantes (dentro de la propia ciudad). Artigas es conocida por sus canteras de piedras amatistas y las exporta incluso a pa\u00edses como Rusia. A pesar de ello, dentro de Uruguay, el [&hellip;]<\/p>\n","protected":false},"author":747,"featured_media":1004,"parent":0,"menu_order":0,"comment_status":"closed","ping_status":"closed","template":"full-width-page-template.php","meta":{"_acf_changed":false,"footnotes":""},"class_list":["post-495","page","type-page","status-publish","has-post-thumbnail","hentry"],"acf":[],"_links":{"self":[{"href":"https:\/\/dlf.uzh.ch\/sites\/claru\/wp-json\/wp\/v2\/pages\/495","targetHints":{"allow":["GET"]}}],"collection":[{"href":"https:\/\/dlf.uzh.ch\/sites\/claru\/wp-json\/wp\/v2\/pages"}],"about":[{"href":"https:\/\/dlf.uzh.ch\/sites\/claru\/wp-json\/wp\/v2\/types\/page"}],"author":[{"embeddable":true,"href":"https:\/\/dlf.uzh.ch\/sites\/claru\/wp-json\/wp\/v2\/users\/747"}],"replies":[{"embeddable":true,"href":"https:\/\/dlf.uzh.ch\/sites\/claru\/wp-json\/wp\/v2\/comments?post=495"}],"version-history":[{"count":4,"href":"https:\/\/dlf.uzh.ch\/sites\/claru\/wp-json\/wp\/v2\/pages\/495\/revisions"}],"predecessor-version":[{"id":1087,"href":"https:\/\/dlf.uzh.ch\/sites\/claru\/wp-json\/wp\/v2\/pages\/495\/revisions\/1087"}],"wp:featuredmedia":[{"embeddable":true,"href":"https:\/\/dlf.uzh.ch\/sites\/claru\/wp-json\/wp\/v2\/media\/1004"}],"wp:attachment":[{"href":"https:\/\/dlf.uzh.ch\/sites\/claru\/wp-json\/wp\/v2\/media?parent=495"}],"curies":[{"name":"wp","href":"https:\/\/api.w.org\/{rel}","templated":true}]}}

<div class="wpb-content-wrapper">[vc_row][vc_column width=»1/2&#8243;][vc_gmaps link=»#E-8_JTNDaWZyYW1lJTIwc3JjJTNEJTIyaHR0cHMlM0ElMkYlMkZ3d3cuZ29vZ2xlLmNvbSUyRm1hcHMlMkZlbWJlZCUzRnBiJTNEJTIxMW0xOCUyMTFtMTIlMjExbTMlMjExZDI3NTI4LjAyMzU5NDc3NzU5JTIxMmQtNTYuNDcxNTQzMTUlMjEzZC0zMC40MDc2NTgyJTIxMm0zJTIxMWYwJTIxMmYwJTIxM2YwJTIxM20yJTIxMWkxMDI0JTIxMmk3NjglMjE0ZjEzLjElMjEzbTMlMjExbTIlMjExczB4OTVhYjBiODc2MzAwMTFlMyUyNTNBMHhhN2I5OGQ1NjI3ODk4MmM5JTIxMnM1NTAwMCUyNTIwQXJ0aWdhcyUyNTJDJTI1MjBEZXBhcnRhbWVudG8lMjUyMGRlJTI1MjBBcnRpZ2FzJTI1MkMlMjUyMFVydWd1YXklMjE1ZTAlMjEzbTIlMjExc2VzJTIxMnNjaCUyMTR2MTcxODg3MDQyNDcxMCUyMTVtMiUyMTFzZXMlMjEyc2NoJTIyJTIwd2lkdGglM0QlMjI2MDAlMjIlMjBoZWlnaHQlM0QlMjI0NTAlMjIlMjBzdHlsZSUzRCUyMmJvcmRlciUzQTAlM0IlMjIlMjBhbGxvd2Z1bGxzY3JlZW4lM0QlMjIlMjIlMjBsb2FkaW5nJTNEJTIybGF6eSUyMiUyMHJlZmVycmVycG9saWN5JTNEJTIybm8tcmVmZXJyZXItd2hlbi1kb3duZ3JhZGUlMjIlM0UlM0MlMkZpZnJhbWUlM0U=» css=»»][/vc_column][vc_column width=»1/2&#8243;][vc_column_text css=»»]<span style="font-size: 14pt">La ciudad de Artigas es la capital del departamento homónimo y tiene una población que sobrepasa los cuarenta mil habitantes (dentro de la propia ciudad). Artigas es conocida por sus canteras de piedras amatistas y las exporta incluso a países como Rusia. A pesar de ello, dentro de Uruguay, el departamento es uno con las mayores carencias a nivel económico y sus habitantes se sienten los moradores de un “departamento olvidado”.</span>[/vc_column_text][/vc_column][/vc_row][vc_row][vc_column][vc_column_text css=»»]<span style="font-size: 14pt">Desde un punto de vista lingüístico, la situación ha cambiado mucho, especialmente desde los años ochenta y noventa del siglo pasado, durante los cuales se encontraba, sin mayor dificultad, a hablantes que se prestasen a hablar en su variedad fronteriza (a modo de referencia, puede consultarse por ejemplo el proyecto del Atlas Diatópico y Diastrático del Uruguay – Norte; los trabajos del Profesor Adolfo Elizaincín o los más recientes de la Profesora Ana Maria Carvalho). Hoy en día, son pocos los hablantes que mantienen y transmiten a las generaciones venideras su variedad fronteriza. Para la primera generación, es decir, la que tiene aproximadamente entre dieciocho y treinta y cuatro años, las oportunidades laborales son muy escasas o prácticamente inexistentes, por lo que en la mayoría de casos se ven obligados a dejar el departamento con la esperanza de labrar un futuro mejor en la capital o en otros de los departamentos del país. Esto conduce a una despoblación entre los jóvenes adultos y, por tanto, a una irremediable ruptura de la transmisión del habla de la frontera como una «variedad de herencia», i.e. como un habla que se transmite de generación en generación y que es muy propio de la comunidad de habla en cuestión.</span></p>
<p><span style="font-size: 14pt">El siguiente factor que diferencia el área rural investigada de esta zona urbana es que la escolarización se da y mantiene consecuentemente en español, lo cual ha conducido a que dicha lengua pase incluso a hablarse en prácticamente todos los ámbitos privados y esto, por supuesto, en detrimento de las variedades fronterizas.</span></p>
<p><span style="font-size: 14pt">La ciudad de Artigas, del lado uruguayo, y la de Quaraí, del lado brasileño, están separadas por un puente de una extensión de setecientos cincuenta metros. Los habitantes transitan con total libertad entre una y otra ciudad, trayendo consigo de vuelta palabras y expresiones en portugués. Sin embargo, cabe hacer una (muy importante) diferenciación entre lo que es el habla de la frontera heredada como lengua de herencia pasada de generación en generación y lo que es el habla de la frontera que surge como lengua de contacto por el hecho de estar inmersos en una realidad geográfica de frontera. Dentro del marco del presente trabajo de investigación, se tiene en cuenta la variedad transmitida de generación en generación, no el conjunto de expresiones que un hablante pueda haber incorporado y acumulado a lo largo de los años en su habla por vivir en dicho espacio. El primer tipo de hablantes es, como ya se ha dicho, cada vez más escaso y difícil de encontrar debido a la fuerte estigmatización que se conoce en torno a estas variedades.</span></p>
<p><span style="font-size: 14pt">Existen algunos barrios o entornos suburbanos, como el barrio Ayuí, Rampla o Cala, en los que la variedad fronteriza de Artigas continúa teniendo vitalidad. Sin embargo, también aquí se plantea la pregunta de si se trata de una cuestión de generaciones hasta que también aquí deje de ser escuchada en el fondo de las cocinas o durante los partidos de fútbol.</span>[/vc_column_text][/vc_column][/vc_row]
</div>

<p>[vc_row][vc_column width=»1/2&#8243;][vc_gmaps link=»#E-8_JTNDaWZyYW1lJTIwc3JjJTNEJTIyaHR0cHMlM0ElMkYlMkZ3d3cuZ29vZ2xlLmNvbSUyRm1hcHMlMkZlbWJlZCUzRnBiJTNEJTIxMW0xOCUyMTFtMTIlMjExbTMlMjExZDI3NTI4LjAyMzU5NDc3NzU5JTIxMmQtNTYuNDcxNTQzMTUlMjEzZC0zMC40MDc2NTgyJTIxMm0zJTIxMWYwJTIxMmYwJTIxM2YwJTIxM20yJTIxMWkxMDI0JTIxMmk3NjglMjE0ZjEzLjElMjEzbTMlMjExbTIlMjExczB4OTVhYjBiODc2MzAwMTFlMyUyNTNBMHhhN2I5OGQ1NjI3ODk4MmM5JTIxMnM1NTAwMCUyNTIwQXJ0aWdhcyUyNTJDJTI1MjBEZXBhcnRhbWVudG8lMjUyMGRlJTI1MjBBcnRpZ2FzJTI1MkMlMjUyMFVydWd1YXklMjE1ZTAlMjEzbTIlMjExc2VzJTIxMnNjaCUyMTR2MTcxODg3MDQyNDcxMCUyMTVtMiUyMTFzZXMlMjEyc2NoJTIyJTIwd2lkdGglM0QlMjI2MDAlMjIlMjBoZWlnaHQlM0QlMjI0NTAlMjIlMjBzdHlsZSUzRCUyMmJvcmRlciUzQTAlM0IlMjIlMjBhbGxvd2Z1bGxzY3JlZW4lM0QlMjIlMjIlMjBsb2FkaW5nJTNEJTIybGF6eSUyMiUyMHJlZmVycmVycG9saWN5JTNEJTIybm8tcmVmZXJyZXItd2hlbi1kb3duZ3JhZGUlMjIlM0UlM0MlMkZpZnJhbWUlM0U=» css=»»][/vc_column][vc_column width=»1/2&#8243;][vc_column_text css=»»]La ciudad de Artigas es la capital del departamento homónimo y tiene una población que sobrepasa los cuarenta mil habitantes (dentro de la propia ciudad). Artigas es conocida por sus canteras de piedras amatistas y las exporta incluso a países como Rusia. A pesar de ello, dentro de Uruguay, el [&hellip;]</p>
