{"id":28,"date":"2023-06-04T10:52:37","date_gmt":"2023-06-04T10:52:37","guid":{"rendered":"https:\/\/dlf.uzh.ch\/sites\/cihle13\/?page_id=28"},"modified":"2024-06-14T11:48:13","modified_gmt":"2024-06-14T11:48:13","slug":"inicio","status":"publish","type":"page","link":"https:\/\/dlf.uzh.ch\/sites\/cihle13\/","title":{"rendered":"Presentaci\u00f3n"},"content":{"rendered":"<div class=\"wpb-content-wrapper\"><p>[vc_row][vc_column][vc_column_text css_animation=\u00bbfadeInDown\u00bb]El <em>XIII Congreso Internacional de Historia de la Lengua Espa\u00f1ola<\/em>, auspiciado por la Asociaci\u00f3n de Historia de la Lengua Espa\u00f1ola (AHLE), tendr\u00e1 lugar en Suiza, en la Universidad de Z\u00farich, del\u00a0<strong>1 al 4 de julio de 2024<\/strong>. Llamamos a participar activamente en el congreso a los miembros de la Asociaci\u00f3n de Historia de la Lengua Espa\u00f1ola (AHLE), as\u00ed como a todos investigadores interesados en los estudios diacr\u00f3nicos del espa\u00f1ol.<\/p>\n<p>[\/vc_column_text][\/vc_column][\/vc_row][vc_row][vc_column][vc_column_text css=\u00bb\u00bb]<\/p>\n<h2>Fechas importantes<\/h2>\n<p>Inscripci\u00f3n: entre el 15 de febrero y el 31 de mayo de 2024.<\/p>\n<p>[\/vc_column_text][\/vc_column][\/vc_row]<\/p>\n<\/div>","protected":false},"excerpt":{"rendered":"<p>[vc_row][vc_column][vc_column_text css_animation=\u00bbfadeInDown\u00bb]El XIII Congreso Internacional de Historia de la Lengua Espa\u00f1ola, auspiciado por la Asociaci\u00f3n de Historia de la Lengua Espa\u00f1ola (AHLE), tendr\u00e1 lugar en&hellip;<\/p>\n","protected":false},"author":794,"featured_media":0,"parent":0,"menu_order":0,"comment_status":"closed","ping_status":"closed","template":"","meta":{"footnotes":""},"class_list":["post-28","page","type-page","status-publish","hentry"],"_links":{"self":[{"href":"https:\/\/dlf.uzh.ch\/sites\/cihle13\/wp-json\/wp\/v2\/pages\/28","targetHints":{"allow":["GET"]}}],"collection":[{"href":"https:\/\/dlf.uzh.ch\/sites\/cihle13\/wp-json\/wp\/v2\/pages"}],"about":[{"href":"https:\/\/dlf.uzh.ch\/sites\/cihle13\/wp-json\/wp\/v2\/types\/page"}],"author":[{"embeddable":true,"href":"https:\/\/dlf.uzh.ch\/sites\/cihle13\/wp-json\/wp\/v2\/users\/794"}],"replies":[{"embeddable":true,"href":"https:\/\/dlf.uzh.ch\/sites\/cihle13\/wp-json\/wp\/v2\/comments?post=28"}],"version-history":[{"count":10,"href":"https:\/\/dlf.uzh.ch\/sites\/cihle13\/wp-json\/wp\/v2\/pages\/28\/revisions"}],"predecessor-version":[{"id":455,"href":"https:\/\/dlf.uzh.ch\/sites\/cihle13\/wp-json\/wp\/v2\/pages\/28\/revisions\/455"}],"wp:attachment":[{"href":"https:\/\/dlf.uzh.ch\/sites\/cihle13\/wp-json\/wp\/v2\/media?parent=28"}],"curies":[{"name":"wp","href":"https:\/\/api.w.org\/{rel}","templated":true}]}}