{"id":15,"date":"2022-10-27T15:54:15","date_gmt":"2022-10-27T13:54:15","guid":{"rendered":"https:\/\/dlf.uzh.ch\/sites\/cbleor\/?page_id=15"},"modified":"2022-11-03T12:05:02","modified_gmt":"2022-11-03T11:05:02","slug":"comite-organizador","status":"publish","type":"page","link":"https:\/\/dlf.uzh.ch\/sites\/cbleor\/comite-organizador\/","title":{"rendered":"Comit\u00e9 organizador"},"content":{"rendered":"\n<p>Cristina Bleor\u021bu, Universit\u00e4t Z\u00fcrich<\/p>\n\n\n\n<p>Senta Zeugin, Universit\u00e4t Z\u00fcrich<\/p>\n\n\n\n<p>Yoselin Henriques Pestana, Universit\u00e4t Z\u00fcrich<\/p>\n","protected":false},"excerpt":{"rendered":"<p>Cristina Bleor\u021bu, Universit\u00e4t Z\u00fcrich Senta Zeugin, Universit\u00e4t Z\u00fcrich Yoselin Henriques Pestana, Universit\u00e4t Z\u00fcrich<\/p>\n","protected":false},"author":794,"featured_media":0,"parent":0,"menu_order":0,"comment_status":"closed","ping_status":"closed","template":"","meta":{"footnotes":""},"class_list":["post-15","page","type-page","status-publish","hentry"],"_links":{"self":[{"href":"https:\/\/dlf.uzh.ch\/sites\/cbleor\/wp-json\/wp\/v2\/pages\/15","targetHints":{"allow":["GET"]}}],"collection":[{"href":"https:\/\/dlf.uzh.ch\/sites\/cbleor\/wp-json\/wp\/v2\/pages"}],"about":[{"href":"https:\/\/dlf.uzh.ch\/sites\/cbleor\/wp-json\/wp\/v2\/types\/page"}],"author":[{"embeddable":true,"href":"https:\/\/dlf.uzh.ch\/sites\/cbleor\/wp-json\/wp\/v2\/users\/794"}],"replies":[{"embeddable":true,"href":"https:\/\/dlf.uzh.ch\/sites\/cbleor\/wp-json\/wp\/v2\/comments?post=15"}],"version-history":[{"count":9,"href":"https:\/\/dlf.uzh.ch\/sites\/cbleor\/wp-json\/wp\/v2\/pages\/15\/revisions"}],"predecessor-version":[{"id":165,"href":"https:\/\/dlf.uzh.ch\/sites\/cbleor\/wp-json\/wp\/v2\/pages\/15\/revisions\/165"}],"wp:attachment":[{"href":"https:\/\/dlf.uzh.ch\/sites\/cbleor\/wp-json\/wp\/v2\/media?parent=15"}],"curies":[{"name":"wp","href":"https:\/\/api.w.org\/{rel}","templated":true}]}}