{"id":12,"date":"2022-10-27T15:54:15","date_gmt":"2022-10-27T13:54:15","guid":{"rendered":"https:\/\/dlf.uzh.ch\/sites\/cbleor\/?page_id=12"},"modified":"2022-12-07T17:10:30","modified_gmt":"2022-12-07T16:10:30","slug":"circular","status":"publish","type":"page","link":"https:\/\/dlf.uzh.ch\/sites\/cbleor\/circular\/","title":{"rendered":"Env\u00edo de propuestas"},"content":{"rendered":"\n<p>El coloquio tendr\u00e1 lugar en persona el 28 de abril de 2023 en la Universidad de Z\u00farich y propone dar visibilidad a la investigaci\u00f3n actual del contacto ling\u00fc\u00edstico entre el rumano y las lenguas iberorrom\u00e1nicas en la pen\u00ednsula ib\u00e9rica. Asimismo, se quiere crear un espacio de discusi\u00f3n libre entre investigadores expertos e investigadores j\u00f3venes pensado para facilitar el intercambio de ideas y el debate de cuestiones recurrentes en el estudio del contacto ling\u00fc\u00edstico.<\/p>\n\n\n\n<p>Con este fin se invita prioritariamente a investigadores j\u00f3venes (doctorandos y posdoctorandos) que trabajen sobre temas relacionados con dicha situaci\u00f3n de contacto a enviar propuestas para contribuciones orales (20 minutos de presentaci\u00f3n + 10 minutos de discusi\u00f3n). Se invita cualquier contribuci\u00f3n enfocada, por ejemplo, en fen\u00f3menos ling\u00fc\u00edsticos en concreto, en aspectos socioling\u00fc\u00edsticos o sociol\u00f3gicos relacionados con la situaci\u00f3n de contacto entre el rumano y las lenguas iberorrom\u00e1nicas. Asimismo, son bienvenidas contribuciones que combinen varios enfoques o que se concentren en cuestiones metodol\u00f3gicas o te\u00f3ricas concerniendo al estudio del contacto ling\u00fc\u00edstico.<\/p>\n\n\n\n<p>Las propuestas (en espa\u00f1ol) deber\u00e1n tener una extensi\u00f3n m\u00e1xima de 350 palabras y ser mandadas en formato PDF o Word hasta el 1 de febrero de 2023 a contactorumanoespanol@gmail.com<\/p>\n\n\n\n<p><strong>Fechas importantes:<\/strong><\/p>\n\n\n\n<p>Plazo de env\u00edo de propuestas: 01.02.2023<\/p>\n\n\n\n<p>Notificaci\u00f3n de contribuciones aceptadas: 01.03.2023<\/p>\n\n\n\n<p>Publicaci\u00f3n del programa: 01.04.2023<\/p>\n\n\n\n<p>Fecha del coloquio: 28.04.2023<\/p>\n","protected":false},"excerpt":{"rendered":"<p>El coloquio tendr\u00e1 lugar en persona el 28 de abril de 2023 en la Universidad de Z\u00farich y propone dar visibilidad a la investigaci\u00f3n actual del contacto ling\u00fc\u00edstico entre el rumano y las lenguas iberorrom\u00e1nicas en la pen\u00ednsula ib\u00e9rica. Asimismo, &hellip; <a href=\"https:\/\/dlf.uzh.ch\/sites\/cbleor\/circular\/\">Sigue leyendo <span class=\"meta-nav\">&rarr;<\/span><\/a><\/p>\n","protected":false},"author":794,"featured_media":0,"parent":0,"menu_order":0,"comment_status":"closed","ping_status":"closed","template":"","meta":{"footnotes":""},"class_list":["post-12","page","type-page","status-publish","hentry"],"_links":{"self":[{"href":"https:\/\/dlf.uzh.ch\/sites\/cbleor\/wp-json\/wp\/v2\/pages\/12","targetHints":{"allow":["GET"]}}],"collection":[{"href":"https:\/\/dlf.uzh.ch\/sites\/cbleor\/wp-json\/wp\/v2\/pages"}],"about":[{"href":"https:\/\/dlf.uzh.ch\/sites\/cbleor\/wp-json\/wp\/v2\/types\/page"}],"author":[{"embeddable":true,"href":"https:\/\/dlf.uzh.ch\/sites\/cbleor\/wp-json\/wp\/v2\/users\/794"}],"replies":[{"embeddable":true,"href":"https:\/\/dlf.uzh.ch\/sites\/cbleor\/wp-json\/wp\/v2\/comments?post=12"}],"version-history":[{"count":11,"href":"https:\/\/dlf.uzh.ch\/sites\/cbleor\/wp-json\/wp\/v2\/pages\/12\/revisions"}],"predecessor-version":[{"id":234,"href":"https:\/\/dlf.uzh.ch\/sites\/cbleor\/wp-json\/wp\/v2\/pages\/12\/revisions\/234"}],"wp:attachment":[{"href":"https:\/\/dlf.uzh.ch\/sites\/cbleor\/wp-json\/wp\/v2\/media?parent=12"}],"curies":[{"name":"wp","href":"https:\/\/api.w.org\/{rel}","templated":true}]}}

Envío de propuestas

<p>El coloquio tendrá lugar en persona el 28 de abril de 2023 en la Universidad de Zúrich y propone dar visibilidad a la investigación actual del contacto lingüístico entre el rumano y las lenguas iberorrománicas en la península ibérica. Asimismo, se quiere crear un espacio de discusión libre entre investigadores expertos e investigadores jóvenes pensado para facilitar el intercambio de ideas y el debate de cuestiones recurrentes en el estudio del contacto lingüístico.</p>



<p>Con este fin se invita prioritariamente a investigadores jóvenes (doctorandos y posdoctorandos) que trabajen sobre temas relacionados con dicha situación de contacto a enviar propuestas para contribuciones orales (20 minutos de presentación + 10 minutos de discusión). Se invita cualquier contribución enfocada, por ejemplo, en fenómenos lingüísticos en concreto, en aspectos sociolingüísticos o sociológicos relacionados con la situación de contacto entre el rumano y las lenguas iberorrománicas. Asimismo, son bienvenidas contribuciones que combinen varios enfoques o que se concentren en cuestiones metodológicas o teóricas concerniendo al estudio del contacto lingüístico.</p>



<p>Las propuestas (en español) deberán tener una extensión máxima de 350 palabras y ser mandadas en formato PDF o Word hasta el 1 de febrero de 2023 a contactorumanoespanol@gmail.com</p>



<p><strong>Fechas importantes:</strong></p>



<p>Plazo de envío de propuestas: 01.02.2023</p>



<p>Notificación de contribuciones aceptadas: 01.03.2023</p>



<p>Publicación del programa: 01.04.2023</p>



<p>Fecha del coloquio: 28.04.2023</p>

<p>El coloquio tendrá lugar en persona el 28 de abril de 2023 en la Universidad de Zúrich y propone dar visibilidad a la investigación actual del contacto lingüístico entre el rumano y las lenguas iberorrománicas en la península ibérica. Asimismo, &hellip; <a href="https://dlf.uzh.ch/sites/cbleor/circular/">Sigue leyendo <span class="meta-nav">&rarr;</span></a></p>
