{"id":2,"date":"2022-09-13T08:36:09","date_gmt":"2022-09-13T08:36:09","guid":{"rendered":"https:\/\/dlf.uzh.ch\/sites\/boomtownzuerich\/?page_id=2"},"modified":"2022-09-22T12:12:51","modified_gmt":"2022-09-22T12:12:51","slug":"home","status":"publish","type":"page","link":"https:\/\/dlf.uzh.ch\/sites\/boomtownzuerich\/","title":{"rendered":"Boomtown Z\u00fcrich &#8211; das sp\u00e4te 19. Jahrhundert"},"content":{"rendered":"\n<p><strong>Stadtf\u00fchrung zu den Schaupl\u00e4tzen der Boomtown 1850-1900&nbsp;&nbsp;<\/strong><\/p>\n\n\n\n<p>Studierende des historischen Seminars der Universit\u00e4t Z\u00fcrich&nbsp;<br>unter der Leitung von Prof. Dr. Christian Koller.&nbsp;<\/p>\n\n\n\n<p>September 2022&nbsp;<\/p>\n\n\n<section class=\"wp-block-ub-post-grid ub-block-post-grid align  is-equal-height preserve-post-image-aspect-ratio\" style=\"\" id=\"ub-post-grid-\"><div class=\"ub-post-grid-items is-grid columns-2\" style=\"row-gap: 32px; column-gap: 32px; \"><article id=\"post-8\" class=\"ub-post-grid-item post-8 post type-post status-publish format-standard has-post-thumbnail hentry category-uncategorized\" style=\"\"><div class=\"ub-block-post-grid-image\" style=\"\"><a href=\"https:\/\/dlf.uzh.ch\/sites\/boomtownzuerich\/station-1-xxxx\/\" rel=\"bookmark\" aria-hidden=\"true\" tabindex=\"-1\"><img loading=\"lazy\" decoding=\"async\" width=\"902\" height=\"519\" src=\"https:\/\/dlf.uzh.ch\/sites\/boomtownzuerich\/files\/2022\/09\/Bevo%CC%88lkerung-3.jpg\" class=\"attachment-full size-full\" alt=\"\" style=\"max-width: 600px; \" srcset=\"https:\/\/dlf.uzh.ch\/sites\/boomtownzuerich\/files\/2022\/09\/Bevo\u0308lkerung-3.jpg 902w, https:\/\/dlf.uzh.ch\/sites\/boomtownzuerich\/files\/2022\/09\/Bevo\u0308lkerung-3-300x173.jpg 300w, https:\/\/dlf.uzh.ch\/sites\/boomtownzuerich\/files\/2022\/09\/Bevo\u0308lkerung-3-768x442.jpg 768w, https:\/\/dlf.uzh.ch\/sites\/boomtownzuerich\/files\/2022\/09\/Bevo\u0308lkerung-3-850x489.jpg 850w\" sizes=\"auto, (max-width: 902px) 100vw, 902px\"><\/a><\/div><div class=\"ub-block-post-grid-text\" style=\"\"><div class=\"ub-block-post-grid-header-content\"><header class=\"ub-block-post-grid-header\"><h3 class=\"ub-block-post-grid-title\"><a style=\"\" href=\"https:\/\/dlf.uzh.ch\/sites\/boomtownzuerich\/station-1-xxxx\/\" rel=\"bookmark\">Station 1: Einf\u00fchrung (Polyterasse)<\/a><\/h3><\/header><\/div><div class=\"ub-block-post-grid-excerpt\"><p><a class=\"ub-block-post-grid-more-link ub-text-link\" style=\"\" href=\"https:\/\/dlf.uzh.ch\/sites\/boomtownzuerich\/station-1-xxxx\/\" rel=\"bookmark\"> \u2192 Bilder dieser Station <span class=\"screen-reader-text\">Station 1: Einf\u00fchrung (Polyterasse)<\/span><\/a><\/p><\/div><\/div><\/article>\n<article id=\"post-38\" class=\"ub-post-grid-item post-38 post type-post status-publish format-standard has-post-thumbnail hentry category-uncategorized\" style=\"\"><div class=\"ub-block-post-grid-image\" style=\"\"><a href=\"https:\/\/dlf.uzh.ch\/sites\/boomtownzuerich\/station-2-universitaet-und-eidgenoessisches-polytechnikum-polyterasse\/\" rel=\"bookmark\" aria-hidden=\"true\" tabindex=\"-1\"><img loading=\"lazy\" decoding=\"async\" width=\"1448\" height=\"2035\" src=\"https:\/\/dlf.uzh.ch\/sites\/boomtownzuerich\/files\/2022\/09\/Uni_innen_Klein-3.jpg\" class=\"attachment-full size-full\" alt=\"\" style=\"max-width: 600px; \" srcset=\"https:\/\/dlf.uzh.ch\/sites\/boomtownzuerich\/files\/2022\/09\/Uni_innen_Klein-3.jpg 1448w, https:\/\/dlf.uzh.ch\/sites\/boomtownzuerich\/files\/2022\/09\/Uni_innen_Klein-3-213x300.jpg 213w, https:\/\/dlf.uzh.ch\/sites\/boomtownzuerich\/files\/2022\/09\/Uni_innen_Klein-3-729x1024.jpg 729w, https:\/\/dlf.uzh.ch\/sites\/boomtownzuerich\/files\/2022\/09\/Uni_innen_Klein-3-768x1079.jpg 768w, https:\/\/dlf.uzh.ch\/sites\/boomtownzuerich\/files\/2022\/09\/Uni_innen_Klein-3-1093x1536.jpg 1093w, https:\/\/dlf.uzh.ch\/sites\/boomtownzuerich\/files\/2022\/09\/Uni_innen_Klein-3-300x422.jpg 300w, https:\/\/dlf.uzh.ch\/sites\/boomtownzuerich\/files\/2022\/09\/Uni_innen_Klein-3-850x1195.jpg 850w\" sizes=\"auto, (max-width: 1448px) 100vw, 1448px\"><\/a><\/div><div class=\"ub-block-post-grid-text\" style=\"\"><div class=\"ub-block-post-grid-header-content\"><header class=\"ub-block-post-grid-header\"><h3 class=\"ub-block-post-grid-title\"><a style=\"\" href=\"https:\/\/dlf.uzh.ch\/sites\/boomtownzuerich\/station-2-universitaet-und-eidgenoessisches-polytechnikum-polyterasse\/\" rel=\"bookmark\">Station 2: Universit\u00e4t und Eidgen\u00f6ssisches Polytechnikum (Polyterasse)<\/a><\/h3><\/header><\/div><div class=\"ub-block-post-grid-excerpt\"><p><a class=\"ub-block-post-grid-more-link ub-text-link\" style=\"\" href=\"https:\/\/dlf.uzh.ch\/sites\/boomtownzuerich\/station-2-universitaet-und-eidgenoessisches-polytechnikum-polyterasse\/\" rel=\"bookmark\"> \u2192 Bilder dieser Station <span class=\"screen-reader-text\">Station 2: Universit\u00e4t und Eidgen\u00f6ssisches Polytechnikum (Polyterasse)<\/span><\/a><\/p><\/div><\/div><\/article>\n<article id=\"post-43\" class=\"ub-post-grid-item post-43 post type-post status-publish format-standard has-post-thumbnail hentry category-uncategorized\" style=\"\"><div class=\"ub-block-post-grid-image\" style=\"\"><a href=\"https:\/\/dlf.uzh.ch\/sites\/boomtownzuerich\/station-3-von-der-wein-zur-bierstadt-bierhalle-xy\/\" rel=\"bookmark\" aria-hidden=\"true\" tabindex=\"-1\"><img loading=\"lazy\" decoding=\"async\" width=\"954\" height=\"738\" src=\"https:\/\/dlf.uzh.ch\/sites\/boomtownzuerich\/files\/2022\/09\/Rheinfelder_Bierhalle-1.jpeg\" class=\"attachment-full size-full\" alt=\"\" style=\"max-width: 600px; \" srcset=\"https:\/\/dlf.uzh.ch\/sites\/boomtownzuerich\/files\/2022\/09\/Rheinfelder_Bierhalle-1.jpeg 954w, https:\/\/dlf.uzh.ch\/sites\/boomtownzuerich\/files\/2022\/09\/Rheinfelder_Bierhalle-1-300x232.jpeg 300w, https:\/\/dlf.uzh.ch\/sites\/boomtownzuerich\/files\/2022\/09\/Rheinfelder_Bierhalle-1-768x594.jpeg 768w, https:\/\/dlf.uzh.ch\/sites\/boomtownzuerich\/files\/2022\/09\/Rheinfelder_Bierhalle-1-850x658.jpeg 850w\" sizes=\"auto, (max-width: 954px) 100vw, 954px\"><\/a><\/div><div class=\"ub-block-post-grid-text\" style=\"\"><div class=\"ub-block-post-grid-header-content\"><header class=\"ub-block-post-grid-header\"><h3 class=\"ub-block-post-grid-title\"><a style=\"\" href=\"https:\/\/dlf.uzh.ch\/sites\/boomtownzuerich\/station-3-von-der-wein-zur-bierstadt-bierhalle-xy\/\" rel=\"bookmark\">Station 3: Von der Wein- zur Bierstadt (Rheinfelder Bierhalle)<\/a><\/h3><\/header><\/div><div class=\"ub-block-post-grid-excerpt\"><p><a class=\"ub-block-post-grid-more-link ub-text-link\" style=\"\" href=\"https:\/\/dlf.uzh.ch\/sites\/boomtownzuerich\/station-3-von-der-wein-zur-bierstadt-bierhalle-xy\/\" rel=\"bookmark\"> \u2192 Bilder dieser Station <span class=\"screen-reader-text\">Station 3: Von der Wein- zur Bierstadt (Rheinfelder Bierhalle)<\/span><\/a><\/p><\/div><\/div><\/article>\n<article id=\"post-69\" class=\"ub-post-grid-item post-69 post type-post status-publish format-standard has-post-thumbnail hentry category-uncategorized\" style=\"\"><div class=\"ub-block-post-grid-image\" style=\"\"><a href=\"https:\/\/dlf.uzh.ch\/sites\/boomtownzuerich\/station-4-die-nacht-wird-hell-niederdorf-und\/\" rel=\"bookmark\" aria-hidden=\"true\" tabindex=\"-1\"><img loading=\"lazy\" decoding=\"async\" width=\"1179\" height=\"921\" src=\"https:\/\/dlf.uzh.ch\/sites\/boomtownzuerich\/files\/2022\/09\/Baugarten_Gasleuchte_Kratzturm_IZUZB_Schnitt.jpg\" class=\"attachment-full size-full\" alt=\"\" style=\"max-width: 600px; \" srcset=\"https:\/\/dlf.uzh.ch\/sites\/boomtownzuerich\/files\/2022\/09\/Baugarten_Gasleuchte_Kratzturm_IZUZB_Schnitt.jpg 1179w, https:\/\/dlf.uzh.ch\/sites\/boomtownzuerich\/files\/2022\/09\/Baugarten_Gasleuchte_Kratzturm_IZUZB_Schnitt-300x234.jpg 300w, https:\/\/dlf.uzh.ch\/sites\/boomtownzuerich\/files\/2022\/09\/Baugarten_Gasleuchte_Kratzturm_IZUZB_Schnitt-1024x800.jpg 1024w, https:\/\/dlf.uzh.ch\/sites\/boomtownzuerich\/files\/2022\/09\/Baugarten_Gasleuchte_Kratzturm_IZUZB_Schnitt-768x600.jpg 768w, https:\/\/dlf.uzh.ch\/sites\/boomtownzuerich\/files\/2022\/09\/Baugarten_Gasleuchte_Kratzturm_IZUZB_Schnitt-850x664.jpg 850w\" sizes=\"auto, (max-width: 1179px) 100vw, 1179px\"><\/a><\/div><div class=\"ub-block-post-grid-text\" style=\"\"><div class=\"ub-block-post-grid-header-content\"><header class=\"ub-block-post-grid-header\"><h3 class=\"ub-block-post-grid-title\"><a style=\"\" href=\"https:\/\/dlf.uzh.ch\/sites\/boomtownzuerich\/station-4-die-nacht-wird-hell-niederdorf-und\/\" rel=\"bookmark\">Station 4: Die Nacht wird hell (Neumarkt und Platzspitz)<\/a><\/h3><\/header><\/div><div class=\"ub-block-post-grid-excerpt\"><p><a class=\"ub-block-post-grid-more-link ub-text-link\" style=\"\" href=\"https:\/\/dlf.uzh.ch\/sites\/boomtownzuerich\/station-4-die-nacht-wird-hell-niederdorf-und\/\" rel=\"bookmark\"> \u2192 Bilder dieser Station <span class=\"screen-reader-text\">Station 4: Die Nacht wird hell (Neumarkt und Platzspitz)<\/span><\/a><\/p><\/div><\/div><\/article>\n<article id=\"post-72\" class=\"ub-post-grid-item post-72 post type-post status-publish format-standard has-post-thumbnail hentry category-uncategorized\" style=\"\"><div class=\"ub-block-post-grid-image\" style=\"\"><a href=\"https:\/\/dlf.uzh.ch\/sites\/boomtownzuerich\/station-5-aussersihl-klingenanlage\/\" rel=\"bookmark\" aria-hidden=\"true\" tabindex=\"-1\"><img loading=\"lazy\" decoding=\"async\" width=\"2560\" height=\"1602\" src=\"https:\/\/dlf.uzh.ch\/sites\/boomtownzuerich\/files\/2022\/09\/Sozarch_F_5099-Gb-011_Heimarbeiterin-1-scaled.jpg\" class=\"attachment-full size-full\" alt=\"\" style=\"max-width: 600px; \" srcset=\"https:\/\/dlf.uzh.ch\/sites\/boomtownzuerich\/files\/2022\/09\/Sozarch_F_5099-Gb-011_Heimarbeiterin-1-scaled.jpg 2560w, https:\/\/dlf.uzh.ch\/sites\/boomtownzuerich\/files\/2022\/09\/Sozarch_F_5099-Gb-011_Heimarbeiterin-1-300x188.jpg 300w, https:\/\/dlf.uzh.ch\/sites\/boomtownzuerich\/files\/2022\/09\/Sozarch_F_5099-Gb-011_Heimarbeiterin-1-1024x641.jpg 1024w, https:\/\/dlf.uzh.ch\/sites\/boomtownzuerich\/files\/2022\/09\/Sozarch_F_5099-Gb-011_Heimarbeiterin-1-768x481.jpg 768w, https:\/\/dlf.uzh.ch\/sites\/boomtownzuerich\/files\/2022\/09\/Sozarch_F_5099-Gb-011_Heimarbeiterin-1-1536x961.jpg 1536w, https:\/\/dlf.uzh.ch\/sites\/boomtownzuerich\/files\/2022\/09\/Sozarch_F_5099-Gb-011_Heimarbeiterin-1-2048x1282.jpg 2048w, https:\/\/dlf.uzh.ch\/sites\/boomtownzuerich\/files\/2022\/09\/Sozarch_F_5099-Gb-011_Heimarbeiterin-1-850x532.jpg 850w\" sizes=\"auto, (max-width: 2560px) 100vw, 2560px\"><\/a><\/div><div class=\"ub-block-post-grid-text\" style=\"\"><div class=\"ub-block-post-grid-header-content\"><header class=\"ub-block-post-grid-header\"><h3 class=\"ub-block-post-grid-title\"><a style=\"\" href=\"https:\/\/dlf.uzh.ch\/sites\/boomtownzuerich\/station-5-aussersihl-klingenanlage\/\" rel=\"bookmark\">Station 5: Aussersihl (Klingenanlage)<\/a><\/h3><\/header><\/div><div class=\"ub-block-post-grid-excerpt\"><p><a class=\"ub-block-post-grid-more-link ub-text-link\" style=\"\" href=\"https:\/\/dlf.uzh.ch\/sites\/boomtownzuerich\/station-5-aussersihl-klingenanlage\/\" rel=\"bookmark\"> \u2192 Bilder dieser Station <span class=\"screen-reader-text\">Station 5: Aussersihl (Klingenanlage)<\/span><\/a><\/p><\/div><\/div><\/article>\n<article id=\"post-77\" class=\"ub-post-grid-item post-77 post type-post status-publish format-standard has-post-thumbnail hentry category-uncategorized\" style=\"\"><div class=\"ub-block-post-grid-image\" style=\"\"><a href=\"https:\/\/dlf.uzh.ch\/sites\/boomtownzuerich\/station-6-alfred-escher-negrelli-steg\/\" rel=\"bookmark\" aria-hidden=\"true\" tabindex=\"-1\"><img loading=\"lazy\" decoding=\"async\" width=\"454\" height=\"638\" src=\"https:\/\/dlf.uzh.ch\/sites\/boomtownzuerich\/files\/2022\/09\/A_Escher_ZB_.jpg\" class=\"attachment-full size-full\" alt=\"\" style=\"max-width: 600px; \" srcset=\"https:\/\/dlf.uzh.ch\/sites\/boomtownzuerich\/files\/2022\/09\/A_Escher_ZB_.jpg 454w, https:\/\/dlf.uzh.ch\/sites\/boomtownzuerich\/files\/2022\/09\/A_Escher_ZB_-213x300.jpg 213w, https:\/\/dlf.uzh.ch\/sites\/boomtownzuerich\/files\/2022\/09\/A_Escher_ZB_-300x422.jpg 300w\" sizes=\"auto, (max-width: 454px) 100vw, 454px\"><\/a><\/div><div class=\"ub-block-post-grid-text\" style=\"\"><div class=\"ub-block-post-grid-header-content\"><header class=\"ub-block-post-grid-header\"><h3 class=\"ub-block-post-grid-title\"><a style=\"\" href=\"https:\/\/dlf.uzh.ch\/sites\/boomtownzuerich\/station-6-alfred-escher-negrelli-steg\/\" rel=\"bookmark\">Station 6: Alfred Escher (Negrelli-Steg)<\/a><\/h3><\/header><\/div><div class=\"ub-block-post-grid-excerpt\"><p><a class=\"ub-block-post-grid-more-link ub-text-link\" style=\"\" href=\"https:\/\/dlf.uzh.ch\/sites\/boomtownzuerich\/station-6-alfred-escher-negrelli-steg\/\" rel=\"bookmark\"> \u2192 Bilder dieser Station <span class=\"screen-reader-text\">Station 6: Alfred Escher (Negrelli-Steg)<\/span><\/a><\/p><\/div><\/div><\/article>\n<article id=\"post-81\" class=\"ub-post-grid-item post-81 post type-post status-publish format-standard has-post-thumbnail hentry category-uncategorized\" style=\"\"><div class=\"ub-block-post-grid-image\" style=\"\"><a href=\"https:\/\/dlf.uzh.ch\/sites\/boomtownzuerich\/station-7-keine-herren-sondern-eine-volksbank-europaallee\/\" rel=\"bookmark\" aria-hidden=\"true\" tabindex=\"-1\"><img loading=\"lazy\" decoding=\"async\" width=\"1238\" height=\"1231\" src=\"https:\/\/dlf.uzh.ch\/sites\/boomtownzuerich\/files\/2022\/09\/Boomtown_ZKB_Gesetz1870-1.png\" class=\"attachment-full size-full\" alt=\"\" style=\"max-width: 600px; \" srcset=\"https:\/\/dlf.uzh.ch\/sites\/boomtownzuerich\/files\/2022\/09\/Boomtown_ZKB_Gesetz1870-1.png 1238w, https:\/\/dlf.uzh.ch\/sites\/boomtownzuerich\/files\/2022\/09\/Boomtown_ZKB_Gesetz1870-1-300x298.png 300w, https:\/\/dlf.uzh.ch\/sites\/boomtownzuerich\/files\/2022\/09\/Boomtown_ZKB_Gesetz1870-1-1024x1018.png 1024w, https:\/\/dlf.uzh.ch\/sites\/boomtownzuerich\/files\/2022\/09\/Boomtown_ZKB_Gesetz1870-1-150x150.png 150w, https:\/\/dlf.uzh.ch\/sites\/boomtownzuerich\/files\/2022\/09\/Boomtown_ZKB_Gesetz1870-1-768x764.png 768w, https:\/\/dlf.uzh.ch\/sites\/boomtownzuerich\/files\/2022\/09\/Boomtown_ZKB_Gesetz1870-1-850x845.png 850w\" sizes=\"auto, (max-width: 1238px) 100vw, 1238px\"><\/a><\/div><div class=\"ub-block-post-grid-text\" style=\"\"><div class=\"ub-block-post-grid-header-content\"><header class=\"ub-block-post-grid-header\"><h3 class=\"ub-block-post-grid-title\"><a style=\"\" href=\"https:\/\/dlf.uzh.ch\/sites\/boomtownzuerich\/station-7-keine-herren-sondern-eine-volksbank-europaallee\/\" rel=\"bookmark\">Station 7: \u00abKeine Herren- sondern eine Volksbank\u00bb (Europaallee)<\/a><\/h3><\/header><\/div><div class=\"ub-block-post-grid-excerpt\"><p><a class=\"ub-block-post-grid-more-link ub-text-link\" style=\"\" href=\"https:\/\/dlf.uzh.ch\/sites\/boomtownzuerich\/station-7-keine-herren-sondern-eine-volksbank-europaallee\/\" rel=\"bookmark\"> \u2192 Bilder dieser Station <span class=\"screen-reader-text\">Station 7: \u00abKeine Herren- sondern eine Volksbank\u00bb (Europaallee)<\/span><\/a><\/p><\/div><\/div><\/article>\n<\/div><\/section>\n\n\n<hr class=\"wp-block-separator has-alpha-channel-opacity\" \/>\n\n\n\n<h4 class=\"wp-block-heading\">Quellenverzeichnis Titelseite:<\/h4>\n\n\n\n<p>Bild links:<br>Erweiterungsbau bei der Rollladenfabrik Gauger in Unterstrass, 1898 (Foto: unbekannt \/ Baugeschichtliches Archiv BAZ_096057)&nbsp;<\/p>\n\n\n\n<p>Bild rechts: <br>Hauptbahnhof Z\u00fcrich um 1890 (Foto: Landolt-Arbenz \/ Baugeschichtliches Archiv BAZ_098181)&nbsp;<\/p>\n\n\n\n<p style=\"font-size:14px\"><\/p>\n","protected":false},"excerpt":{"rendered":"<p>Stadtf\u00fchrung zu den Schaupl\u00e4tzen der Boomtown 1850-1900&nbsp;&nbsp; Studierende des historischen Seminars der Universit\u00e4t Z\u00fcrich&nbsp;unter der Leitung von Prof. Dr. Christian Koller.&nbsp; September 2022&nbsp; Quellenverzeichnis Titelseite: Bild links:Erweiterungsbau bei der Rollladenfabrik Gauger in Unterstrass, 1898 (Foto: unbekannt \/ Baugeschichtliches Archiv BAZ_096057)&nbsp; Bild rechts: Hauptbahnhof Z\u00fcrich um 1890 (Foto: Landolt-Arbenz \/ Baugeschichtliches Archiv BAZ_098181)&nbsp;<\/p>\n","protected":false},"author":492,"featured_media":135,"parent":0,"menu_order":0,"comment_status":"closed","ping_status":"closed","template":"","meta":{"footnotes":""},"class_list":["post-2","page","type-page","status-publish","has-post-thumbnail","hentry"],"featured_image_src":"https:\/\/dlf.uzh.ch\/sites\/boomtownzuerich\/files\/2022\/09\/Boomtown_0.jpg","_links":{"self":[{"href":"https:\/\/dlf.uzh.ch\/sites\/boomtownzuerich\/wp-json\/wp\/v2\/pages\/2","targetHints":{"allow":["GET"]}}],"collection":[{"href":"https:\/\/dlf.uzh.ch\/sites\/boomtownzuerich\/wp-json\/wp\/v2\/pages"}],"about":[{"href":"https:\/\/dlf.uzh.ch\/sites\/boomtownzuerich\/wp-json\/wp\/v2\/types\/page"}],"author":[{"embeddable":true,"href":"https:\/\/dlf.uzh.ch\/sites\/boomtownzuerich\/wp-json\/wp\/v2\/users\/492"}],"replies":[{"embeddable":true,"href":"https:\/\/dlf.uzh.ch\/sites\/boomtownzuerich\/wp-json\/wp\/v2\/comments?post=2"}],"version-history":[{"count":20,"href":"https:\/\/dlf.uzh.ch\/sites\/boomtownzuerich\/wp-json\/wp\/v2\/pages\/2\/revisions"}],"predecessor-version":[{"id":256,"href":"https:\/\/dlf.uzh.ch\/sites\/boomtownzuerich\/wp-json\/wp\/v2\/pages\/2\/revisions\/256"}],"wp:featuredmedia":[{"embeddable":true,"href":"https:\/\/dlf.uzh.ch\/sites\/boomtownzuerich\/wp-json\/wp\/v2\/media\/135"}],"wp:attachment":[{"href":"https:\/\/dlf.uzh.ch\/sites\/boomtownzuerich\/wp-json\/wp\/v2\/media?parent=2"}],"curies":[{"name":"wp","href":"https:\/\/api.w.org\/{rel}","templated":true}]}}