{"id":2,"date":"2021-11-30T08:19:46","date_gmt":"2021-11-30T08:19:46","guid":{"rendered":"https:\/\/dlf.uzh.ch\/sites\/bapraesentationhs21\/?page_id=2"},"modified":"2021-12-22T15:53:49","modified_gmt":"2021-12-22T15:53:49","slug":"sample-page","status":"publish","type":"page","link":"https:\/\/dlf.uzh.ch\/sites\/bapraesentationhs21\/","title":{"rendered":"Willkommen"},"content":{"rendered":"\n<figure class=\"wp-block-video\"><video controls poster=\"https:\/\/dlf.uzh.ch\/sites\/bapraesentationhs21\/files\/2021\/12\/Bildschirmfoto-2021-12-22-um-12.10.44.png\" src=\"https:\/\/dlf.uzh.ch\/sites\/bapraesentationhs21\/files\/2021\/12\/Bachelorarbeiten2021.mp4\"><\/video><\/figure>\n\n\n\n<p class=\"has-small-font-size\">Gewisse Browser (z.B. Safari) geben das Video nicht korrekt wieder. Versuchen Sie es stattdessen mit Firefox oder Chrome.<\/p>\n\n\n\n<p>Jedes Semester feiern wir die Absolventinnen und Absolventen des Bachelor-Studienprogramms Popul\u00e4re Kulturen mit einer Feier, an der wir die Abschlussprojekte w\u00fcrdigen und auf einer eigenen Website pr\u00e4sentieren. Diese wurde am 22. Dezember 2021 um 18.30 anl\u00e4sslich einer feierlichen Vernissage ver\u00f6ffentlicht.&nbsp;<\/p>\n\n\n\n<p>Die sieben Bachelor-Projekte repr\u00e4sentieren auch dieses Semester die gesamte Bandbreite unseres Faches:&nbsp;<\/p>\n\n\n\n<p><a href=\"https:\/\/dlf.uzh.ch\/sites\/bapraesentationhs21\/2021\/12\/03\/valentina-neumeister\/\" data-type=\"URL\" data-id=\"https:\/\/dlf.uzh.ch\/sites\/bapraesentationhs21\/2021\/12\/03\/valentina-neumeister\/\">Valentina Neumeister<\/a> erforscht gegenw\u00e4rtige urbane Denk- und Verhaltensmuster und befragt hierzu Z\u00fcrcher Mode-Akteur:innen. Ebenfalls regional verorten sich zwei weitere Arbeiten: <a href=\"https:\/\/dlf.uzh.ch\/sites\/bapraesentationhs21\/2021\/12\/03\/bauen-und-bauten-am-rechten-zuerichsee-ufer\/\" data-type=\"URL\" data-id=\"https:\/\/dlf.uzh.ch\/sites\/bapraesentationhs21\/2021\/12\/03\/bauen-und-bauten-am-rechten-zuerichsee-ufer\/\">Adrian Gehrig<\/a> besch\u00e4ftigt sich mit dem baulichen Wandel am rechten Z\u00fcrichsee-Ufer, das nicht erst in den letzten Jahren einer grossen Baut\u00e4tigkeit unterworfen ist.&nbsp; <a href=\"https:\/\/dlf.uzh.ch\/sites\/bapraesentationhs21\/2021\/12\/03\/ajla-paratusic\/\" data-type=\"URL\" data-id=\"https:\/\/dlf.uzh.ch\/sites\/bapraesentationhs21\/2021\/12\/03\/ajla-paratusic\/\">Ajla Paratusic<\/a> nahm das diesj\u00e4hrige Open-Air <em>Sound of Glarus<\/em> als empirisches Beispiel, um nach Bedeutung und Stellenwert von Covid 19 f\u00fcr die diversen Akteur:innen an Festivals zu fragen.&nbsp;<\/p>\n\n\n\n<p><a href=\"https:\/\/dlf.uzh.ch\/sites\/bapraesentationhs21\/2021\/12\/03\/niklas-mueller\/\" data-type=\"post\" data-id=\"33\">Niklas M\u00fcller<\/a> interessieren Relationen von materiellen Objekten und digitalen R\u00e4umen. Er vertieft sich hierf\u00fcr in virtuelle Onlineangebote von Schweizer Museen. Einem globalen Ph\u00e4nomen n\u00e4hert sich <a href=\"https:\/\/dlf.uzh.ch\/sites\/bapraesentationhs21\/2021\/12\/03\/cynthia-mueller\/\" data-type=\"URL\" data-id=\"https:\/\/dlf.uzh.ch\/sites\/bapraesentationhs21\/2021\/12\/03\/cynthia-mueller\/\">Cynthia M\u00fcller<\/a> an, welche Fan-Communities der der K-Pop-Band BTS zu ihren Fan-Identit\u00e4ten befragt.&nbsp;<\/p>\n\n\n\n<p>Wissens- und Sprachpraktiken stehen in der Arbeit von <a href=\"https:\/\/dlf.uzh.ch\/sites\/bapraesentationhs21\/2021\/12\/03\/wim-koch\/\" data-type=\"URL\" data-id=\"https:\/\/dlf.uzh.ch\/sites\/bapraesentationhs21\/2021\/12\/03\/wim-koch\/\">Wim Koch<\/a> im Zentrum: Er widmet sich dem konsumtrendigen Ph\u00e4nomen Naturwein. <a href=\"https:\/\/dlf.uzh.ch\/sites\/bapraesentationhs21\/2021\/12\/03\/layla-kurz\/\">Layla Kurz<\/a> schliesslich besch\u00e4ftigt sich mit Kinder- und Jugendmedien und widmete sich der dortigen Repr\u00e4sentation von LGBTQ-Figuren.&nbsp;<\/p>\n\n\n\n<p>Das ganze ISEK \u2013 Popul\u00e4re Kulturen gratuliert den Autor:innen herzlich! <\/p>\n","protected":false},"excerpt":{"rendered":"<p>Gewisse Browser (z.B. Safari) geben das Video nicht korrekt wieder. Versuchen Sie es stattdessen mit Firefox oder Chrome. Jedes Semester feiern wir die Absolventinnen und Absolventen des Bachelor-Studienprogramms Popul\u00e4re Kulturen mit einer Feier, an der wir die Abschlussprojekte w\u00fcrdigen und auf einer eigenen Website pr\u00e4sentieren. Diese wurde am 22. Dezember 2021 um 18.30 anl\u00e4sslich einer [&hellip;]<\/p>\n","protected":false},"author":447,"featured_media":0,"parent":0,"menu_order":0,"comment_status":"closed","ping_status":"open","template":"","meta":{"footnotes":""},"class_list":["post-2","page","type-page","status-publish","hentry"],"_links":{"self":[{"href":"https:\/\/dlf.uzh.ch\/sites\/bapraesentationhs21\/wp-json\/wp\/v2\/pages\/2","targetHints":{"allow":["GET"]}}],"collection":[{"href":"https:\/\/dlf.uzh.ch\/sites\/bapraesentationhs21\/wp-json\/wp\/v2\/pages"}],"about":[{"href":"https:\/\/dlf.uzh.ch\/sites\/bapraesentationhs21\/wp-json\/wp\/v2\/types\/page"}],"author":[{"embeddable":true,"href":"https:\/\/dlf.uzh.ch\/sites\/bapraesentationhs21\/wp-json\/wp\/v2\/users\/447"}],"replies":[{"embeddable":true,"href":"https:\/\/dlf.uzh.ch\/sites\/bapraesentationhs21\/wp-json\/wp\/v2\/comments?post=2"}],"version-history":[{"count":6,"href":"https:\/\/dlf.uzh.ch\/sites\/bapraesentationhs21\/wp-json\/wp\/v2\/pages\/2\/revisions"}],"predecessor-version":[{"id":172,"href":"https:\/\/dlf.uzh.ch\/sites\/bapraesentationhs21\/wp-json\/wp\/v2\/pages\/2\/revisions\/172"}],"wp:attachment":[{"href":"https:\/\/dlf.uzh.ch\/sites\/bapraesentationhs21\/wp-json\/wp\/v2\/media?parent=2"}],"curies":[{"name":"wp","href":"https:\/\/api.w.org\/{rel}","templated":true}]}}

<figure class="wp-block-video"><video controls poster="https://dlf.uzh.ch/sites/bapraesentationhs21/files/2021/12/Bildschirmfoto-2021-12-22-um-12.10.44.png" src="https://dlf.uzh.ch/sites/bapraesentationhs21/files/2021/12/Bachelorarbeiten2021.mp4"></video></figure>



<p class="has-small-font-size">Gewisse Browser (z.B. Safari) geben das Video nicht korrekt wieder. Versuchen Sie es stattdessen mit Firefox oder Chrome.</p>



<p>Jedes Semester feiern wir die Absolventinnen und Absolventen des Bachelor-Studienprogramms Populäre Kulturen mit einer Feier, an der wir die Abschlussprojekte würdigen und auf einer eigenen Website präsentieren. Diese wurde am 22. Dezember 2021 um 18.30 anlässlich einer feierlichen Vernissage veröffentlicht.&nbsp;</p>



<p>Die sieben Bachelor-Projekte repräsentieren auch dieses Semester die gesamte Bandbreite unseres Faches:&nbsp;</p>



<p><a href="https://dlf.uzh.ch/sites/bapraesentationhs21/2021/12/03/valentina-neumeister/" data-type="URL" data-id="https://dlf.uzh.ch/sites/bapraesentationhs21/2021/12/03/valentina-neumeister/">Valentina Neumeister</a> erforscht gegenwärtige urbane Denk- und Verhaltensmuster und befragt hierzu Zürcher Mode-Akteur:innen. Ebenfalls regional verorten sich zwei weitere Arbeiten: <a href="https://dlf.uzh.ch/sites/bapraesentationhs21/2021/12/03/bauen-und-bauten-am-rechten-zuerichsee-ufer/" data-type="URL" data-id="https://dlf.uzh.ch/sites/bapraesentationhs21/2021/12/03/bauen-und-bauten-am-rechten-zuerichsee-ufer/">Adrian Gehrig</a> beschäftigt sich mit dem baulichen Wandel am rechten Zürichsee-Ufer, das nicht erst in den letzten Jahren einer grossen Bautätigkeit unterworfen ist.&nbsp; <a href="https://dlf.uzh.ch/sites/bapraesentationhs21/2021/12/03/ajla-paratusic/" data-type="URL" data-id="https://dlf.uzh.ch/sites/bapraesentationhs21/2021/12/03/ajla-paratusic/">Ajla Paratusic</a> nahm das diesjährige Open-Air <em>Sound of Glarus</em> als empirisches Beispiel, um nach Bedeutung und Stellenwert von Covid 19 für die diversen Akteur:innen an Festivals zu fragen.&nbsp;</p>



<p><a href="https://dlf.uzh.ch/sites/bapraesentationhs21/2021/12/03/niklas-mueller/" data-type="post" data-id="33">Niklas Müller</a> interessieren Relationen von materiellen Objekten und digitalen Räumen. Er vertieft sich hierfür in virtuelle Onlineangebote von Schweizer Museen. Einem globalen Phänomen nähert sich <a href="https://dlf.uzh.ch/sites/bapraesentationhs21/2021/12/03/cynthia-mueller/" data-type="URL" data-id="https://dlf.uzh.ch/sites/bapraesentationhs21/2021/12/03/cynthia-mueller/">Cynthia Müller</a> an, welche Fan-Communities der der K-Pop-Band BTS zu ihren Fan-Identitäten befragt.&nbsp;</p>



<p>Wissens- und Sprachpraktiken stehen in der Arbeit von <a href="https://dlf.uzh.ch/sites/bapraesentationhs21/2021/12/03/wim-koch/" data-type="URL" data-id="https://dlf.uzh.ch/sites/bapraesentationhs21/2021/12/03/wim-koch/">Wim Koch</a> im Zentrum: Er widmet sich dem konsumtrendigen Phänomen Naturwein. <a href="https://dlf.uzh.ch/sites/bapraesentationhs21/2021/12/03/layla-kurz/">Layla Kurz</a> schliesslich beschäftigt sich mit Kinder- und Jugendmedien und widmete sich der dortigen Repräsentation von LGBTQ-Figuren.&nbsp;</p>



<p>Das ganze ISEK – Populäre Kulturen gratuliert den Autor:innen herzlich! </p>

<p>Gewisse Browser (z.B. Safari) geben das Video nicht korrekt wieder. Versuchen Sie es stattdessen mit Firefox oder Chrome. Jedes Semester feiern wir die Absolventinnen und Absolventen des Bachelor-Studienprogramms Populäre Kulturen mit einer Feier, an der wir die Abschlussprojekte würdigen und auf einer eigenen Website präsentieren. Diese wurde am 22. Dezember 2021 um 18.30 anlässlich einer [&hellip;]</p>
