{"id":2,"date":"2020-03-17T06:40:29","date_gmt":"2020-03-17T06:40:29","guid":{"rendered":"https:\/\/dlf.uzh.ch\/sites\/amazonia\/?page_id=2"},"modified":"2020-03-17T11:10:33","modified_gmt":"2020-03-17T11:10:33","slug":"sobre-esse-curso","status":"publish","type":"page","link":"https:\/\/dlf.uzh.ch\/sites\/amazonia\/sobre-esse-curso\/","title":{"rendered":"Sobre esse curso"},"content":{"rendered":"\r\n\r\n\r\n<p><strong>Resumo:<\/strong> A Amaz\u00f4nia ocupou e ocupa durante s\u00e9culos um lugar no imagin\u00e1rio do Mundo Ocidental. Investigaremos neste curso as diversas representa\u00e7\u00f5es da floresta amaz\u00f4nica em textos, estudos liter\u00e1rios, ensaios atuais e hist\u00f3ricos, fotografias e filmes para aproximarmos a literatura da recente hist\u00f3ria ambiental do mundo p\u00f3s-globalizado. Do s\u00e9culo XVI ao XX, a Amaz\u00f4nia foi representada como o espa\u00e7o de infinitos recursos naturais, sendo ainda o que mais abriga vidas selvagens. Embora seja uma regi\u00e3o com realidades concretas, a Amaz\u00f4nia \u00e9 uma inven\u00e7\u00e3o que data de 1541 com a viagem do Frei Gaspar de Carvajal. Ora como \u00e9den, ora como inferno verde, a floresta tropical amaz\u00f4nica oscila no imagin\u00e1rio de brasileiros e n\u00e3o-brasileiros a partir de uma verdade anunciada a partir de Euclides da Cunha: l\u00e1 todos s\u00e3o estrangeiros. No s\u00e9culo XXI, com a consci\u00eancia ambiental cada vez mais presente, a saber, que os recursos naturais s\u00e3o finitos, existe uma virada no modo de compreender o papel da floresta tropical no mundo. Neste cen\u00e1rio, at\u00e9 a imagina\u00e7\u00e3o est\u00e1 em perigo.\u00a0\u00a0<\/p>\r\n\r\n\r\n\r\n<p><strong>Objetivos do curso:<\/strong> 1. Apresentar um panorama hist\u00f3rico e liter\u00e1rio da forma\u00e7\u00e3o da Amaz\u00f4nia no imagin\u00e1rio brasileiro e seu conjunto de rela\u00e7\u00f5es com o mundo ocidental. 2. Realizar uma leitura cr\u00edtica de textos liter\u00e1rios do presente.<\/p>\r\n\r\n\r\n\r\n<p><strong>M\u00e9todo de avalia\u00e7\u00e3o:<\/strong> Apresenta\u00e7\u00e3o oral, 30%; organiza\u00e7\u00e3o do handout, 10%, trabalho escrito, 60%<\/p>\r\n\r\n\r\n\r\n<p><strong>Atividades:<\/strong> participa\u00e7\u00e3o individual em semin\u00e1rio atrav\u00e9s de apresenta\u00e7\u00e3o de um texto, discuss\u00f5es de textos em grupo, desenvolvimento de verbetes a partir dos textos estudados e escrita de trabalho final (entre 7 e 14 p\u00e1ginas).\u00a0<\/p>\r\n\r\n\r\n\r\n<p><strong>Hor\u00e1rio de orienta\u00e7\u00e3o<\/strong>: \u00e0s ter\u00e7as-feiras: das 10:15 \u00e0s 12:15.<\/p>\r\n\r\n\r\n","protected":false},"excerpt":{"rendered":"<p>Resumo: A Amaz\u00f4nia ocupou e ocupa durante s\u00e9culos um lugar no imagin\u00e1rio do Mundo Ocidental. Investigaremos neste curso as diversas representa\u00e7\u00f5es da floresta amaz\u00f4nica em textos, estudos liter\u00e1rios, ensaios atuais e hist\u00f3ricos, fotografias e filmes para aproximarmos a literatura da recente hist\u00f3ria ambiental do mundo p\u00f3s-globalizado. Do s\u00e9culo XVI ao XX, a Amaz\u00f4nia foi representada [&hellip;]<\/p>\n","protected":false},"author":575,"featured_media":0,"parent":0,"menu_order":0,"comment_status":"closed","ping_status":"open","template":"","meta":{"footnotes":""},"class_list":["post-2","page","type-page","status-publish","hentry"],"_links":{"self":[{"href":"https:\/\/dlf.uzh.ch\/sites\/amazonia\/wp-json\/wp\/v2\/pages\/2","targetHints":{"allow":["GET"]}}],"collection":[{"href":"https:\/\/dlf.uzh.ch\/sites\/amazonia\/wp-json\/wp\/v2\/pages"}],"about":[{"href":"https:\/\/dlf.uzh.ch\/sites\/amazonia\/wp-json\/wp\/v2\/types\/page"}],"author":[{"embeddable":true,"href":"https:\/\/dlf.uzh.ch\/sites\/amazonia\/wp-json\/wp\/v2\/users\/575"}],"replies":[{"embeddable":true,"href":"https:\/\/dlf.uzh.ch\/sites\/amazonia\/wp-json\/wp\/v2\/comments?post=2"}],"version-history":[{"count":5,"href":"https:\/\/dlf.uzh.ch\/sites\/amazonia\/wp-json\/wp\/v2\/pages\/2\/revisions"}],"predecessor-version":[{"id":89,"href":"https:\/\/dlf.uzh.ch\/sites\/amazonia\/wp-json\/wp\/v2\/pages\/2\/revisions\/89"}],"wp:attachment":[{"href":"https:\/\/dlf.uzh.ch\/sites\/amazonia\/wp-json\/wp\/v2\/media?parent=2"}],"curies":[{"name":"wp","href":"https:\/\/api.w.org\/{rel}","templated":true}]}}