{"id":1429,"date":"2022-02-21T13:24:50","date_gmt":"2022-02-21T12:24:50","guid":{"rendered":"https:\/\/dlf.uzh.ch\/openbooks\/amor\/?post_type=part&#038;p=1429"},"modified":"2022-07-23T13:04:17","modified_gmt":"2022-07-23T11:04:17","slug":"iii-quid-novi-auxilium","status":"publish","type":"part","link":"https:\/\/dlf.uzh.ch\/openbooks\/amor\/part\/iii-quid-novi-auxilium\/","title":{"raw":"III Quid novi? L\u00f6sungsvorschlag","rendered":"III Quid novi? L\u00f6sungsvorschlag"},"content":{"raw":"Nota bene: Auch abweichende Varianten k\u00f6nnen korrekt sein.\r\n\r\n<hr \/>\r\n\r\n<table style=\"width: 626px\" border=\"0\">\r\n<tbody>\r\n<tr>\r\n<td style=\"width: 22.4167px\">1.<\/td>\r\n<td style=\"width: 576.317px\">Minor l\u00e4uft in die Markthalle.<\/td>\r\n<\/tr>\r\n<tr>\r\n<td style=\"width: 22.4167px\">2.<\/td>\r\n<td style=\"width: 576.317px\">Lucius steht vor dem Tempel.<\/td>\r\n<\/tr>\r\n<tr>\r\n<td style=\"width: 22.4167px\">3.<\/td>\r\n<td style=\"width: 576.317px\">Tertia kommt zu Lucius.<\/td>\r\n<\/tr>\r\n<tr>\r\n<td style=\"width: 22.4167px\">4.<\/td>\r\n<td style=\"width: 576.317px\">Tertia steht bei Lucius.<\/td>\r\n<\/tr>\r\n<tr>\r\n<td style=\"width: 22.4167px\">5.<\/td>\r\n<td style=\"width: 576.317px\">Der Vater l\u00e4uft auf den Berg.<\/td>\r\n<\/tr>\r\n<\/tbody>\r\n<\/table>","rendered":"<p>Nota bene: Auch abweichende Varianten k\u00f6nnen korrekt sein.<\/p>\n<hr \/>\n<table style=\"width: 626px\">\n<tbody>\n<tr>\n<td style=\"width: 22.4167px\">1.<\/td>\n<td style=\"width: 576.317px\">Minor l\u00e4uft in die Markthalle.<\/td>\n<\/tr>\n<tr>\n<td style=\"width: 22.4167px\">2.<\/td>\n<td style=\"width: 576.317px\">Lucius steht vor dem Tempel.<\/td>\n<\/tr>\n<tr>\n<td style=\"width: 22.4167px\">3.<\/td>\n<td style=\"width: 576.317px\">Tertia kommt zu Lucius.<\/td>\n<\/tr>\n<tr>\n<td style=\"width: 22.4167px\">4.<\/td>\n<td style=\"width: 576.317px\">Tertia steht bei Lucius.<\/td>\n<\/tr>\n<tr>\n<td style=\"width: 22.4167px\">5.<\/td>\n<td style=\"width: 576.317px\">Der Vater l\u00e4uft auf den Berg.<\/td>\n<\/tr>\n<\/tbody>\n<\/table>\n","protected":false},"parent":0,"menu_order":299,"template":"","meta":{"pb_part_invisible":null,"pb_part_invisible_string":"on"},"contributor":[],"license":[],"class_list":["post-1429","part","type-part","status-publish","hentry"],"_links":{"self":[{"href":"https:\/\/dlf.uzh.ch\/openbooks\/amor\/wp-json\/pressbooks\/v2\/parts\/1429"}],"collection":[{"href":"https:\/\/dlf.uzh.ch\/openbooks\/amor\/wp-json\/pressbooks\/v2\/parts"}],"about":[{"href":"https:\/\/dlf.uzh.ch\/openbooks\/amor\/wp-json\/wp\/v2\/types\/part"}],"version-history":[{"count":5,"href":"https:\/\/dlf.uzh.ch\/openbooks\/amor\/wp-json\/pressbooks\/v2\/parts\/1429\/revisions"}],"predecessor-version":[{"id":3868,"href":"https:\/\/dlf.uzh.ch\/openbooks\/amor\/wp-json\/pressbooks\/v2\/parts\/1429\/revisions\/3868"}],"wp:attachment":[{"href":"https:\/\/dlf.uzh.ch\/openbooks\/amor\/wp-json\/wp\/v2\/media?parent=1429"}],"wp:term":[{"taxonomy":"contributor","embeddable":true,"href":"https:\/\/dlf.uzh.ch\/openbooks\/amor\/wp-json\/wp\/v2\/contributor?post=1429"},{"taxonomy":"license","embeddable":true,"href":"https:\/\/dlf.uzh.ch\/openbooks\/amor\/wp-json\/wp\/v2\/license?post=1429"}],"curies":[{"name":"wp","href":"https:\/\/api.w.org\/{rel}","templated":true}]}}

III Quid novi? Lösungsvorschlag

Nota bene: Auch abweichende Varianten können korrekt sein.

<hr />

<table style="width: 626px" border="0">
<tbody>
<tr>
<td style="width: 22.4167px">1.</td>
<td style="width: 576.317px">Minor läuft in die Markthalle.</td>
</tr>
<tr>
<td style="width: 22.4167px">2.</td>
<td style="width: 576.317px">Lucius steht vor dem Tempel.</td>
</tr>
<tr>
<td style="width: 22.4167px">3.</td>
<td style="width: 576.317px">Tertia kommt zu Lucius.</td>
</tr>
<tr>
<td style="width: 22.4167px">4.</td>
<td style="width: 576.317px">Tertia steht bei Lucius.</td>
</tr>
<tr>
<td style="width: 22.4167px">5.</td>
<td style="width: 576.317px">Der Vater läuft auf den Berg.</td>
</tr>
</tbody>
</table>

<p>Nota bene: Auch abweichende Varianten können korrekt sein.</p>
<hr />
<table style="width: 626px">
<tbody>
<tr>
<td style="width: 22.4167px">1.</td>
<td style="width: 576.317px">Minor läuft in die Markthalle.</td>
</tr>
<tr>
<td style="width: 22.4167px">2.</td>
<td style="width: 576.317px">Lucius steht vor dem Tempel.</td>
</tr>
<tr>
<td style="width: 22.4167px">3.</td>
<td style="width: 576.317px">Tertia kommt zu Lucius.</td>
</tr>
<tr>
<td style="width: 22.4167px">4.</td>
<td style="width: 576.317px">Tertia steht bei Lucius.</td>
</tr>
<tr>
<td style="width: 22.4167px">5.</td>
<td style="width: 576.317px">Der Vater läuft auf den Berg.</td>
</tr>
</tbody>
</table>
