{"id":1004,"date":"2022-02-16T11:42:05","date_gmt":"2022-02-16T10:42:05","guid":{"rendered":"https:\/\/dlf.uzh.ch\/openbooks\/amor\/?post_type=chapter&#038;p=1004"},"modified":"2022-08-07T13:11:52","modified_gmt":"2022-08-07T11:11:52","slug":"der-zankapfel","status":"publish","type":"chapter","link":"https:\/\/dlf.uzh.ch\/openbooks\/amor\/chapter\/der-zankapfel\/","title":{"raw":"Der Zankapfel","rendered":"Der Zankapfel"},"content":{"raw":"<p style=\"text-align: justify\"><em>Der trojanische K\u00f6nig Priamus und seine Frau Hecuba erwarteten ein Kind. Doch die Vorfreude wurde j\u00e4h getr\u00fcbt, als Hecuba einen beunruhigenden Traum hatte: Sie tr\u00e4umte, sie geb\u00e4re eine brennende Fackel, die Troja zerst\u00f6re.<\/em><\/p>\r\n\r\n\r\n<hr \/>\r\n<p style=\"text-align: justify\">Priamus dixit: \u00abRex Troiae sum. Urbem servare debeo.\u00bb Ubi <em>natus est<\/em> Paris, mater valde timuit. Priamus pater, quamquam filium amavit, Paridem <em>exponere<\/em> decrevit. Dum mater flet, pater filium abstulit et <em>pastori<\/em> dedit.<\/p>\r\n\r\n\r\n<hr \/>\r\n<p style=\"text-align: justify\"><em>Der Hirte aber brachte es nicht \u00fcbers Herz, das Baby sterben zu lassen, und behielt es bei sich. So wuchs Paris inkognito als Hirtenjunge auf.<\/em><\/p>\r\n<p style=\"text-align: justify\"><em>Als viele Jahre sp\u00e4ter Peleus, der K\u00f6nig der Myrmidonen, Thetis heiratete, wurden zur Hochzeit alle G\u00f6tter und G\u00f6ttinnen eingeladen ausser Eris, der G\u00f6ttin der Zwietracht. In ihrem Zorn warf sie einen goldenen Apfel unter die weiblichen G\u00e4ste, auf dem \u00abf\u00fcr die Sch\u00f6nste\u00bb stand. Er blieb zu F\u00fcssen der drei h\u00f6chsten G\u00f6ttinnen Iuno, Minerva und Venus liegen, die sofort darum zu streiten begannen.<\/em><\/p>\r\n\r\n\r\n<hr \/>\r\n<p style=\"text-align: justify\">Peleus, quia noluit rem <em>corrumpere<\/em> diem, <em>malum<\/em> <em>sustulit<\/em> et oravit: \u00abO rex deorum hominumque et omnium rerum, ades mihi et <em>litem<\/em> decerne!\u00bb Iuppiter autem <em>litem<\/em> decernere noluit. Itaque deas in montes ire iussit, ubi Paris <em>meridie<\/em> in umbr\u0101 sedebat et <em>oves pascebat<\/em>. Iuvenis oculos <em>sustulit<\/em>, <span style=\"color: #0000ff\">tres<\/span> deas vidit. Non f\u016bgit, quamquam speciem earum timuit. Iuno dea <em>malum<\/em> aureum Paridi dedit rogavitque: \u00abQuis nostrum est <span style=\"color: #0000ff\">pulcherrima<\/span>?\u00bb Paris decernere noluit, quia iram dearum timuit.<\/p>\r\n\u00abSi mihi\u00bb, inquit Iuno, \u00abdas <em>malum, <\/em>te <em>regem reddam<\/em>.\u00bb\r\n<p style=\"text-align: justify\">Minerva autem dixit: \u00abMihi <em>malum<\/em> dare debes, quia maximam tibi <em>dabo<\/em> <span style=\"color: #0000ff\">sapientiam<\/span>.\u00bb<\/p>\r\n\u00abSi <span style=\"color: #0000ff\">pulcherrimam<\/span> omnium <em>virginum<\/em> vis, da mihi <em>malum<\/em>\u00bb, dixit Venus.\r\n\r\nParis <em>malum<\/em> tandem dedit Veneri.\r\n\r\n<hr \/>\r\n\r\n<h2>Wortangaben<\/h2>\r\n<p style=\"text-align: justify\"><i><span>corrumpere\u00a0<\/span><\/i><span style=\"font-size: 1em\">verderben \u2014 <\/span><i style=\"font-size: 1em\">dabo<\/i><span style=\"font-size: 1em\"> ich werde geben <\/span><i style=\"font-size: 1em\">\u2014 exponere<\/i><span style=\"font-size: 1em\"> aussetzen \u2014<\/span><span style=\"font-size: 1em\">\u00a0<\/span><i style=\"font-size: 1em\">lis, litis m<\/i><span style=\"font-size: 1em\"> der Streit \u2014 <\/span><i style=\"font-size: 1em\">malum <\/i>der <span style=\"font-size: 1em\">Apfel \u2014 <\/span><i style=\"font-size: 1em\">meridies, meridiei m <\/i>der <span style=\"font-size: 1em\">Mittag \u2014 <\/span><i style=\"font-size: 1em\">natus est<\/i><span style=\"font-size: 1em\"> er wurde geboren \u2014 <\/span><i style=\"font-size: 1em\">oves pascere<\/i><span style=\"font-size: 1em\"> die Schafe h\u00fcten <span>\u2014 <\/span><i>pastor, pastoris m<\/i><span> der Hirte <\/span>\u2014<\/span><span style=\"font-size: 1em\">\u00a0<\/span><i style=\"font-size: 1em\">regem reddam<\/i><span style=\"font-size: 1em\"> ich werde zum K\u00f6nig machen <span>\u2014<\/span><span>\u00a0<\/span><\/span><span style=\"font-size: 1em\"><span style=\"font-size: 1em\"><em>tollere, tollo, sustuli<\/em> (auf)heben <span>\u2014<\/span><span>\u00a0<\/span><i><\/i><em>virgo, virginis f<\/em> die junge Frau<\/span><\/span><\/p>\r\n\r\n\r\n<hr \/>\r\n\r\n<h2>Eigennamen<\/h2>\r\n<div>\r\n<div>\r\n\r\n<span><span><em>Iuno<\/em>, <em>Iunonis<\/em> \u2014 <em>Paris<\/em>, <em>Paridis<\/em> \u2014 <em>Venus<\/em>, <em>Veneris<\/em><\/span><\/span>\r\n\r\n<hr \/>\r\n\r\n<\/div>\r\n<div><a href=\"https:\/\/dlf.uzh.ch\/openbooks\/amor\/part\/xi-der-zankapfel-auxilium\/\">Gib mir Tipps!<\/a><\/div>\r\n<\/div>\r\n<div><\/div>","rendered":"<p style=\"text-align: justify\"><em>Der trojanische K\u00f6nig Priamus und seine Frau Hecuba erwarteten ein Kind. Doch die Vorfreude wurde j\u00e4h getr\u00fcbt, als Hecuba einen beunruhigenden Traum hatte: Sie tr\u00e4umte, sie geb\u00e4re eine brennende Fackel, die Troja zerst\u00f6re.<\/em><\/p>\n<hr \/>\n<p style=\"text-align: justify\">Priamus dixit: \u00abRex Troiae sum. Urbem servare debeo.\u00bb Ubi <em>natus est<\/em> Paris, mater valde timuit. Priamus pater, quamquam filium amavit, Paridem <em>exponere<\/em> decrevit. Dum mater flet, pater filium abstulit et <em>pastori<\/em> dedit.<\/p>\n<hr \/>\n<p style=\"text-align: justify\"><em>Der Hirte aber brachte es nicht \u00fcbers Herz, das Baby sterben zu lassen, und behielt es bei sich. So wuchs Paris inkognito als Hirtenjunge auf.<\/em><\/p>\n<p style=\"text-align: justify\"><em>Als viele Jahre sp\u00e4ter Peleus, der K\u00f6nig der Myrmidonen, Thetis heiratete, wurden zur Hochzeit alle G\u00f6tter und G\u00f6ttinnen eingeladen ausser Eris, der G\u00f6ttin der Zwietracht. In ihrem Zorn warf sie einen goldenen Apfel unter die weiblichen G\u00e4ste, auf dem \u00abf\u00fcr die Sch\u00f6nste\u00bb stand. Er blieb zu F\u00fcssen der drei h\u00f6chsten G\u00f6ttinnen Iuno, Minerva und Venus liegen, die sofort darum zu streiten begannen.<\/em><\/p>\n<hr \/>\n<p style=\"text-align: justify\">Peleus, quia noluit rem <em>corrumpere<\/em> diem, <em>malum<\/em> <em>sustulit<\/em> et oravit: \u00abO rex deorum hominumque et omnium rerum, ades mihi et <em>litem<\/em> decerne!\u00bb Iuppiter autem <em>litem<\/em> decernere noluit. Itaque deas in montes ire iussit, ubi Paris <em>meridie<\/em> in umbr\u0101 sedebat et <em>oves pascebat<\/em>. Iuvenis oculos <em>sustulit<\/em>, <span style=\"color: #0000ff\">tres<\/span> deas vidit. Non f\u016bgit, quamquam speciem earum timuit. Iuno dea <em>malum<\/em> aureum Paridi dedit rogavitque: \u00abQuis nostrum est <span style=\"color: #0000ff\">pulcherrima<\/span>?\u00bb Paris decernere noluit, quia iram dearum timuit.<\/p>\n<p>\u00abSi mihi\u00bb, inquit Iuno, \u00abdas <em>malum, <\/em>te <em>regem reddam<\/em>.\u00bb<\/p>\n<p style=\"text-align: justify\">Minerva autem dixit: \u00abMihi <em>malum<\/em> dare debes, quia maximam tibi <em>dabo<\/em> <span style=\"color: #0000ff\">sapientiam<\/span>.\u00bb<\/p>\n<p>\u00abSi <span style=\"color: #0000ff\">pulcherrimam<\/span> omnium <em>virginum<\/em> vis, da mihi <em>malum<\/em>\u00bb, dixit Venus.<\/p>\n<p>Paris <em>malum<\/em> tandem dedit Veneri.<\/p>\n<hr \/>\n<h2>Wortangaben<\/h2>\n<p style=\"text-align: justify\"><i><span>corrumpere\u00a0<\/span><\/i><span style=\"font-size: 1em\">verderben \u2014 <\/span><i style=\"font-size: 1em\">dabo<\/i><span style=\"font-size: 1em\"> ich werde geben <\/span><i style=\"font-size: 1em\">\u2014 exponere<\/i><span style=\"font-size: 1em\"> aussetzen \u2014<\/span><span style=\"font-size: 1em\">\u00a0<\/span><i style=\"font-size: 1em\">lis, litis m<\/i><span style=\"font-size: 1em\"> der Streit \u2014 <\/span><i style=\"font-size: 1em\">malum <\/i>der <span style=\"font-size: 1em\">Apfel \u2014 <\/span><i style=\"font-size: 1em\">meridies, meridiei m <\/i>der <span style=\"font-size: 1em\">Mittag \u2014 <\/span><i style=\"font-size: 1em\">natus est<\/i><span style=\"font-size: 1em\"> er wurde geboren \u2014 <\/span><i style=\"font-size: 1em\">oves pascere<\/i><span style=\"font-size: 1em\"> die Schafe h\u00fcten <span>\u2014 <\/span><i>pastor, pastoris m<\/i><span> der Hirte <\/span>\u2014<\/span><span style=\"font-size: 1em\">\u00a0<\/span><i style=\"font-size: 1em\">regem reddam<\/i><span style=\"font-size: 1em\"> ich werde zum K\u00f6nig machen <span>\u2014<\/span><span>\u00a0<\/span><\/span><span style=\"font-size: 1em\"><span style=\"font-size: 1em\"><em>tollere, tollo, sustuli<\/em> (auf)heben <span>\u2014<\/span><span>\u00a0<\/span><i><\/i><em>virgo, virginis f<\/em> die junge Frau<\/span><\/span><\/p>\n<hr \/>\n<h2>Eigennamen<\/h2>\n<div>\n<div>\n<p><span><span><em>Iuno<\/em>, <em>Iunonis<\/em> \u2014 <em>Paris<\/em>, <em>Paridis<\/em> \u2014 <em>Venus<\/em>, <em>Veneris<\/em><\/span><\/span><\/p>\n<hr \/>\n<\/div>\n<div><a href=\"https:\/\/dlf.uzh.ch\/openbooks\/amor\/part\/xi-der-zankapfel-auxilium\/\">Gib mir Tipps!<\/a><\/div>\n<\/div>\n<div><\/div>\n","protected":false},"author":700,"menu_order":3,"template":"","meta":{"pb_show_title":"on","pb_short_title":"","pb_subtitle":"","pb_authors":[],"pb_section_license":""},"chapter-type":[],"contributor":[],"license":[],"class_list":["post-1004","chapter","type-chapter","status-publish","hentry"],"part":968,"_links":{"self":[{"href":"https:\/\/dlf.uzh.ch\/openbooks\/amor\/wp-json\/pressbooks\/v2\/chapters\/1004"}],"collection":[{"href":"https:\/\/dlf.uzh.ch\/openbooks\/amor\/wp-json\/pressbooks\/v2\/chapters"}],"about":[{"href":"https:\/\/dlf.uzh.ch\/openbooks\/amor\/wp-json\/wp\/v2\/types\/chapter"}],"author":[{"embeddable":true,"href":"https:\/\/dlf.uzh.ch\/openbooks\/amor\/wp-json\/wp\/v2\/users\/700"}],"version-history":[{"count":17,"href":"https:\/\/dlf.uzh.ch\/openbooks\/amor\/wp-json\/pressbooks\/v2\/chapters\/1004\/revisions"}],"predecessor-version":[{"id":4178,"href":"https:\/\/dlf.uzh.ch\/openbooks\/amor\/wp-json\/pressbooks\/v2\/chapters\/1004\/revisions\/4178"}],"part":[{"href":"https:\/\/dlf.uzh.ch\/openbooks\/amor\/wp-json\/pressbooks\/v2\/parts\/968"}],"metadata":[{"href":"https:\/\/dlf.uzh.ch\/openbooks\/amor\/wp-json\/pressbooks\/v2\/chapters\/1004\/metadata\/"}],"wp:attachment":[{"href":"https:\/\/dlf.uzh.ch\/openbooks\/amor\/wp-json\/wp\/v2\/media?parent=1004"}],"wp:term":[{"taxonomy":"chapter-type","embeddable":true,"href":"https:\/\/dlf.uzh.ch\/openbooks\/amor\/wp-json\/pressbooks\/v2\/chapter-type?post=1004"},{"taxonomy":"contributor","embeddable":true,"href":"https:\/\/dlf.uzh.ch\/openbooks\/amor\/wp-json\/wp\/v2\/contributor?post=1004"},{"taxonomy":"license","embeddable":true,"href":"https:\/\/dlf.uzh.ch\/openbooks\/amor\/wp-json\/wp\/v2\/license?post=1004"}],"curies":[{"name":"wp","href":"https:\/\/api.w.org\/{rel}","templated":true}]}}

<p style="text-align: justify"><em>Der trojanische König Priamus und seine Frau Hecuba erwarteten ein Kind. Doch die Vorfreude wurde jäh getrübt, als Hecuba einen beunruhigenden Traum hatte: Sie träumte, sie gebäre eine brennende Fackel, die Troja zerstöre.</em></p>


<hr />
<p style="text-align: justify">Priamus dixit: «Rex Troiae sum. Urbem servare debeo.» Ubi <em>natus est</em> Paris, mater valde timuit. Priamus pater, quamquam filium amavit, Paridem <em>exponere</em> decrevit. Dum mater flet, pater filium abstulit et <em>pastori</em> dedit.</p>


<hr />
<p style="text-align: justify"><em>Der Hirte aber brachte es nicht übers Herz, das Baby sterben zu lassen, und behielt es bei sich. So wuchs Paris inkognito als Hirtenjunge auf.</em></p>
<p style="text-align: justify"><em>Als viele Jahre später Peleus, der König der Myrmidonen, Thetis heiratete, wurden zur Hochzeit alle Götter und Göttinnen eingeladen ausser Eris, der Göttin der Zwietracht. In ihrem Zorn warf sie einen goldenen Apfel unter die weiblichen Gäste, auf dem «für die Schönste» stand. Er blieb zu Füssen der drei höchsten Göttinnen Iuno, Minerva und Venus liegen, die sofort darum zu streiten begannen.</em></p>


<hr />
<p style="text-align: justify">Peleus, quia noluit rem <em>corrumpere</em> diem, <em>malum</em> <em>sustulit</em> et oravit: «O rex deorum hominumque et omnium rerum, ades mihi et <em>litem</em> decerne!» Iuppiter autem <em>litem</em> decernere noluit. Itaque deas in montes ire iussit, ubi Paris <em>meridie</em> in umbrā sedebat et <em>oves pascebat</em>. Iuvenis oculos <em>sustulit</em>, <span style="color: #0000ff">tres</span> deas vidit. Non fūgit, quamquam speciem earum timuit. Iuno dea <em>malum</em> aureum Paridi dedit rogavitque: «Quis nostrum est <span style="color: #0000ff">pulcherrima</span>?» Paris decernere noluit, quia iram dearum timuit.</p>
«Si mihi», inquit Iuno, «das <em>malum, </em>te <em>regem reddam</em>.»
<p style="text-align: justify">Minerva autem dixit: «Mihi <em>malum</em> dare debes, quia maximam tibi <em>dabo</em> <span style="color: #0000ff">sapientiam</span>.»</p>
«Si <span style="color: #0000ff">pulcherrimam</span> omnium <em>virginum</em> vis, da mihi <em>malum</em>», dixit Venus.

Paris <em>malum</em> tandem dedit Veneri.

<hr />

<h2>Wortangaben</h2>
<p style="text-align: justify"><i><span>corrumpere </span></i><span style="font-size: 1em">verderben — </span><i style="font-size: 1em">dabo</i><span style="font-size: 1em"> ich werde geben </span><i style="font-size: 1em">— exponere</i><span style="font-size: 1em"> aussetzen —</span><span style="font-size: 1em"> </span><i style="font-size: 1em">lis, litis m</i><span style="font-size: 1em"> der Streit — </span><i style="font-size: 1em">malum </i>der <span style="font-size: 1em">Apfel — </span><i style="font-size: 1em">meridies, meridiei m </i>der <span style="font-size: 1em">Mittag — </span><i style="font-size: 1em">natus est</i><span style="font-size: 1em"> er wurde geboren — </span><i style="font-size: 1em">oves pascere</i><span style="font-size: 1em"> die Schafe hüten <span>— </span><i>pastor, pastoris m</i><span> der Hirte </span>—</span><span style="font-size: 1em"> </span><i style="font-size: 1em">regem reddam</i><span style="font-size: 1em"> ich werde zum König machen <span>—</span><span> </span></span><span style="font-size: 1em"><span style="font-size: 1em"><em>tollere, tollo, sustuli</em> (auf)heben <span>—</span><span> </span><i></i><em>virgo, virginis f</em> die junge Frau</span></span></p>


<hr />

<h2>Eigennamen</h2>
<div>
<div>

<span><span><em>Iuno</em>, <em>Iunonis</em> — <em>Paris</em>, <em>Paridis</em> — <em>Venus</em>, <em>Veneris</em></span></span>

<hr />

</div>
<div><a href="https://dlf.uzh.ch/openbooks/amor/part/xi-der-zankapfel-auxilium/">Gib mir Tipps!</a></div>
</div>
<div></div>

<p style="text-align: justify"><em>Der trojanische König Priamus und seine Frau Hecuba erwarteten ein Kind. Doch die Vorfreude wurde jäh getrübt, als Hecuba einen beunruhigenden Traum hatte: Sie träumte, sie gebäre eine brennende Fackel, die Troja zerstöre.</em></p>
<hr />
<p style="text-align: justify">Priamus dixit: «Rex Troiae sum. Urbem servare debeo.» Ubi <em>natus est</em> Paris, mater valde timuit. Priamus pater, quamquam filium amavit, Paridem <em>exponere</em> decrevit. Dum mater flet, pater filium abstulit et <em>pastori</em> dedit.</p>
<hr />
<p style="text-align: justify"><em>Der Hirte aber brachte es nicht übers Herz, das Baby sterben zu lassen, und behielt es bei sich. So wuchs Paris inkognito als Hirtenjunge auf.</em></p>
<p style="text-align: justify"><em>Als viele Jahre später Peleus, der König der Myrmidonen, Thetis heiratete, wurden zur Hochzeit alle Götter und Göttinnen eingeladen ausser Eris, der Göttin der Zwietracht. In ihrem Zorn warf sie einen goldenen Apfel unter die weiblichen Gäste, auf dem «für die Schönste» stand. Er blieb zu Füssen der drei höchsten Göttinnen Iuno, Minerva und Venus liegen, die sofort darum zu streiten begannen.</em></p>
<hr />
<p style="text-align: justify">Peleus, quia noluit rem <em>corrumpere</em> diem, <em>malum</em> <em>sustulit</em> et oravit: «O rex deorum hominumque et omnium rerum, ades mihi et <em>litem</em> decerne!» Iuppiter autem <em>litem</em> decernere noluit. Itaque deas in montes ire iussit, ubi Paris <em>meridie</em> in umbrā sedebat et <em>oves pascebat</em>. Iuvenis oculos <em>sustulit</em>, <span style="color: #0000ff">tres</span> deas vidit. Non fūgit, quamquam speciem earum timuit. Iuno dea <em>malum</em> aureum Paridi dedit rogavitque: «Quis nostrum est <span style="color: #0000ff">pulcherrima</span>?» Paris decernere noluit, quia iram dearum timuit.</p>
<p>«Si mihi», inquit Iuno, «das <em>malum, </em>te <em>regem reddam</em>.»</p>
<p style="text-align: justify">Minerva autem dixit: «Mihi <em>malum</em> dare debes, quia maximam tibi <em>dabo</em> <span style="color: #0000ff">sapientiam</span>.»</p>
<p>«Si <span style="color: #0000ff">pulcherrimam</span> omnium <em>virginum</em> vis, da mihi <em>malum</em>», dixit Venus.</p>
<p>Paris <em>malum</em> tandem dedit Veneri.</p>
<hr />
<h2>Wortangaben</h2>
<p style="text-align: justify"><i><span>corrumpere </span></i><span style="font-size: 1em">verderben — </span><i style="font-size: 1em">dabo</i><span style="font-size: 1em"> ich werde geben </span><i style="font-size: 1em">— exponere</i><span style="font-size: 1em"> aussetzen —</span><span style="font-size: 1em"> </span><i style="font-size: 1em">lis, litis m</i><span style="font-size: 1em"> der Streit — </span><i style="font-size: 1em">malum </i>der <span style="font-size: 1em">Apfel — </span><i style="font-size: 1em">meridies, meridiei m </i>der <span style="font-size: 1em">Mittag — </span><i style="font-size: 1em">natus est</i><span style="font-size: 1em"> er wurde geboren — </span><i style="font-size: 1em">oves pascere</i><span style="font-size: 1em"> die Schafe hüten <span>— </span><i>pastor, pastoris m</i><span> der Hirte </span>—</span><span style="font-size: 1em"> </span><i style="font-size: 1em">regem reddam</i><span style="font-size: 1em"> ich werde zum König machen <span>—</span><span> </span></span><span style="font-size: 1em"><span style="font-size: 1em"><em>tollere, tollo, sustuli</em> (auf)heben <span>—</span><span> </span><i></i><em>virgo, virginis f</em> die junge Frau</span></span></p>
<hr />
<h2>Eigennamen</h2>
<div>
<div>
<p><span><span><em>Iuno</em>, <em>Iunonis</em> — <em>Paris</em>, <em>Paridis</em> — <em>Venus</em>, <em>Veneris</em></span></span></p>
<hr />
</div>
<div><a href="https://dlf.uzh.ch/openbooks/amor/part/xi-der-zankapfel-auxilium/">Gib mir Tipps!</a></div>
</div>
<div></div>
